{"id":2105,"date":"2015-11-26T10:28:04","date_gmt":"2015-11-26T09:28:04","guid":{"rendered":"http:\/\/semmelweis.hu\/urologia\/?page_id=2105"},"modified":"2023-08-08T09:05:10","modified_gmt":"2023-08-08T07:05:10","slug":"peter-riesz","status":"publish","type":"page","link":"https:\/\/semmelweis.hu\/urologia\/en\/about-us\/doctors-of-the-department\/peter-riesz\/","title":{"rendered":"Peter Riesz"},"content":{"rendered":"<p><strong><a href=\"https:\/\/semmelweis.hu\/urologia\/files\/2015\/07\/RieszP.jpg\"><img loading=\"lazy\" decoding=\"async\" class=\"alignright size-medium wp-image-1711\" src=\"https:\/\/semmelweis.hu\/urologia\/files\/2015\/07\/RieszP-200x300.jpg\" alt=\"RieszP\" width=\"200\" height=\"300\" srcset=\"https:\/\/semmelweis.hu\/urologia\/files\/2015\/07\/RieszP-200x300.jpg 200w, https:\/\/semmelweis.hu\/urologia\/files\/2015\/07\/RieszP-683x1024.jpg 683w, https:\/\/semmelweis.hu\/urologia\/files\/2015\/07\/RieszP.jpg 800w\" sizes=\"auto, (max-width: 200px) 100vw, 200px\" \/><\/a>Professional data:<\/strong><br \/>\nMedical diploma: Semmelweis University, Budapest, 20. Sep. 1997. (207\/1997.)<br \/>\nPlace of work: Semmelweis University, Department of Urology<br \/>\nAddress: 1082 Budapest \u00dcll\u0151i \u00fat 78\/b<br \/>\nStart of work: 15 October 1997<\/p>\n<p><strong>Position:<\/strong> associate professor<\/p>\n<p><strong> Qualifications:<\/strong><br \/>\nSpeciality exam in urology:\u00a0 2003. (1313\/2003.)<br \/>\nEBU Examination in Urology, Part I \u2013 Written Examination: 2005.<br \/>\nPart II\u00a0 2007. (4169\/2007.)<br \/>\nSpeciality exam in clinical oncology:\u00a0 2007. (1299\/2007.)<br \/>\nSpeciality exam in andrology:\u00a0 2008. (366\/2008.)<br \/>\nPhD:\u00a0 2009. (1334\/2009.)<br \/>\nPhD thesis: New diagnostic and prognostic examinations of malignant tumors of urinary bladder<\/p>\n<p><strong>Language skills:<\/strong><br \/>\nEnglish (C Type, Budapest, 2. Jun. 2001. (002007\/2001.))<\/p>\n<p><strong>Publications<\/strong>: 75<br \/>\nAbstract: 52<br \/>\nIF: 26,133<br \/>\nIndependentent citation:\u00a0 205<br \/>\n<a href=\"https:\/\/vm.mtmt.hu\/search\/slist.php?AuthorID=10024665&amp;pr_on=\" target=\"_blank\" rel=\"noopener\">List of publications<\/a><\/p>\n<p><strong>Responsibilities:<\/strong><br \/>\nAndrology<br \/>\nUrooncology<br \/>\nFinancial of health service<br \/>\nAndrological microsurgary<br \/>\nFollow-up of patients with radical surgery<\/p>\n<p><strong>Participation on courses:<\/strong><br \/>\nEuropean School of Urology: Symposium on Renal Cancer, Budapest, 1998<br \/>\nTherapy of urological diseases, Budapest, 1999<br \/>\nPostgraduate course of the Ultrasound Section of Hungarian Urological Society, Budapest, 2000<br \/>\nCourse on urodynamics, Budapest, 2000<br \/>\nCourse on uro-oncology, Budapest, 2001<br \/>\nUrology of the elderly patient, Budapest, 2001<br \/>\nCourse on ultrasound diagnostics, Budapest, 2002<br \/>\nRegular participation (5\/year) at the resident training program of the Hungarian Urological Society<br \/>\nCourse on laparoscopical technic, P\u00e9cs, 2006<br \/>\nCourse on laparoscopical technic, Budapest, 2006<br \/>\nClinical oncology, Budapest, 2006-2007<br \/>\nESU Masterclass on Medical Oncology Barcelona, 2007<br \/>\nCourse of endourology, Paris, 2012<br \/>\nCourse of Microsurgary, Budapest 2015<\/p>\n<p><strong>Memberships:<\/strong><br \/>\nHungarian Urological Society<br \/>\nMember of EAU<br \/>\nHungarian Urooncological Society<br \/>\nHungarian Oncological Society<br \/>\nEuropean Association for Cancer Research<br \/>\nHungarian Sexualmedicine Society<br \/>\nEuropean Sexual Medicine Society<\/p>\n<p><strong>Board member<\/strong><br \/>\nBoard member of Semmelweis University Andrological Gremium (2009- )<br \/>\nBoard member of Hungarian Urological Society (2012- )<br \/>\nMember of European Board of Urology (Urological Training Programme Committee) (2011-)<br \/>\nBoard member of Semmelweis University Urological Gremium (2015- )<\/p>\n<p><strong>Member of Editorial Boards<\/strong><br \/>\nMagyar Urol\u00f3gia<br \/>\nUroonkol\u00f3gia<br \/>\nH\u00e1ziorvosi Tov\u00e1bbk\u00e9pz\u0151 Szemle<\/p>\n","protected":false},"excerpt":{"rendered":"<p><a href=\"https:\/\/semmelweis.hu\/urologia\/files\/2015\/07\/RieszP.jpg\"><\/a> Professional data: Medical diploma: Semmelweis University, Budapest, 20. Sep. 1997. (207\/1997.) Place of work: Semmelweis University, Department of Urology Address: 1082 Budapest \u00dcll\u0151i \u00fat 78\/b Start of work: 15 October 1997 Position: associate professor Qualifications: Speciality exam in urology:\u00a0 2003. (1313\/2003.) EBU Examination in Urology, Part I \u2013 Written Examination: 2005. Part II\u00a0 2007. (4169\/2007.) &hellip;<\/p>\n","protected":false},"author":316,"featured_media":0,"parent":1836,"menu_order":0,"comment_status":"closed","ping_status":"closed","template":"","meta":{"_acf_changed":false,"footnotes":""},"categories":[],"tags":[],"class_list":["post-2105","page","type-page","status-publish","hentry"],"acf":[],"_links":{"self":[{"href":"https:\/\/semmelweis.hu\/urologia\/wp-json\/wp\/v2\/pages\/2105","targetHints":{"allow":["GET"]}}],"collection":[{"href":"https:\/\/semmelweis.hu\/urologia\/wp-json\/wp\/v2\/pages"}],"about":[{"href":"https:\/\/semmelweis.hu\/urologia\/wp-json\/wp\/v2\/types\/page"}],"author":[{"embeddable":true,"href":"https:\/\/semmelweis.hu\/urologia\/wp-json\/wp\/v2\/users\/316"}],"replies":[{"embeddable":true,"href":"https:\/\/semmelweis.hu\/urologia\/wp-json\/wp\/v2\/comments?post=2105"}],"version-history":[{"count":10,"href":"https:\/\/semmelweis.hu\/urologia\/wp-json\/wp\/v2\/pages\/2105\/revisions"}],"predecessor-version":[{"id":4521,"href":"https:\/\/semmelweis.hu\/urologia\/wp-json\/wp\/v2\/pages\/2105\/revisions\/4521"}],"up":[{"embeddable":true,"href":"https:\/\/semmelweis.hu\/urologia\/wp-json\/wp\/v2\/pages\/1836"}],"wp:attachment":[{"href":"https:\/\/semmelweis.hu\/urologia\/wp-json\/wp\/v2\/media?parent=2105"}],"wp:term":[{"taxonomy":"category","embeddable":true,"href":"https:\/\/semmelweis.hu\/urologia\/wp-json\/wp\/v2\/categories?post=2105"},{"taxonomy":"post_tag","embeddable":true,"href":"https:\/\/semmelweis.hu\/urologia\/wp-json\/wp\/v2\/tags?post=2105"}],"curies":[{"name":"wp","href":"https:\/\/api.w.org\/{rel}","templated":true}]}}