{"id":1836,"date":"2015-09-15T11:39:24","date_gmt":"2015-09-15T09:39:24","guid":{"rendered":"http:\/\/semmelweis.hu\/urologia\/?page_id=1836"},"modified":"2023-08-08T08:57:27","modified_gmt":"2023-08-08T06:57:27","slug":"doctors-of-the-department","status":"publish","type":"page","link":"https:\/\/semmelweis.hu\/urologia\/en\/about-us\/doctors-of-the-department\/","title":{"rendered":"Doctors"},"content":{"rendered":"<p><a href=\"https:\/\/semmelweis.hu\/urologia\/en\/about-us\/doctors-of-the-department\/peter-nyirady\/\" target=\"_blank\" rel=\"noopener noreferrer\"><strong>Dr. P\u00e9ter Nyir\u00e1dy\u00a0<\/strong><\/a> professor, head of Urology Department<br \/>\nDr. Attila Keszthelyi associate professor &#8211; deputy general clinic director<br \/>\n<a href=\"https:\/\/semmelweis.hu\/urologia\/en\/zsolt-kopa\/\" target=\"_blank\" rel=\"noopener noreferrer\">Dr. Zsolt Kopa<\/a> associate professor<br \/>\nDr. Attila Majoros associate professor<br \/>\n<a href=\"https:\/\/semmelweis.hu\/urologia\/en\/miklos-szucs\/\" target=\"_blank\" rel=\"noopener noreferrer\">Dr. Mikl\u00f3s Sz\u0171cs<\/a> chief clinical phisican<br \/>\n<a href=\"https:\/\/semmelweis.hu\/urologia\/en\/about-us\/doctors-of-the-department\/gergely-banfi\/\" target=\"_blank\" rel=\"noopener noreferrer\">Dr. Gergely B\u00e1nfi\u00a0<\/a>senior lecturer<br \/>\n<a href=\"https:\/\/semmelweis.hu\/urologia\/en\/andras-horvath\/\" target=\"_blank\" rel=\"noopener noreferrer\">Dr. Andr\u00e1s Horv\u00e1th<\/a>\u00a0senior lecturer<br \/>\n<a href=\"https:\/\/semmelweis.hu\/urologia\/en\/peter-riesz\/\" target=\"_blank\" rel=\"noopener noreferrer\">Dr. P\u00e9ter Riesz<\/a> associate professor<br \/>\n<a href=\"https:\/\/semmelweis.hu\/urologia\/en\/attila-szendroi\/\" target=\"_blank\" rel=\"noopener noreferrer\">Dr. Attila Szendr\u0151i<\/a>\u00a0senior lecturer<br \/>\nDr. \u00c1ron B\u00e9csi clinical specialist\u00a0<br \/>\nDr. Tam\u00e1s Fazekas clinical specialist\u00a0<br \/>\n<a href=\"https:\/\/semmelweis.hu\/urologia\/en\/andras-huttl\/\" target=\"_blank\" rel=\"noopener noreferrer\">Dr. Andr\u00e1s H\u00fcttl <\/a>clinical specialist\u00a0<br \/>\nDr. D\u00e1niel Juh\u00e1sz clinical specialist\u00a0<br \/>\n<a href=\"https:\/\/semmelweis.hu\/urologia\/kubik-andras\/\" target=\"_blank\" rel=\"noopener noreferrer\">Dr. Andr\u00e1s Kubik <\/a>clinical specialist\u00a0<br \/>\nDr. Orsolya M\u00f3dos clinical specialist\u00a0<br \/>\n<a href=\"https:\/\/semmelweis.hu\/urologia\/en\/miklos-romics\/\" target=\"_blank\" rel=\"noopener noreferrer\">Dr. Mikl\u00f3s Romics<\/a> <span style=\"color: #333333;font-family: Georgia, 'Times New Roman', 'Bitstream Charter', Times, serif\">junior assistant professor<br \/>\nDr. J\u00e1nos Szalontai clinical specialist\u00a0<\/span><br \/>\nDr. Tam\u00e1s Sz\u00e9ll clinical specialist\u00a0<br \/>\n<span style=\"color: #333333;font-family: Georgia, 'Times New Roman', 'Bitstream Charter', Times, serif\">Dr. Judit Vargha clinical specialist\u00a0<\/span><\/p>\n<p><span style=\"text-decoration: underline\"><em><strong>Anesthesiologists<\/strong><\/em><\/span><br \/>\nDr. Kl\u00e1ra Ag\u00f3cs<br \/>\nDr. Erzs\u00e9bet P\u00e9nzes<br \/>\nDr. Krisztina Szab\u00f3<\/p>\n<p><strong><em><span style=\"text-decoration: underline\">Resident physicians<br \/>\n<\/span><\/em><\/strong>Dr. J\u00falia \u00c1cs<br \/>\nDr. B\u00e1lint D\u00e9r<br \/>\nDr. Kocsm\u00e1r Ildik\u00f3<br \/>\nDr. Petra Kov\u00e1cs<br \/>\nDr. P\u00e9ter Moln\u00e1r<br \/>\nDr. Dalma No\u00e9mi Nagy<br \/>\nDr. Anett Szab\u00f3<br \/>\nDr. \u00c1d\u00e1m Sz\u00e9les<br \/>\nDr. Weigert Tam\u00e1s<\/p>\n<p><strong><span style=\"text-decoration: underline\"><em>Voluntary doctors<\/em><\/span><\/strong><br \/>\n<a href=\"https:\/\/semmelweis.hu\/urologia\/en\/about-us\/doctors-of-the-department\/prof-imre-romics\/\" target=\"_blank\" rel=\"noopener noreferrer\">Dr. Imre Romics<\/a> professor<br \/>\nDr. Antal Hamvas, associate professor<br \/>\nDr. J\u00f3zsef P\u00e1novics associate professor<i><br \/>\n<\/i><a href=\"https:\/\/semmelweis.hu\/urologia\/repassy-denes\/\" target=\"_blank\" rel=\"noopener noreferrer\"><i><span style=\"text-decoration: underline\"><br \/>\n<\/span><\/i><\/a><\/p>\n","protected":false},"excerpt":{"rendered":"<p><a href=\"https:\/\/semmelweis.hu\/urologia\/en\/about-us\/doctors-of-the-department\/peter-nyirady\/\" target=\"_blank\" rel=\"noopener noreferrer\">Dr. P\u00e9ter Nyir\u00e1dy\u00a0<\/a> professor, head of Urology Department Dr. Attila Keszthelyi associate professor &#8211; deputy general clinic director <a href=\"https:\/\/semmelweis.hu\/urologia\/en\/zsolt-kopa\/\" target=\"_blank\" rel=\"noopener noreferrer\">Dr. Zsolt Kopa<\/a> associate professor Dr. Attila Majoros associate professor <a href=\"https:\/\/semmelweis.hu\/urologia\/en\/miklos-szucs\/\" target=\"_blank\" rel=\"noopener noreferrer\">Dr. Mikl\u00f3s Sz\u0171cs<\/a> chief clinical phisican <a href=\"https:\/\/semmelweis.hu\/urologia\/en\/about-us\/doctors-of-the-department\/gergely-banfi\/\" target=\"_blank\" rel=\"noopener noreferrer\">Dr. Gergely B\u00e1nfi\u00a0<\/a> senior lecturer <a href=\"https:\/\/semmelweis.hu\/urologia\/en\/andras-horvath\/\" target=\"_blank\" rel=\"noopener noreferrer\">Dr. Andr\u00e1s Horv\u00e1th<\/a> \u00a0senior lecturer <a href=\"https:\/\/semmelweis.hu\/urologia\/en\/peter-riesz\/\" target=\"_blank\" rel=\"noopener noreferrer\">Dr. P\u00e9ter Riesz<\/a> associate professor <a href=\"https:\/\/semmelweis.hu\/urologia\/en\/attila-szendroi\/\" target=\"_blank\" rel=\"noopener noreferrer\">Dr. Attila Szendr\u0151i<\/a> \u00a0senior lecturer Dr. \u00c1ron B\u00e9csi clinical specialist\u00a0 Dr. Tam\u00e1s Fazekas clinical specialist\u00a0 <a href=\"https:\/\/semmelweis.hu\/urologia\/en\/andras-huttl\/\" target=\"_blank\" rel=\"noopener noreferrer\">Dr. Andr\u00e1s H\u00fcttl <\/a> clinical specialist\u00a0 Dr. D\u00e1niel Juh\u00e1sz clinical specialist\u00a0 <a href=\"https:\/\/semmelweis.hu\/urologia\/kubik-andras\/\" target=\"_blank\" rel=\"noopener noreferrer\">Dr. Andr\u00e1s Kubik <\/a> clinical specialist\u00a0 Dr. Orsolya M\u00f3dos &hellip;<\/p>\n","protected":false},"author":316,"featured_media":0,"parent":1793,"menu_order":2,"comment_status":"closed","ping_status":"closed","template":"","meta":{"_acf_changed":false,"footnotes":""},"categories":[],"tags":[],"class_list":["post-1836","page","type-page","status-publish","hentry"],"acf":[],"_links":{"self":[{"href":"https:\/\/semmelweis.hu\/urologia\/wp-json\/wp\/v2\/pages\/1836","targetHints":{"allow":["GET"]}}],"collection":[{"href":"https:\/\/semmelweis.hu\/urologia\/wp-json\/wp\/v2\/pages"}],"about":[{"href":"https:\/\/semmelweis.hu\/urologia\/wp-json\/wp\/v2\/types\/page"}],"author":[{"embeddable":true,"href":"https:\/\/semmelweis.hu\/urologia\/wp-json\/wp\/v2\/users\/316"}],"replies":[{"embeddable":true,"href":"https:\/\/semmelweis.hu\/urologia\/wp-json\/wp\/v2\/comments?post=1836"}],"version-history":[{"count":12,"href":"https:\/\/semmelweis.hu\/urologia\/wp-json\/wp\/v2\/pages\/1836\/revisions"}],"predecessor-version":[{"id":4517,"href":"https:\/\/semmelweis.hu\/urologia\/wp-json\/wp\/v2\/pages\/1836\/revisions\/4517"}],"up":[{"embeddable":true,"href":"https:\/\/semmelweis.hu\/urologia\/wp-json\/wp\/v2\/pages\/1793"}],"wp:attachment":[{"href":"https:\/\/semmelweis.hu\/urologia\/wp-json\/wp\/v2\/media?parent=1836"}],"wp:term":[{"taxonomy":"category","embeddable":true,"href":"https:\/\/semmelweis.hu\/urologia\/wp-json\/wp\/v2\/categories?post=1836"},{"taxonomy":"post_tag","embeddable":true,"href":"https:\/\/semmelweis.hu\/urologia\/wp-json\/wp\/v2\/tags?post=1836"}],"curies":[{"name":"wp","href":"https:\/\/api.w.org\/{rel}","templated":true}]}}