{"id":1430,"date":"2015-01-09T11:03:23","date_gmt":"2015-01-09T10:03:23","guid":{"rendered":"http:\/\/semmelweis.hu\/urologia\/?page_id=1430"},"modified":"2023-05-05T10:49:49","modified_gmt":"2023-05-05T08:49:49","slug":"programok","status":"publish","type":"page","link":"https:\/\/semmelweis.hu\/urologia\/kutatasi-teruletek\/programok\/","title":{"rendered":"Tudom\u00e1nyos programok"},"content":{"rendered":"<p>Jelenleg nincs el\u00e9rhet\u0151 tudom\u00e1nyos programunk, azonban az aktu\u00e1lis tudom\u00e1nyos programokr\u00f3l a j\u00f6v\u0151ben ezen az oldalon t\u00e1j\u00e9koz\u00f3dhat.<\/p>\n<p>Az oldalt folyamatosan friss\u00edtj\u00fck.\u00a0<\/p>\n","protected":false},"excerpt":{"rendered":"<p>Jelenleg nincs el\u00e9rhet\u0151 tudom\u00e1nyos programunk, azonban az aktu\u00e1lis tudom\u00e1nyos programokr\u00f3l a j\u00f6v\u0151ben ezen az oldalon t\u00e1j\u00e9koz\u00f3dhat.<br \/>\nAz oldalt folyamatosan friss\u00edtj\u00fck.\u00a0<\/p>\n","protected":false},"author":316,"featured_media":0,"parent":13,"menu_order":4,"comment_status":"open","ping_status":"open","template":"","meta":{"_acf_changed":false,"footnotes":""},"categories":[],"tags":[],"class_list":["post-1430","page","type-page","status-publish","hentry"],"acf":[],"_links":{"self":[{"href":"https:\/\/semmelweis.hu\/urologia\/wp-json\/wp\/v2\/pages\/1430","targetHints":{"allow":["GET"]}}],"collection":[{"href":"https:\/\/semmelweis.hu\/urologia\/wp-json\/wp\/v2\/pages"}],"about":[{"href":"https:\/\/semmelweis.hu\/urologia\/wp-json\/wp\/v2\/types\/page"}],"author":[{"embeddable":true,"href":"https:\/\/semmelweis.hu\/urologia\/wp-json\/wp\/v2\/users\/316"}],"replies":[{"embeddable":true,"href":"https:\/\/semmelweis.hu\/urologia\/wp-json\/wp\/v2\/comments?post=1430"}],"version-history":[{"count":11,"href":"https:\/\/semmelweis.hu\/urologia\/wp-json\/wp\/v2\/pages\/1430\/revisions"}],"predecessor-version":[{"id":4144,"href":"https:\/\/semmelweis.hu\/urologia\/wp-json\/wp\/v2\/pages\/1430\/revisions\/4144"}],"up":[{"embeddable":true,"href":"https:\/\/semmelweis.hu\/urologia\/wp-json\/wp\/v2\/pages\/13"}],"wp:attachment":[{"href":"https:\/\/semmelweis.hu\/urologia\/wp-json\/wp\/v2\/media?parent=1430"}],"wp:term":[{"taxonomy":"category","embeddable":true,"href":"https:\/\/semmelweis.hu\/urologia\/wp-json\/wp\/v2\/categories?post=1430"},{"taxonomy":"post_tag","embeddable":true,"href":"https:\/\/semmelweis.hu\/urologia\/wp-json\/wp\/v2\/tags?post=1430"}],"curies":[{"name":"wp","href":"https:\/\/api.w.org\/{rel}","templated":true}]}}