{"id":1273,"date":"2014-11-19T08:50:59","date_gmt":"2014-11-19T07:50:59","guid":{"rendered":"http:\/\/semmelweis.hu\/urologia\/?page_id=1273"},"modified":"2022-05-10T14:34:12","modified_gmt":"2022-05-10T12:34:12","slug":"kubik-andras","status":"publish","type":"page","link":"https:\/\/semmelweis.hu\/urologia\/altalanos-informaciok\/a-klinika-orvosai\/kubik-andras\/","title":{"rendered":"Kubik Andr\u00e1s"},"content":{"rendered":"<p><a href=\"https:\/\/semmelweis.hu\/urologia\/files\/2015\/07\/KubikA.jpg\"><img loading=\"lazy\" decoding=\"async\" class=\"alignright size-medium wp-image-1706\" src=\"https:\/\/semmelweis.hu\/urologia\/files\/2015\/07\/KubikA-200x300.jpg\" alt=\"KubikA\" width=\"200\" height=\"300\" srcset=\"https:\/\/semmelweis.hu\/urologia\/files\/2015\/07\/KubikA-200x300.jpg 200w, https:\/\/semmelweis.hu\/urologia\/files\/2015\/07\/KubikA-683x1024.jpg 683w, https:\/\/semmelweis.hu\/urologia\/files\/2015\/07\/KubikA.jpg 800w\" sizes=\"auto, (max-width: 200px) 100vw, 200px\" \/><\/a>1986-ban sz\u00fcletett Tat\u00e1n, \u00e9s a T\u00e1ncsics Mih\u00e1ly Gimn\u00e1ziumban \u00e9retts\u00e9gizett 2005-ben. \u00c1ltal\u00e1nos orvosdoktori diplom\u00e1t a Semmelweis Orvostudom\u00e1nyi Egyetemen, k\u00f6zgazd\u00e1sz szakk\u00e9pzetts\u00e9get a Budapesti Kommunik\u00e1ci\u00f3s \u00e9s \u00dczleti F\u0151iskol\u00e1n szerzett 2012-ben. 2012 \u00f3ta a Semmelweis Egyetem Urol\u00f3giai Klinik\u00e1j\u00e1n dolgozik. <br \/>\n<strong>Beoszt\u00e1sa:<\/strong> klinikai szakorvos <br \/>\n<strong>Nyelvtud\u00e1s<\/strong>: n\u00e9met, angol <br \/>\n<strong>K\u00fclf\u00f6ldi tanulm\u00e1nyutak<\/strong>: 2013.02-05. B\u00e9cs, Ausztria, Allgemeines Krankehaus, Transzplant\u00e1ci\u00f3s oszt\u00e1ly, 3 h\u00f3nap seb\u00e9szet gyakorlat (Leonardo da Vinci Rezidens Mobilit\u00e1s Program \u00f6szt\u00f6nd\u00edjas) <br \/>\n<strong>Tudom\u00e1nyos t\u00e1rsas\u00e1gi tags\u00e1g:<\/strong> Magyar Urol\u00f3gusok T\u00e1rsas\u00e1ga, Eur\u00f3pai Urol\u00f3gusok T\u00e1rsas\u00e1ga <br \/>\n<strong>Tudom\u00e1nyos \u00e9rdekl\u0151d\u00e9s:<\/strong> daganatseb\u00e9szet, androl\u00f3gia, uroonkol\u00f3gia, eg\u00e9szs\u00e9g\u00fcgyi finansz\u00edroz\u00e1s<br \/>\n<strong>Publik\u00e1ci\u00f3k:<\/strong><br \/>\n<a href=\"https:\/\/vm.mtmt.hu\/search\/slist.php?AuthorID=10035288&amp;pr_on=1\" target=\"_blank\" rel=\"noopener noreferrer\">Aktualiz\u00e1lt publik\u00e1ci\u00f3s lista nyomtathat\u00f3 v\u00e1ltozatban let\u00f6lthet\u0151<\/a><\/p>\n<p>&nbsp;<\/p>\n","protected":false},"excerpt":{"rendered":"<p><a href=\"https:\/\/semmelweis.hu\/urologia\/files\/2015\/07\/KubikA.jpg\"><\/a> 1986-ban sz\u00fcletett Tat\u00e1n, \u00e9s a T\u00e1ncsics Mih\u00e1ly Gimn\u00e1ziumban \u00e9retts\u00e9gizett 2005-ben. \u00c1ltal\u00e1nos orvosdoktori diplom\u00e1t a Semmelweis Orvostudom\u00e1nyi Egyetemen, k\u00f6zgazd\u00e1sz szakk\u00e9pzetts\u00e9get a Budapesti Kommunik\u00e1ci\u00f3s \u00e9s \u00dczleti F\u0151iskol\u00e1n szerzett 2012-ben. 2012 \u00f3ta a Semmelweis Egyetem Urol\u00f3giai Klinik\u00e1j\u00e1n dolgozik. Beoszt\u00e1sa: klinikai szakorvos Nyelvtud\u00e1s: n\u00e9met, angol K\u00fclf\u00f6ldi tanulm\u00e1nyutak: 2013.02-05. B\u00e9cs, Ausztria, Allgemeines Krankehaus, Transzplant\u00e1ci\u00f3s oszt\u00e1ly, 3 h\u00f3nap seb\u00e9szet gyakorlat (Leonardo &hellip;<\/p>\n","protected":false},"author":316,"featured_media":0,"parent":333,"menu_order":0,"comment_status":"open","ping_status":"open","template":"onecolumn-page.php","meta":{"_acf_changed":false,"footnotes":""},"categories":[],"tags":[],"class_list":["post-1273","page","type-page","status-publish","hentry"],"acf":[],"_links":{"self":[{"href":"https:\/\/semmelweis.hu\/urologia\/wp-json\/wp\/v2\/pages\/1273","targetHints":{"allow":["GET"]}}],"collection":[{"href":"https:\/\/semmelweis.hu\/urologia\/wp-json\/wp\/v2\/pages"}],"about":[{"href":"https:\/\/semmelweis.hu\/urologia\/wp-json\/wp\/v2\/types\/page"}],"author":[{"embeddable":true,"href":"https:\/\/semmelweis.hu\/urologia\/wp-json\/wp\/v2\/users\/316"}],"replies":[{"embeddable":true,"href":"https:\/\/semmelweis.hu\/urologia\/wp-json\/wp\/v2\/comments?post=1273"}],"version-history":[{"count":10,"href":"https:\/\/semmelweis.hu\/urologia\/wp-json\/wp\/v2\/pages\/1273\/revisions"}],"predecessor-version":[{"id":3104,"href":"https:\/\/semmelweis.hu\/urologia\/wp-json\/wp\/v2\/pages\/1273\/revisions\/3104"}],"up":[{"embeddable":true,"href":"https:\/\/semmelweis.hu\/urologia\/wp-json\/wp\/v2\/pages\/333"}],"wp:attachment":[{"href":"https:\/\/semmelweis.hu\/urologia\/wp-json\/wp\/v2\/media?parent=1273"}],"wp:term":[{"taxonomy":"category","embeddable":true,"href":"https:\/\/semmelweis.hu\/urologia\/wp-json\/wp\/v2\/categories?post=1273"},{"taxonomy":"post_tag","embeddable":true,"href":"https:\/\/semmelweis.hu\/urologia\/wp-json\/wp\/v2\/tags?post=1273"}],"curies":[{"name":"wp","href":"https:\/\/api.w.org\/{rel}","templated":true}]}}

Kubik András

<p><a href="https://semmelweis.hu/urologia/files/2015/07/KubikA.jpg"><img loading="lazy" decoding="async" class="alignright size-medium wp-image-1706" src="https://semmelweis.hu/urologia/files/2015/07/KubikA-200x300.jpg" alt="KubikA" width="200" height="300" srcset="https://semmelweis.hu/urologia/files/2015/07/KubikA-200x300.jpg 200w, https://semmelweis.hu/urologia/files/2015/07/KubikA-683x1024.jpg 683w, https://semmelweis.hu/urologia/files/2015/07/KubikA.jpg 800w" sizes="auto, (max-width: 200px) 100vw, 200px" /></a>1986-ban született Tatán, és a Táncsics Mihály Gimnáziumban érettségizett 2005-ben. Általános orvosdoktori diplomát a Semmelweis Orvostudományi Egyetemen, közgazdász szakképzettséget a Budapesti Kommunikációs és Üzleti Főiskolán szerzett 2012-ben. 2012 óta a Semmelweis Egyetem Urológiai Klinikáján dolgozik. <br />
<strong>Beosztása:</strong> klinikai szakorvos <br />
<strong>Nyelvtudás</strong>: német, angol <br />
<strong>Külföldi tanulmányutak</strong>: 2013.02-05. Bécs, Ausztria, Allgemeines Krankehaus, Transzplantációs osztály, 3 hónap sebészet gyakorlat (Leonardo da Vinci Rezidens Mobilitás Program ösztöndíjas) <br />
<strong>Tudományos társasági tagság:</strong> Magyar Urológusok Társasága, Európai Urológusok Társasága <br />
<strong>Tudományos érdeklődés:</strong> daganatsebészet, andrológia, uroonkológia, egészségügyi finanszírozás<br />
<strong>Publikációk:</strong><br />
<a href="https://vm.mtmt.hu/search/slist.php?AuthorID=10035288&amp;pr_on=1" target="_blank" rel="noopener noreferrer">Aktualizált publikációs lista nyomtatható változatban letölthető</a></p>
<p>&nbsp;</p>

<p><a href="https://semmelweis.hu/urologia/files/2015/07/KubikA.jpg"></a> 1986-ban született Tatán, és a Táncsics Mihály Gimnáziumban érettségizett 2005-ben. Általános orvosdoktori diplomát a Semmelweis Orvostudományi Egyetemen, közgazdász szakképzettséget a Budapesti Kommunikációs és Üzleti Főiskolán szerzett 2012-ben. 2012 óta a Semmelweis Egyetem Urológiai Klinikáján dolgozik. Beosztása: klinikai szakorvos Nyelvtudás: német, angol Külföldi tanulmányutak: 2013.02-05. Bécs, Ausztria, Allgemeines Krankehaus, Transzplantációs osztály, 3 hónap sebészet gyakorlat (Leonardo &hellip;</p>
