{"id":1170,"date":"2014-10-14T09:36:27","date_gmt":"2014-10-14T07:36:27","guid":{"rendered":"http:\/\/semmelweis.hu\/urologia\/?page_id=1170"},"modified":"2024-04-03T09:37:32","modified_gmt":"2024-04-03T07:37:32","slug":"galeria","status":"publish","type":"page","link":"https:\/\/semmelweis.hu\/urologia\/altalanos-informaciok\/galeria\/","title":{"rendered":"Gal\u00e9ria"},"content":{"rendered":"<p style=\"text-align: left\">Az Urol\u00f3gia Klinika fontosabb esem\u00e9nyeir\u0151l, kongresszusokr\u00f3l, n\u00e1lunk megfordult k\u00fclf\u00f6ldi vend\u00e9geinkr\u0151l, valamint a kit\u00fcntet\u00e9sek alkalm\u00e1b\u00f3l k\u00e9sz\u00fclt fot\u00f3k megtekinthet\u0151k \u00e9v szerinti bont\u00e1sban.<\/p>\n<ul style=\"list-style-type: square\">\n<li><a href=\"https:\/\/semmelweis.hu\/urologia\/altalanos-informaciok\/galeria\/galeria-2021\/\">Gal\u00e9ria 2021<\/a><\/li>\n<li><a href=\"https:\/\/semmelweis.hu\/urologia\/altalanos-informaciok\/galeria\/galeria-2020\/\">Gal\u00e9ria 2020<\/a><\/li>\n<li><a href=\"https:\/\/semmelweis.hu\/urologia\/altalanos-informaciok\/galeria\/galeria-2019\/\">Gal\u00e9ria 2019<\/a><\/li>\n<li><a href=\"https:\/\/semmelweis.hu\/urologia\/galeria-2018\/\">Gal\u00e9ria 2018<\/a><\/li>\n<li><a href=\"https:\/\/semmelweis.hu\/urologia\/altalanos-informaciok\/galeria\/galeria-2017\/\">Gal\u00e9ria 2017<\/a><\/li>\n<li class=\"page_item page-item-1562\"><a href=\"https:\/\/semmelweis.hu\/urologia\/altalanos-informaciok\/galeria\/galeria-2016\/\" target=\"_blank\" rel=\"noopener\">Gal\u00e9ria 2016<\/a><\/li>\n<li class=\"page_item page-item-1562\"><a href=\"https:\/\/semmelweis.hu\/urologia\/hu\/altalanos-informaciok\/galeria\/galeria-2015\/\">Gal\u00e9ria 2015<\/a><\/li>\n<li class=\"page_item page-item-1175\"><a href=\"https:\/\/semmelweis.hu\/urologia\/hu\/altalanos-informaciok\/galeria\/galeria-2014\/\">Gal\u00e9ria 2014<\/a><\/li>\n<\/ul>\n","protected":false},"excerpt":{"rendered":"<p>Az Urol\u00f3gia Klinika fontosabb esem\u00e9nyeir\u0151l, kongresszusokr\u00f3l, n\u00e1lunk megfordult k\u00fclf\u00f6ldi vend\u00e9geinkr\u0151l, valamint a kit\u00fcntet\u00e9sek alkalm\u00e1b\u00f3l k\u00e9sz\u00fclt fot\u00f3k megtekinthet\u0151k \u00e9v szerinti bont\u00e1sban.<\/p>\n<p><a href=\"https:\/\/semmelweis.hu\/urologia\/altalanos-informaciok\/galeria\/galeria-2021\/\">Gal\u00e9ria 2021<\/a><br \/>\n<a href=\"https:\/\/semmelweis.hu\/urologia\/altalanos-informaciok\/galeria\/galeria-2020\/\">Gal\u00e9ria 2020<\/a><br \/>\n<a href=\"https:\/\/semmelweis.hu\/urologia\/altalanos-informaciok\/galeria\/galeria-2019\/\">Gal\u00e9ria 2019<\/a><br \/>\n<a href=\"https:\/\/semmelweis.hu\/urologia\/galeria-2018\/\">Gal\u00e9ria 2018<\/a><br \/>\n<a href=\"https:\/\/semmelweis.hu\/urologia\/altalanos-informaciok\/galeria\/galeria-2017\/\">Gal\u00e9ria 2017<\/a><br \/>\n<a href=\"https:\/\/semmelweis.hu\/urologia\/altalanos-informaciok\/galeria\/galeria-2016\/\" target=\"_blank\" rel=\"noopener\">Gal\u00e9ria 2016<\/a><br \/>\n<a href=\"https:\/\/semmelweis.hu\/urologia\/hu\/altalanos-informaciok\/galeria\/galeria-2015\/\">Gal\u00e9ria 2015<\/a><br \/>\n<a href=\"https:\/\/semmelweis.hu\/urologia\/hu\/altalanos-informaciok\/galeria\/galeria-2014\/\">Gal\u00e9ria 2014<\/a><\/p>\n","protected":false},"author":316,"featured_media":0,"parent":10,"menu_order":6,"comment_status":"open","ping_status":"open","template":"","meta":{"_acf_changed":false,"footnotes":""},"categories":[],"tags":[],"class_list":["post-1170","page","type-page","status-publish","hentry"],"acf":[],"_links":{"self":[{"href":"https:\/\/semmelweis.hu\/urologia\/wp-json\/wp\/v2\/pages\/1170","targetHints":{"allow":["GET"]}}],"collection":[{"href":"https:\/\/semmelweis.hu\/urologia\/wp-json\/wp\/v2\/pages"}],"about":[{"href":"https:\/\/semmelweis.hu\/urologia\/wp-json\/wp\/v2\/types\/page"}],"author":[{"embeddable":true,"href":"https:\/\/semmelweis.hu\/urologia\/wp-json\/wp\/v2\/users\/316"}],"replies":[{"embeddable":true,"href":"https:\/\/semmelweis.hu\/urologia\/wp-json\/wp\/v2\/comments?post=1170"}],"version-history":[{"count":10,"href":"https:\/\/semmelweis.hu\/urologia\/wp-json\/wp\/v2\/pages\/1170\/revisions"}],"predecessor-version":[{"id":4654,"href":"https:\/\/semmelweis.hu\/urologia\/wp-json\/wp\/v2\/pages\/1170\/revisions\/4654"}],"up":[{"embeddable":true,"href":"https:\/\/semmelweis.hu\/urologia\/wp-json\/wp\/v2\/pages\/10"}],"wp:attachment":[{"href":"https:\/\/semmelweis.hu\/urologia\/wp-json\/wp\/v2\/media?parent=1170"}],"wp:term":[{"taxonomy":"category","embeddable":true,"href":"https:\/\/semmelweis.hu\/urologia\/wp-json\/wp\/v2\/categories?post=1170"},{"taxonomy":"post_tag","embeddable":true,"href":"https:\/\/semmelweis.hu\/urologia\/wp-json\/wp\/v2\/tags?post=1170"}],"curies":[{"name":"wp","href":"https:\/\/api.w.org\/{rel}","templated":true}]}}