{"id":5023,"date":"2017-12-20T08:18:22","date_gmt":"2017-12-20T07:18:22","guid":{"rendered":"http:\/\/semmelweis.hu\/ujsag\/?page_id=5023"},"modified":"2024-10-15T11:19:46","modified_gmt":"2024-10-15T09:19:46","slug":"az-ujsagrol","status":"publish","type":"page","link":"https:\/\/semmelweis.hu\/ujsag\/az-ujsagrol\/","title":{"rendered":"Az \u00fajs\u00e1gr\u00f3l"},"content":{"rendered":"<div class=\"keretes w-100\">\n<p>A Semmelweis Egyetem \u00dajs\u00e1g az egyetem munkat\u00e1rsai \u00e9s a hallgat\u00f3k sz\u00e1m\u00e1ra k\u00e9sz\u00fcl. A ny\u00e1ri id\u0151szak kiv\u00e9tel\u00e9vel havonta jelenik meg h\u00e1romezer p\u00e9ld\u00e1nyban, felel\u0151s kiad\u00f3ja az egyetem rektora, a szerkeszt\u00e9st a Kommunik\u00e1ci\u00f3s Igazgat\u00f3s\u00e1g v\u00e9gzi. A lap elk\u00e9sz\u00edt\u00e9s\u00e9t szerkeszt\u0151bizotts\u00e1g fel\u00fcgyeli, melyben az egyetem vezet\u00e9se \u00e9s minden kara k\u00e9pviselteti mag\u00e1t.<\/p>\n<\/div>\n<p style=\"text-align: center\"><a class=\"btn btn-secondary\" href=\"https:\/\/semmelweis.hu\/ujsag\/category\/friss\/\">legfrissebb sz\u00e1m<\/a><\/p>\n<h4><strong>V\u00e1rjuk a H\u00edreket!<\/strong><\/h4>\n<p>A\u00a0 <a href=\"mailto:hirek@semmelweis.hu\">hirek@semmelweis.hu<\/a> c\u00edmen v\u00e1rjuk az egyetemi egys\u00e9gek inform\u00e1ci\u00f3it (p\u00e1ly\u00e1zati \u00e9s kutat\u00e1si eredm\u00e9nyek, kit\u00fcntet\u00e9sek, az eg\u00e9szs\u00e9g\u00fcgyi ell\u00e1t\u00e1s ter\u00fclet\u00e9n ny\u00fajtott eredm\u00e9nyek, eszk\u00f6zbeszerz\u00e9sek, hallgat\u00f3i \u00e9let, oktat\u00e1si- \u00e9s sporteredm\u00e9nyek, stb.), megh\u00edv\u00f3it (konferenci\u00e1k, szakmai napok, rendezv\u00e9nyek, versenyek, stb.).<\/p>\n<h4><strong>Az \u00fajs\u00e1g feladata<\/strong><\/h4>\n<div class=\"keretes\" style=\"border: 1px solid lightgray !important;background-color: #ffff !important\">\n<p><strong>Felel\u0151s kiad\u00f3:<\/strong><br \/>\nDr. Merkely B\u00e9la rektor<\/p>\n<p><strong>A szerkeszt\u0151bizotts\u00e1g eln\u00f6ke:<\/strong><br \/>\nDr. Zelk\u00f3 Rom\u00e1na\u00a0<\/p>\n<p><strong>F\u0151szerkeszt\u0151 (Semmelweis H\u00edrek):<\/strong><br \/>\nJanicsek-Dobozi P\u00e1lma<\/p>\n<p><strong>Az \u00fajs\u00e1got szerkeszti:<\/strong><br \/>\nSzepesi Anita<br \/>\n<a href=\"mailto:szepesi.anita@semmelweis.hu\">szepesi.anita@semmelweis.hu<\/a><\/p>\n<p><strong>Szerkeszt\u0151s\u00e9g:<\/strong><br \/>\nMarketing \u00e9s Kommunik\u00e1ci\u00f3s F\u0151igazgat\u00f3s\u00e1g <br \/>\nKommunik\u00e1ci\u00f3s Igazgat\u00f3s\u00e1g<br \/>\n1085 Budapest, \u00dcll\u0151i \u00fat 26.<br \/>\n<a href=\"mailto:hirek@semmelweis.hu\">hirek@semmelweis.hu<\/a><br \/>\nTelefon: +36 1 459-1500\/55392<\/p>\n<p><em><span style=\"font-size: 1rem\">Az Orvosegyetem c\u00edm\u0171 lap jogut\u00f3dja.<\/span><\/em><\/p>\n<\/div>\n<p>A 28 oldalas kiadv\u00e1ny besz\u00e1mol az egyetem mindennapi \u00e9let\u00e9r\u0151l, a legfontosabb rendezv\u00e9nyekr\u0151l, a mindenkit \u00e9rint\u0151 k\u00f6z\u00e9rdek\u0171 inform\u00e1ci\u00f3kr\u00f3l, h\u00edrekr\u0151l. Feladata els\u0151sorban az egyetemi k\u00f6z\u00e9let t\u00f6rt\u00e9n\u00e9seinek megjelen\u00edt\u00e9se, az egyetemen sz\u00fcletett kiemelked\u0151 tudom\u00e1nyos, oktat\u00f3i, hallgat\u00f3i \u00e9s klinikumi eredm\u00e9nyek, innov\u00e1ci\u00f3k bemutat\u00e1sa, valamint az egyetemen foly\u00f3 tudom\u00e1nyos-, oktat\u00f3i &#8211; \u00e9s gy\u00f3gy\u00edt\u00f3 munka n\u00e9pszer\u0171s\u00edt\u00e9se. <span style=\"font-size: 1rem\">Az \u00fajs\u00e1gban esetenk\u00e9nt k\u00e9priport is helyet kap, amelynek c\u00e9lja, hogy a nagy m\u00e9ret\u0171 fot\u00f3k seg\u00edts\u00e9g\u00e9vel egy-egy t\u00e9m\u00e1t m\u00e9g k\u00f6zelebb hozzon az olvas\u00f3khoz.<\/span><\/p>\n<p>A lap folyamatosan nyomon k\u00f6veti az egyetemen elnyert uni\u00f3s p\u00e1ly\u00e1zatok lebonyol\u00edt\u00e1s\u00e1t \u00e9s az int\u00e9zm\u00e9nyi fejleszt\u00e9seket, emellett interj\u00fakban mutatjuk be az egyetem egys\u00e9geinek vezet\u0151it, szakdolgoz\u00f3it, valamint a kiv\u00e1l\u00f3 eredm\u00e9nyt el\u00e9rt hallgat\u00f3kat.<\/p>\n<p>Minden h\u00f3napban egy oldalon szerepelnek az egyetem kihelyezett k\u00e9pz\u00e9se, az Asklepios Campus Hamburg n\u00e9met nyelv\u0171 h\u00edrei, tov\u00e1bb\u00e1 egy angol nyelv\u0171 h\u00edroldal, ahol els\u0151sorban a nemzetk\u00f6zi kapcsolatokr\u00f3l sz\u00f3l\u00f3 besz\u00e1mol\u00f3k kapnak helyet.\u00a0<\/p>\n<p><a href=\"https:\/\/semmelweis.hu\/ujsag\/files\/2017\/12\/RS8058_20131111-IMG_6006-SE-nyilt-nap-net-scr.jpg\"><img loading=\"lazy\" decoding=\"async\" class=\"aligncenter size-full wp-image-5095\" src=\"https:\/\/semmelweis.hu\/ujsag\/files\/2017\/12\/RS8058_20131111-IMG_6006-SE-nyilt-nap-net-scr.jpg\" alt=\"\" width=\"950\" height=\"633\" srcset=\"https:\/\/semmelweis.hu\/ujsag\/files\/2017\/12\/RS8058_20131111-IMG_6006-SE-nyilt-nap-net-scr.jpg 950w, https:\/\/semmelweis.hu\/ujsag\/files\/2017\/12\/RS8058_20131111-IMG_6006-SE-nyilt-nap-net-scr-300x200.jpg 300w, https:\/\/semmelweis.hu\/ujsag\/files\/2017\/12\/RS8058_20131111-IMG_6006-SE-nyilt-nap-net-scr-768x512.jpg 768w, https:\/\/semmelweis.hu\/ujsag\/files\/2017\/12\/RS8058_20131111-IMG_6006-SE-nyilt-nap-net-scr-450x300.jpg 450w\" sizes=\"auto, (max-width: 950px) 100vw, 950px\" \/><\/a><\/p>\n","protected":false},"excerpt":{"rendered":"<p>A Semmelweis Egyetem \u00dajs\u00e1g az egyetem munkat\u00e1rsai \u00e9s a hallgat\u00f3k sz\u00e1m\u00e1ra k\u00e9sz\u00fcl. A ny\u00e1ri id\u0151szak kiv\u00e9tel\u00e9vel havonta jelenik meg h\u00e1romezer p\u00e9ld\u00e1nyban, felel\u0151s kiad\u00f3ja az egyetem rektora, a szerkeszt\u00e9st a Kommunik\u00e1ci\u00f3s Igazgat\u00f3s\u00e1g v\u00e9gzi. A lap elk\u00e9sz\u00edt\u00e9s\u00e9t szerkeszt\u0151bizotts\u00e1g fel\u00fcgyeli, melyben az egyetem vezet\u00e9se \u00e9s minden kara k\u00e9pviselteti mag\u00e1t. <a class=\"btn btn-secondary\" href=\"https:\/\/semmelweis.hu\/ujsag\/category\/friss\/\">legfrissebb sz\u00e1m<\/a> V\u00e1rjuk a H\u00edreket! A\u00a0 <a href=\"mailto:hirek@semmelweis.hu\">hirek@semmelweis.hu<\/a> c\u00edmen v\u00e1rjuk az egyetemi egys\u00e9gek &hellip;<\/p>\n","protected":false},"author":12,"featured_media":0,"parent":0,"menu_order":0,"comment_status":"closed","ping_status":"closed","template":"template-fullwidth.php","meta":{"_acf_changed":false,"footnotes":""},"categories":[],"tags":[],"class_list":["post-5023","page","type-page","status-publish","hentry"],"acf":[],"_links":{"self":[{"href":"https:\/\/semmelweis.hu\/ujsag\/wp-json\/wp\/v2\/pages\/5023","targetHints":{"allow":["GET"]}}],"collection":[{"href":"https:\/\/semmelweis.hu\/ujsag\/wp-json\/wp\/v2\/pages"}],"about":[{"href":"https:\/\/semmelweis.hu\/ujsag\/wp-json\/wp\/v2\/types\/page"}],"author":[{"embeddable":true,"href":"https:\/\/semmelweis.hu\/ujsag\/wp-json\/wp\/v2\/users\/12"}],"replies":[{"embeddable":true,"href":"https:\/\/semmelweis.hu\/ujsag\/wp-json\/wp\/v2\/comments?post=5023"}],"version-history":[{"count":10,"href":"https:\/\/semmelweis.hu\/ujsag\/wp-json\/wp\/v2\/pages\/5023\/revisions"}],"predecessor-version":[{"id":5835,"href":"https:\/\/semmelweis.hu\/ujsag\/wp-json\/wp\/v2\/pages\/5023\/revisions\/5835"}],"wp:attachment":[{"href":"https:\/\/semmelweis.hu\/ujsag\/wp-json\/wp\/v2\/media?parent=5023"}],"wp:term":[{"taxonomy":"category","embeddable":true,"href":"https:\/\/semmelweis.hu\/ujsag\/wp-json\/wp\/v2\/categories?post=5023"},{"taxonomy":"post_tag","embeddable":true,"href":"https:\/\/semmelweis.hu\/ujsag\/wp-json\/wp\/v2\/tags?post=5023"}],"curies":[{"name":"wp","href":"https:\/\/api.w.org\/{rel}","templated":true}]}}