{"id":9321,"date":"2023-09-07T10:23:32","date_gmt":"2023-09-07T08:23:32","guid":{"rendered":"https:\/\/semmelweis.hu\/tuzoltoklinika\/?page_id=9321"},"modified":"2025-02-06T12:58:19","modified_gmt":"2025-02-06T11:58:19","slug":"gyogymasszazs-2","status":"publish","type":"page","link":"https:\/\/semmelweis.hu\/tuzoltoklinika\/gyogymasszazs-2\/","title":{"rendered":"Gy\u00f3gymassz\u00e1zs"},"content":{"rendered":"<p style=\"text-align: center\"><strong>\u00c1ltal\u00e1nos t\u00e1j\u00e9koztat\u00f3 a gy\u00f3gymassz\u00e1zs ig\u00e9nybev\u00e9tel\u00e9nek felt\u00e9teleir\u0151l<\/strong><\/p>\n<p><strong>1. Gyermekek sz\u00e1m\u00e1ra<\/strong><\/p>\n<ul>\n<li style=\"text-align: justify\"><strong><u>Gyermekek<\/u><\/strong> r\u00e9sz\u00e9re az ell\u00e1t\u00e1s ig\u00e9nybev\u00e9tele diagn\u00f3zis alapj\u00e1n, kiz\u00e1r\u00f3lag szakorvos \u00e9s gy\u00f3gytorn\u00e1sz javaslata alapj\u00e1n lehets\u00e9ges. Gy\u00f3gymassz\u00e1zs kezel\u00e9sre csak a Semmelweis Egyetem Gyermekgy\u00f3gy\u00e1szati Klinik\u00e1j\u00e1r\u00f3l j\u00f6hetnek betegek.<\/li>\n<li style=\"text-align: justify\">Az ell\u00e1t\u00e1s ig\u00e9nybev\u00e9tel\u00e9nek kezd\u0151 d\u00e1tuma az els\u0151 kezel\u00e9s id\u0151pontja.<\/li>\n<li style=\"text-align: justify\">Egy kezel\u00e9s hossza 1 \u00f3ra, a ter\u00e1pia v\u00e9g\u00e9ig 2-3 naponta sz\u00fcks\u00e9ges a kezel\u00e9sekre j\u00e1rni, a szakorvos \u00e1ltal el\u0151\u00edrt alkalmak sz\u00e1m\u00e1nak megfelel\u0151en.<\/li>\n<li style=\"text-align: justify\"><strong>K\u00c9RJ\u00dcK, A KEZEL\u0150LAPOT MINDEN KEZEL\u00c9SRE LEGYENEK SZ\u00cdVESEK MAGUKKAL HOZNI!<\/strong><\/li>\n<li style=\"text-align: justify\">Ha a v\u00e9ny \u00e9rv\u00e9nyess\u00e9gi ideje alatt (30 nap) nem kezd\u0151dik meg az ell\u00e1t\u00e1s, a k\u00far\u00e1t \u00fagy kell tekinteni, mintha azt az orvos el sem rendelte volna.<\/li>\n<li style=\"text-align: justify\">Az ell\u00e1t\u00e1s ig\u00e9nybev\u00e9tel\u00e9t minden alkalommal a kezel\u0151lap al\u00e1\u00edr\u00e1s\u00e1val igazoljuk, az egyes kezel\u00e9sek v\u00e9g\u00e9n pedig a beteg vagy k\u00e9pvisel\u0151je is al\u00e1\u00edr\u00e1s\u00e1val igazolja, hogy a kezel\u00e9s megt\u00f6rt\u00e9nt.<\/li>\n<li style=\"text-align: justify\">A megkezdett k\u00fara egy alkalommal megszak\u00edthat\u00f3, illetve meghosszabb\u00edthat\u00f3 a beteg eg\u00e9szs\u00e9gi \u00e1llapot\u00e1nak megv\u00e1ltoz\u00e1sa eset\u00e9n. A beteg eg\u00e9szs\u00e9gi \u00e1llapot\u00e1ban bek\u00f6vetkezett v\u00e1ltoz\u00e1st a szakorvos igazolja.<\/li>\n<li style=\"text-align: justify\">A megszak\u00edtott k\u00far\u00e1t az \u00faj v\u00e9ny ki\u00e1ll\u00edt\u00e1s\u00e1nak napj\u00e1t\u00f3l sz\u00e1m\u00edtott harminc napon bel\u00fcl meg kell kezdeni!<\/li>\n<li style=\"text-align: justify\">Felh\u00edvjuk a figyelmet, hogy a k\u00fara befejez\u00e9s\u00e9t k\u00f6vet\u0151 h\u00e1rom h\u00e9ten bel\u00fcl a gy\u00f3gy\u00e1szati ell\u00e1t\u00e1st rendel\u0151 orvoshoz ellen\u0151rz\u0151 vizsg\u00e1latra kell menni, \u00e9s a kezel\u0151lapot \u00e1t kell adni az orvosnak.<\/li>\n<li style=\"text-align: justify\">A kezel\u00e9sre textilpelenk\u00e1t vagy megfelel\u0151 m\u00e9ret\u0171 leped\u0151t hozni sz\u00fcks\u00e9ges.<\/li>\n<\/ul>\n<p>&nbsp;<\/p>\n<p><strong>2. Sz\u00fcl\u0151i massz\u00e1zs<\/strong><\/p>\n<ul>\n<li style=\"text-align: justify\">A Klinik\u00e1n kezelt beteg gyermekek <strong><u>Sz\u00fclei<\/u><\/strong> az adott oszt\u00e1ly vagy ambulancia javaslata alapj\u00e1n vehetik ig\u00e9nybe a massz\u00e1zst. Ebben az esetben a massz\u00e1zs nem min\u0151s\u00fcl gy\u00f3gykezel\u00e9snek, az nem ter\u00e1pi\u00e1s kezel\u00e9s.<\/li>\n<li style=\"text-align: justify\">K\u00e9s\u00e9s eset\u00e9n r\u00f6videbb lesz a kezel\u00e9si id\u0151, vagy \u00faj id\u0151pontot kell k\u00e9rni.<\/li>\n<li style=\"text-align: justify\">Minden kezel\u00e9s elej\u00e9n a kontraindik\u00e1ci\u00f3kat c\u00e9lozva k\u00e9rd\u00e9sekre kell v\u00e1laszolni a beteg aktu\u00e1lis \u00e1llapot\u00e1r\u00f3l. Amennyiben b\u00e1rmelyik kontraindik\u00e1ci\u00f3 fenn\u00e1ll, a massz\u00e1zs ig\u00e9nybev\u00e9tele tilos.<\/li>\n<li style=\"text-align: justify\">A kezelend\u0151 testr\u00e9szt k\u00e9rj\u00fck szabadd\u00e1 tenni!<\/li>\n<\/ul>\n<p>&nbsp;<\/p>\n<p style=\"text-align: justify\"><strong>3. Kontraindik\u00e1ci\u00f3k<\/strong><\/p>\n<ul>\n<li style=\"text-align: justify\">Leromlott, legyeng\u00fclt eg\u00e9szs\u00e9g\u00fcgyi \u00e1llapot<\/li>\n<li style=\"text-align: justify\">L\u00e1z<\/li>\n<li style=\"text-align: justify\">Kezeletlen Cukorbetegs\u00e9g eset\u00e9n szabad, de felt\u00e9tlen jelezni kell! \u00c1jul\u00e1s, sz\u00e9d\u00fcl\u00e9s jelentkezhet.<\/li>\n<li style=\"text-align: justify\">Fokozott v\u00e9rz\u00e9kenys\u00e9g (leuk\u00e9mia, hemofilia, scorbut)<\/li>\n<li style=\"text-align: justify\">S\u00falyos sz\u00edvbaj vagy s\u00falyos kering\u00e9si betegs\u00e9g\u00a0<\/li>\n<li style=\"text-align: justify\">Fert\u0151z\u0151 megbeteged\u00e9sek, influenza<\/li>\n<li style=\"text-align: justify\">T\u00fcd\u0151, mellh\u00e1rtya megbeteged\u00e9se, TBC, asztma<\/li>\n<li style=\"text-align: justify\">B\u0151rbetegs\u00e9gek, b\u0151rfert\u0151z\u00e9sek (pl.: b\u0151rallergia, gomb\u00e1s fert\u0151z\u00e9s, \u00f6vs\u00f6m\u00f6r, ny\u00edlt seb, horzsol\u00e1sok)<\/li>\n<li style=\"text-align: justify\">Kezeletlen magas v\u00e9rnyom\u00e1s, sz\u00edvbetegs\u00e9g<\/li>\n<li style=\"text-align: justify\">Terhess\u00e9g els\u0151 \u00e9s utols\u00f3 trimeszter alatt (els\u0151ben a vet\u00e9l\u00e9s, utols\u00f3ban a korasz\u00fcl\u00e9s kock\u00e1zata miatt), sz\u00fcl\u00e9s ut\u00e1n 6. h\u00e9tig. Cs\u00e1sz\u00e1ros sz\u00fcl\u00e9s ut\u00e1ni \u00e1llapott\u00f3l f\u00fcgg\u0151en 2-3 h\u00f3napig tilos. Lombikprogram alatt szigor\u00fan tilos.<\/li>\n<li style=\"text-align: justify\">Menstru\u00e1ci\u00f3s id\u0151szak els\u0151 h\u00e1rom napja<\/li>\n<li style=\"text-align: justify\">Epilepszi\u00e1s, skizofr\u00e9n, vagy m\u00e1s hasonl\u00f3 idegrendszeri megbeteged\u00e9s (massz\u00e1zs el\u0151id\u00e9zheti)<\/li>\n<li style=\"text-align: justify\">Heveny \u00edz\u00fcleti (akut arthritis) \u00e9s egy\u00e9b gyullad\u00e1sok (duzzanat, b\u0151rv\u00f6r\u00f6ss\u00e9g)<\/li>\n<li style=\"text-align: justify\">M\u00e9lyv\u00e9n\u00e1s tromb\u00f3zis<\/li>\n<li style=\"text-align: justify\">Vissz\u00e9r \u00e9s vissz\u00e9r gyullad\u00e1s (visszeres csom\u00f3k)<\/li>\n<li style=\"text-align: justify\">Fokozott v\u00e9rz\u00e9kenys\u00e9ggel j\u00e1r\u00f3 betegs\u00e9g (pl. tromb\u00f3zis ut\u00e1n sincumar \u00e9s marcumar szed\u00e9sekor)<\/li>\n<li style=\"text-align: justify\">Daganatos betegekn\u00e9l, v\u00e9gs\u0151 st\u00e1dium kiv\u00e9tel\u00e9vel (A massz\u00e1zs serkenti a sejt szaporod\u00e1st, teh\u00e1t n\u00f6veli a daganatot, ellenben jav\u00edtja a k\u00f6z\u00e9rzetet). Gy\u00f3gyult \u00e1llapot ut\u00e1n 5 \u00e9vig<\/li>\n<li style=\"text-align: justify\">Friss agyi t\u00f6rt\u00e9n\u00e9sek (stroke)<\/li>\n<li style=\"text-align: justify\">Csontritkul\u00e1s (osteoporosis) el\u0151rehaladott f\u00e1zis\u00e1ban<\/li>\n<li style=\"text-align: justify\">Minden heveny betegs\u00e9g \u00e9s \u00e1llapot<\/li>\n<li style=\"text-align: justify\">Heveny panaszokkal, f\u00e1jdalommal, v\u00e9rz\u00e9ssel, duzzanattal j\u00e1r\u00f3 \u00e1llapotok<\/li>\n<li style=\"text-align: justify\">K\u00f6zvetlen\u00fcl m\u0171t\u00e9t ut\u00e1n<\/li>\n<li style=\"text-align: justify\">24 \u00f3r\u00e1n bel\u00fcli alkoholfogyaszt\u00e1s eset\u00e9n<\/li>\n<li style=\"text-align: justify\">Drogfogyaszt\u00e1s<\/li>\n<\/ul>\n<p><strong>4. Helysz\u00edn<\/strong><\/p>\n<p>A massz\u00e1zshelyis\u00e9g a T\u0171zolt\u00f3 utcai r\u00e9szleg ambulancia-\u00e9p\u00fclet\u00e9ben, a 3. emeleten tal\u00e1lhat\u00f3, a tornaterem m\u00f6g\u00f6tt. A massz\u00e1zsra jelentkez\u0151ket a bej\u00e1rat melletti lifttel a port\u00e1s koll\u00e9g\u00e1k engedik fel kulccsal a 2. emeletre, onnan gyalog sz\u00fcks\u00e9ges felmenni a l\u00e9pcs\u0151n a 3. emeletre.<\/p>\n<p>&nbsp;<\/p>\n<p><strong>5. Foglal\u00e1s<\/strong><\/p>\n<p>Online el\u0151jegyezni az al\u00e1bbi hivatkoz\u00e1son kereszt\u00fcl lehet a <span style=\"font-size: 1rem\">Gy\u00f3gymassz\u00e1zs men\u00fcpontra kattintva<\/span><span style=\"font-size: 1rem\">:<\/span><\/p>\n<p><a href=\"https:\/\/elojegyzes.meditime.hu\/15\">https:\/\/elojegyzes.meditime.hu\/15<\/a><\/p>\n<p>A kezel\u00e9s el\u0151tt a megadott emailc\u00edmre a redszer eml\u00e9kzetet\u0151t k\u00fcld a jelentkez\u0151nek.<\/p>\n<p>&nbsp;<\/p>\n<p><strong>V\u00e1runk mindenkit szeretettel!<\/strong><\/p>\n<p>&nbsp;<\/p>\n","protected":false},"excerpt":{"rendered":"<p>\u00c1ltal\u00e1nos t\u00e1j\u00e9koztat\u00f3 a gy\u00f3gymassz\u00e1zs ig\u00e9nybev\u00e9tel\u00e9nek felt\u00e9teleir\u0151l 1. Gyermekek sz\u00e1m\u00e1ra Gyermekek r\u00e9sz\u00e9re az ell\u00e1t\u00e1s ig\u00e9nybev\u00e9tele diagn\u00f3zis alapj\u00e1n, kiz\u00e1r\u00f3lag szakorvos \u00e9s gy\u00f3gytorn\u00e1sz javaslata alapj\u00e1n lehets\u00e9ges. Gy\u00f3gymassz\u00e1zs kezel\u00e9sre csak a Semmelweis Egyetem Gyermekgy\u00f3gy\u00e1szati Klinik\u00e1j\u00e1r\u00f3l j\u00f6hetnek betegek. Az ell\u00e1t\u00e1s ig\u00e9nybev\u00e9tel\u00e9nek kezd\u0151 d\u00e1tuma az els\u0151 kezel\u00e9s id\u0151pontja. Egy kezel\u00e9s hossza 1 \u00f3ra, a ter\u00e1pia v\u00e9g\u00e9ig 2-3 naponta sz\u00fcks\u00e9ges a kezel\u00e9sekre &hellip;<\/p>\n","protected":false},"author":101602,"featured_media":0,"parent":0,"menu_order":0,"comment_status":"closed","ping_status":"closed","template":"","meta":{"_acf_changed":false,"footnotes":""},"categories":[],"tags":[],"class_list":["post-9321","page","type-page","status-publish","hentry"],"acf":[],"_links":{"self":[{"href":"https:\/\/semmelweis.hu\/tuzoltoklinika\/wp-json\/wp\/v2\/pages\/9321","targetHints":{"allow":["GET"]}}],"collection":[{"href":"https:\/\/semmelweis.hu\/tuzoltoklinika\/wp-json\/wp\/v2\/pages"}],"about":[{"href":"https:\/\/semmelweis.hu\/tuzoltoklinika\/wp-json\/wp\/v2\/types\/page"}],"author":[{"embeddable":true,"href":"https:\/\/semmelweis.hu\/tuzoltoklinika\/wp-json\/wp\/v2\/users\/101602"}],"replies":[{"embeddable":true,"href":"https:\/\/semmelweis.hu\/tuzoltoklinika\/wp-json\/wp\/v2\/comments?post=9321"}],"version-history":[{"count":10,"href":"https:\/\/semmelweis.hu\/tuzoltoklinika\/wp-json\/wp\/v2\/pages\/9321\/revisions"}],"predecessor-version":[{"id":10924,"href":"https:\/\/semmelweis.hu\/tuzoltoklinika\/wp-json\/wp\/v2\/pages\/9321\/revisions\/10924"}],"wp:attachment":[{"href":"https:\/\/semmelweis.hu\/tuzoltoklinika\/wp-json\/wp\/v2\/media?parent=9321"}],"wp:term":[{"taxonomy":"category","embeddable":true,"href":"https:\/\/semmelweis.hu\/tuzoltoklinika\/wp-json\/wp\/v2\/categories?post=9321"},{"taxonomy":"post_tag","embeddable":true,"href":"https:\/\/semmelweis.hu\/tuzoltoklinika\/wp-json\/wp\/v2\/tags?post=9321"}],"curies":[{"name":"wp","href":"https:\/\/api.w.org\/{rel}","templated":true}]}}

Gyógymasszázs

<p style="text-align: center"><strong>Általános tájékoztató a gyógymasszázs igénybevételének feltételeiről</strong></p>
<p><strong>1. Gyermekek számára</strong></p>
<ul>
<li style="text-align: justify"><strong><u>Gyermekek</u></strong> részére az ellátás igénybevétele diagnózis alapján, kizárólag szakorvos és gyógytornász javaslata alapján lehetséges. Gyógymasszázs kezelésre csak a Semmelweis Egyetem Gyermekgyógyászati Klinikájáról jöhetnek betegek.</li>
<li style="text-align: justify">Az ellátás igénybevételének kezdő dátuma az első kezelés időpontja.</li>
<li style="text-align: justify">Egy kezelés hossza 1 óra, a terápia végéig 2-3 naponta szükséges a kezelésekre járni, a szakorvos által előírt alkalmak számának megfelelően.</li>
<li style="text-align: justify"><strong>KÉRJÜK, A KEZELŐLAPOT MINDEN KEZELÉSRE LEGYENEK SZÍVESEK MAGUKKAL HOZNI!</strong></li>
<li style="text-align: justify">Ha a vény érvényességi ideje alatt (30 nap) nem kezdődik meg az ellátás, a kúrát úgy kell tekinteni, mintha azt az orvos el sem rendelte volna.</li>
<li style="text-align: justify">Az ellátás igénybevételét minden alkalommal a kezelőlap aláírásával igazoljuk, az egyes kezelések végén pedig a beteg vagy képviselője is aláírásával igazolja, hogy a kezelés megtörtént.</li>
<li style="text-align: justify">A megkezdett kúra egy alkalommal megszakítható, illetve meghosszabbítható a beteg egészségi állapotának megváltozása esetén. A beteg egészségi állapotában bekövetkezett változást a szakorvos igazolja.</li>
<li style="text-align: justify">A megszakított kúrát az új vény kiállításának napjától számított harminc napon belül meg kell kezdeni!</li>
<li style="text-align: justify">Felhívjuk a figyelmet, hogy a kúra befejezését követő három héten belül a gyógyászati ellátást rendelő orvoshoz ellenőrző vizsgálatra kell menni, és a kezelőlapot át kell adni az orvosnak.</li>
<li style="text-align: justify">A kezelésre textilpelenkát vagy megfelelő méretű lepedőt hozni szükséges.</li>
</ul>
<p>&nbsp;</p>
<p><strong>2. Szülői masszázs</strong></p>
<ul>
<li style="text-align: justify">A Klinikán kezelt beteg gyermekek <strong><u>Szülei</u></strong> az adott osztály vagy ambulancia javaslata alapján vehetik igénybe a masszázst. Ebben az esetben a masszázs nem minősül gyógykezelésnek, az nem terápiás kezelés.</li>
<li style="text-align: justify">Késés esetén rövidebb lesz a kezelési idő, vagy új időpontot kell kérni.</li>
<li style="text-align: justify">Minden kezelés elején a kontraindikációkat célozva kérdésekre kell válaszolni a beteg aktuális állapotáról. Amennyiben bármelyik kontraindikáció fennáll, a masszázs igénybevétele tilos.</li>
<li style="text-align: justify">A kezelendő testrészt kérjük szabaddá tenni!</li>
</ul>
<p>&nbsp;</p>
<p style="text-align: justify"><strong>3. Kontraindikációk</strong></p>
<ul>
<li style="text-align: justify">Leromlott, legyengült egészségügyi állapot</li>
<li style="text-align: justify">Láz</li>
<li style="text-align: justify">Kezeletlen Cukorbetegség esetén szabad, de feltétlen jelezni kell! Ájulás, szédülés jelentkezhet.</li>
<li style="text-align: justify">Fokozott vérzékenység (leukémia, hemofilia, scorbut)</li>
<li style="text-align: justify">Súlyos szívbaj vagy súlyos keringési betegség </li>
<li style="text-align: justify">Fertőző megbetegedések, influenza</li>
<li style="text-align: justify">Tüdő, mellhártya megbetegedése, TBC, asztma</li>
<li style="text-align: justify">Bőrbetegségek, bőrfertőzések (pl.: bőrallergia, gombás fertőzés, övsömör, nyílt seb, horzsolások)</li>
<li style="text-align: justify">Kezeletlen magas vérnyomás, szívbetegség</li>
<li style="text-align: justify">Terhesség első és utolsó trimeszter alatt (elsőben a vetélés, utolsóban a koraszülés kockázata miatt), szülés után 6. hétig. Császáros szülés utáni állapottól függően 2-3 hónapig tilos. Lombikprogram alatt szigorún tilos.</li>
<li style="text-align: justify">Menstruációs időszak első három napja</li>
<li style="text-align: justify">Epilepsziás, skizofrén, vagy más hasonló idegrendszeri megbetegedés (masszázs előidézheti)</li>
<li style="text-align: justify">Heveny ízületi (akut arthritis) és egyéb gyulladások (duzzanat, bőrvörösség)</li>
<li style="text-align: justify">Mélyvénás trombózis</li>
<li style="text-align: justify">Visszér és visszér gyulladás (visszeres csomók)</li>
<li style="text-align: justify">Fokozott vérzékenységgel járó betegség (pl. trombózis után sincumar és marcumar szedésekor)</li>
<li style="text-align: justify">Daganatos betegeknél, végső stádium kivételével (A masszázs serkenti a sejt szaporodást, tehát növeli a daganatot, ellenben javítja a közérzetet). Gyógyult állapot után 5 évig</li>
<li style="text-align: justify">Friss agyi történések (stroke)</li>
<li style="text-align: justify">Csontritkulás (osteoporosis) előrehaladott fázisában</li>
<li style="text-align: justify">Minden heveny betegség és állapot</li>
<li style="text-align: justify">Heveny panaszokkal, fájdalommal, vérzéssel, duzzanattal járó állapotok</li>
<li style="text-align: justify">Közvetlenül műtét után</li>
<li style="text-align: justify">24 órán belüli alkoholfogyasztás esetén</li>
<li style="text-align: justify">Drogfogyasztás</li>
</ul>
<p><strong>4. Helyszín</strong></p>
<p>A masszázshelyiség a Tűzoltó utcai részleg ambulancia-épületében, a 3. emeleten található, a tornaterem mögött. A masszázsra jelentkezőket a bejárat melletti lifttel a portás kollégák engedik fel kulccsal a 2. emeletre, onnan gyalog szükséges felmenni a lépcsőn a 3. emeletre.</p>
<p>&nbsp;</p>
<p><strong>5. Foglalás</strong></p>
<p>Online előjegyezni az alábbi hivatkozáson keresztül lehet a <span style="font-size: 1rem">Gyógymasszázs menüpontra kattintva</span><span style="font-size: 1rem">:</span></p>
<p><a href="https://elojegyzes.meditime.hu/15">https://elojegyzes.meditime.hu/15</a></p>
<p>A kezelés előtt a megadott emailcímre a redszer emlékzetetőt küld a jelentkezőnek.</p>
<p>&nbsp;</p>
<p><strong>Várunk mindenkit szeretettel!</strong></p>
<p>&nbsp;</p>

<p>Általános tájékoztató a gyógymasszázs igénybevételének feltételeiről 1. Gyermekek számára Gyermekek részére az ellátás igénybevétele diagnózis alapján, kizárólag szakorvos és gyógytornász javaslata alapján lehetséges. Gyógymasszázs kezelésre csak a Semmelweis Egyetem Gyermekgyógyászati Klinikájáról jöhetnek betegek. Az ellátás igénybevételének kezdő dátuma az első kezelés időpontja. Egy kezelés hossza 1 óra, a terápia végéig 2-3 naponta szükséges a kezelésekre &hellip;</p>
