{"id":8040,"date":"2022-04-28T12:13:44","date_gmt":"2022-04-28T10:13:44","guid":{"rendered":"https:\/\/semmelweis.hu\/gyermekklinika2\/?page_id=8040"},"modified":"2022-05-05T11:38:19","modified_gmt":"2022-05-05T09:38:19","slug":"technological-advances-in-peadiatrics","status":"publish","type":"page","link":"https:\/\/semmelweis.hu\/tuzoltoklinika\/en\/researches\/technological-advances-in-peadiatrics\/","title":{"rendered":"Technological advances in Peadiatrics"},"content":{"rendered":"<p style=\"text-align: justify\">Principal investigator: Klara Horvath, MD, PhD<\/p>\n<p style=\"text-align: justify\">PhD students: S\u00e1ndor Erd\u0151s, MD, Ambrus Szemere, MD, Krist\u00f3f Topa, MD<\/p>\n<ol>\n<li style=\"text-align: justify\">Virtual reality in Paediatrics: the immersive and distractive characteristics of virtual reality have a remarkable potential in Paediatrics. The activity and coping mechanisms of paediatric patients \u2013 often restricted to hospital rooms &#8211; may benefit from this methodology which feels close to their generation.<\/li>\n<li style=\"text-align: justify\">Sleep in the PICU: Sleep and circadian rhythms are often disrupted in the Paediatric Intensive Care Unit. Our goal is to study the origin and mechanism of this disruption with automated methods to be able to prevent sleep and circadian rhythm disruption which might have consequences on later psychological health.<\/li>\n<li style=\"text-align: justify\">Simulation training in Paediatrics: our aim is to identify and study the factors of simulation training which lead to effective learning.<\/li>\n<\/ol>\n","protected":false},"excerpt":{"rendered":"<p>Principal investigator: Klara Horvath, MD, PhD PhD students: S\u00e1ndor Erd\u0151s, MD, Ambrus Szemere, MD, Krist\u00f3f Topa, MD Virtual reality in Paediatrics: the immersive and distractive characteristics of virtual reality have a remarkable potential in Paediatrics. The activity and coping mechanisms of paediatric patients \u2013 often restricted to hospital rooms &#8211; may benefit from this methodology &hellip;<\/p>\n","protected":false},"author":101602,"featured_media":0,"parent":8014,"menu_order":0,"comment_status":"closed","ping_status":"closed","template":"","meta":{"_acf_changed":false,"footnotes":""},"categories":[],"tags":[],"class_list":["post-8040","page","type-page","status-publish","hentry"],"acf":[],"_links":{"self":[{"href":"https:\/\/semmelweis.hu\/tuzoltoklinika\/wp-json\/wp\/v2\/pages\/8040","targetHints":{"allow":["GET"]}}],"collection":[{"href":"https:\/\/semmelweis.hu\/tuzoltoklinika\/wp-json\/wp\/v2\/pages"}],"about":[{"href":"https:\/\/semmelweis.hu\/tuzoltoklinika\/wp-json\/wp\/v2\/types\/page"}],"author":[{"embeddable":true,"href":"https:\/\/semmelweis.hu\/tuzoltoklinika\/wp-json\/wp\/v2\/users\/101602"}],"replies":[{"embeddable":true,"href":"https:\/\/semmelweis.hu\/tuzoltoklinika\/wp-json\/wp\/v2\/comments?post=8040"}],"version-history":[{"count":4,"href":"https:\/\/semmelweis.hu\/tuzoltoklinika\/wp-json\/wp\/v2\/pages\/8040\/revisions"}],"predecessor-version":[{"id":8104,"href":"https:\/\/semmelweis.hu\/tuzoltoklinika\/wp-json\/wp\/v2\/pages\/8040\/revisions\/8104"}],"up":[{"embeddable":true,"href":"https:\/\/semmelweis.hu\/tuzoltoklinika\/wp-json\/wp\/v2\/pages\/8014"}],"wp:attachment":[{"href":"https:\/\/semmelweis.hu\/tuzoltoklinika\/wp-json\/wp\/v2\/media?parent=8040"}],"wp:term":[{"taxonomy":"category","embeddable":true,"href":"https:\/\/semmelweis.hu\/tuzoltoklinika\/wp-json\/wp\/v2\/categories?post=8040"},{"taxonomy":"post_tag","embeddable":true,"href":"https:\/\/semmelweis.hu\/tuzoltoklinika\/wp-json\/wp\/v2\/tags?post=8040"}],"curies":[{"name":"wp","href":"https:\/\/api.w.org\/{rel}","templated":true}]}}