{"id":8028,"date":"2022-04-28T11:40:58","date_gmt":"2022-04-28T09:40:58","guid":{"rendered":"https:\/\/semmelweis.hu\/gyermekklinika2\/?page_id=8028"},"modified":"2022-05-05T11:30:54","modified_gmt":"2022-05-05T09:30:54","slug":"cytogenetics","status":"publish","type":"page","link":"https:\/\/semmelweis.hu\/tuzoltoklinika\/en\/researches\/cytogenetics\/","title":{"rendered":"Cytogenetics"},"content":{"rendered":"<p><strong>Cytogenomics and molecular genetic studies<\/strong><\/p>\n<p style=\"text-align: justify\"><strong>Participants:<\/strong> Prof. Dr. Gy\u00f6rgy Fekete, Dr. Ir\u00e9n Haltrich, Dr. Krisztina N\u00e9meth, Dr. \u00c1rp\u00e1d Ferenc Kov\u00e1cs, Dr. Anna Lengyel, Dr. \u00c9va Pinti, Dr. Fanni Szumutku, Krisztina Staub, T\u00fcnde Abonyi, Zar\u00e1nd N\u00e9methi, X\u00e9nia Varga, J\u00falia Erhardt, Kamilla Li Luca<\/p>\n<p>&nbsp;<\/p>\n<p style=\"text-align: justify\"><strong>1.\/ Focusing on the depiction of single cells multiomics based genotype-phenotype correlations and development of new genome diagnostics assays<\/strong><\/p>\n<p style=\"text-align: justify\">In our <em>in vitro<\/em> systems we use as a model the Fabry-disease, which is elicited by pathogenic variants in the <em>GLA<\/em> gene. We aim to uncover the pathomechanism of the subclinical inflammation. Based on our activities related to the detection and treatment of lysosomal storage diseases, our working group has been designated by the National Health Insurance Fund as one of the Budapest Centers for Fabry Disease.On the other hand we try to understand the immune-(epi)genetical factors, polygenic multiple variants impact in the development of long-COVID syndrome caused by SARS-CoV-2 infection. Another topic is related to the relevance of recognizing genetic predisposition to childhood cancer (detailed clinical history, genetic investigation, genetic counseling and long term follow up after cure).<\/p>\n<p>&nbsp;<\/p>\n<p style=\"text-align: justify\"><strong>2.\/ Understanding the background of neurodevelopmental disorders (NDDs)<\/strong><\/p>\n<p style=\"text-align: justify\">These disorders include developmental delay\/intellectual disability, autism spectrum disorder, ADHD, other behavioural disorders, epilepsy, developmental coordination disorder, speech and language disorders. One of the largest groups of genetic aetiologic factors are copy number variations (CNVs).We aim to constantly analyze and reevaluate variants of uncertain findings and to disseminate data regarding potentially pathogenic VUS to facilitate future classification efforts.<\/p>\n<p>&nbsp;<\/p>\n<p style=\"text-align: justify\"><strong>3.\/ The genetic mechanisms underlying congenital heart disease (CHD)<\/strong><strong>\u00a0<\/strong><\/p>\n<p style=\"text-align: justify\">Our aim is to identify pathogenic gene variants in isolated congenital heart defects. We also try to reveal the genotype-phenotype correlations in 22q11.2 microdeletion syndrome related conotruncal heart defects.<\/p>\n<p>&nbsp;<\/p>\n<p style=\"text-align: justify\"><strong>4.\/Clarification the background and genotype-phenotype correlations of complex developmental disorders<\/strong><\/p>\n<p style=\"text-align: justify\">Our aim is to follow-up complex developmental disorders and organize their multidisciplinary care in order to improve the length and quality of those patients\u2019 life.<\/p>\n<p>&nbsp;<\/p>\n<p style=\"text-align: justify\"><strong>5.\/ Molecular genetic testing for several congenital inherited diseases<\/strong><\/p>\n<p style=\"text-align: justify\">DNA analyses of patients and family members are carried out for diagnostic and research studies inFabry disease, Pompe disease,type I neurofibromatosis, Legius syndrome, congenital adrenal hyperplasia (CAH), familial hypercholesterolaemia, Friedreich ataxia, haemochromatosis, non-syndromatic congenital deafness. In cooperation with the Budapest Newborn Metabolic Screening Center, I. Department of Pediatrics, Semmelweis University, we perform DNA analyses of the following metabolic diseases: phenylketonuria, galactosemia, biotinidase deficiency.<\/p>\n","protected":false},"excerpt":{"rendered":"<p>Cytogenomics and molecular genetic studies Participants: Prof. Dr. Gy\u00f6rgy Fekete, Dr. Ir\u00e9n Haltrich, Dr. Krisztina N\u00e9meth, Dr. \u00c1rp\u00e1d Ferenc Kov\u00e1cs, Dr. Anna Lengyel, Dr. \u00c9va Pinti, Dr. Fanni Szumutku, Krisztina Staub, T\u00fcnde Abonyi, Zar\u00e1nd N\u00e9methi, X\u00e9nia Varga, J\u00falia Erhardt, Kamilla Li Luca &nbsp; 1.\/ Focusing on the depiction of single cells multiomics based genotype-phenotype correlations &hellip;<\/p>\n","protected":false},"author":101602,"featured_media":0,"parent":8014,"menu_order":0,"comment_status":"closed","ping_status":"closed","template":"","meta":{"_acf_changed":false,"footnotes":""},"categories":[],"tags":[],"class_list":["post-8028","page","type-page","status-publish","hentry"],"acf":[],"_links":{"self":[{"href":"https:\/\/semmelweis.hu\/tuzoltoklinika\/wp-json\/wp\/v2\/pages\/8028","targetHints":{"allow":["GET"]}}],"collection":[{"href":"https:\/\/semmelweis.hu\/tuzoltoklinika\/wp-json\/wp\/v2\/pages"}],"about":[{"href":"https:\/\/semmelweis.hu\/tuzoltoklinika\/wp-json\/wp\/v2\/types\/page"}],"author":[{"embeddable":true,"href":"https:\/\/semmelweis.hu\/tuzoltoklinika\/wp-json\/wp\/v2\/users\/101602"}],"replies":[{"embeddable":true,"href":"https:\/\/semmelweis.hu\/tuzoltoklinika\/wp-json\/wp\/v2\/comments?post=8028"}],"version-history":[{"count":5,"href":"https:\/\/semmelweis.hu\/tuzoltoklinika\/wp-json\/wp\/v2\/pages\/8028\/revisions"}],"predecessor-version":[{"id":8108,"href":"https:\/\/semmelweis.hu\/tuzoltoklinika\/wp-json\/wp\/v2\/pages\/8028\/revisions\/8108"}],"up":[{"embeddable":true,"href":"https:\/\/semmelweis.hu\/tuzoltoklinika\/wp-json\/wp\/v2\/pages\/8014"}],"wp:attachment":[{"href":"https:\/\/semmelweis.hu\/tuzoltoklinika\/wp-json\/wp\/v2\/media?parent=8028"}],"wp:term":[{"taxonomy":"category","embeddable":true,"href":"https:\/\/semmelweis.hu\/tuzoltoklinika\/wp-json\/wp\/v2\/categories?post=8028"},{"taxonomy":"post_tag","embeddable":true,"href":"https:\/\/semmelweis.hu\/tuzoltoklinika\/wp-json\/wp\/v2\/tags?post=8028"}],"curies":[{"name":"wp","href":"https:\/\/api.w.org\/{rel}","templated":true}]}}