{"id":8019,"date":"2022-04-28T11:19:56","date_gmt":"2022-04-28T09:19:56","guid":{"rendered":"https:\/\/semmelweis.hu\/gyermekklinika2\/?page_id=8019"},"modified":"2022-05-09T11:57:12","modified_gmt":"2022-05-09T09:57:12","slug":"biomarker","status":"publish","type":"page","link":"https:\/\/semmelweis.hu\/tuzoltoklinika\/en\/researches\/biomarker\/","title":{"rendered":"CSF BIOMARKERS"},"content":{"rendered":"<p style=\"text-align: justify\">I-BFM Initiative on CSF ALL Biomarkers is an international collaboration of research groups, working on advancing the research field of paediatric central nervous system (CNS) involvement of acute lymphoblastic leukaemia (ALL).<\/p>\n<p style=\"text-align: justify\">The very first meeting of physicians and researchers interested in the field was initiated by Prof. Christina Halsey in 2018 at the annual I-BFM conference in Helsinki. The initiative\u2019s online meetings to tackle operative targets has been organised by D\u00e1niel Erd\u00e9lyi since November 2020.<\/p>\n<p>Participating work groups:<\/p>\n<ul style=\"list-style-type: square\">\n<li><a href=\"https:\/\/www.kbh.uu.se\/research\/pediatric-oncological-and-neurological-research\/research-group\/\" target=\"_blank\" rel=\"noopener\">Arja Harila-Saari<\/a> et al., &#8211; Uppsala University, Uppsala, Sweden,\u00a0<\/li>\n<li><a href=\"https:\/\/www.gla.ac.uk\/research\/az\/childhoodleukaemiaresearch\/team\/\" target=\"_blank\" rel=\"noopener\">Chirstina Halsey<\/a> et al., &#8211; University of Glasgow, Galsgow, United Kingdom,\u00a0<\/li>\n<li><a href=\"https:\/\/kinderonkologie.charite.de\/en\/research\/eckert_group\/team\/\" target=\"_blank\" rel=\"noopener\">Cornelia Eckert<\/a> et al., &#8211; Charit\u00e9 Universitatsmedizin, Berlin, Germany,\u00a0<\/li>\n<li><a href=\"https:\/\/semmelweis.hu\/telefonkonyv\/?emp_id=10357\" target=\"_blank\" rel=\"noopener\">D\u00e1niel Erd\u00e9lyi<\/a> et al., &#8211; Semmelweis University, Budapest, Hungary,\u00a0<\/li>\n<li>Denis Schewe et al., &#8211; Universitatsklinikum Schleswig, Holstein, Germany,\u00a0<\/li>\n<li><a href=\"https:\/\/eunet-innochron.eu\/prof-deniz-yilmaz-karapinar\" target=\"_blank\" rel=\"noopener\">Deniz Yilmaz Karapinar<\/a> et al., &#8211; Ege University Faculty of Medicine, \u0130zmir, Turkey,<\/li>\n<li>Geertruy De Krnonnie et al., &#8211; University of Padova, Padova, Italy,\u00a0<\/li>\n<li><a href=\"https:\/\/www.sicris.si\/public\/jqm\/grp.aspx?lang=eng&amp;opdescr=search&amp;opt=2&amp;subopt=600&amp;code1=prj&amp;code2=auto&amp;psize=1&amp;hits=1&amp;page=1&amp;count=&amp;search_term=1903&amp;id=1729&amp;slng=&amp;order_by=\" target=\"_blank\" rel=\"noopener\">Janez Jazbec<\/a> et al., &#8211; Ljubljana University Medical Centre, Ljubjana, Slovenia,\u00a0<\/li>\n<li><a href=\"https:\/\/research.regionh.dk\/rigshospitalet\/en\/persons\/kjeld-schmiegelow(6261c681-32b6-4e82-bedc-0c2a19647cec).html\" target=\"_blank\" rel=\"noopener\">Kjeld Schmiegelow<\/a> et al., &#8211; Rigshospitalet, Copenhagen, Denmark,\u00a0<\/li>\n<li><a href=\"https:\/\/www.uniklinik-ulm.de\/kinder-und-jugendmedizin\/forschung-research\/prof-meyer-group.html\" target=\"_blank\" rel=\"noopener\">L\u00fcder Meyer<\/a> et al., &#8211; Universitatsklinikum, Ulm, Germany,\u00a0<\/li>\n<li>Manuel Ramirez et al., &#8211; Hospital Universitario Nino Jesus, Madrid, Spain,\u00a0<\/li>\n<li>Mervi Taskinen et al., &#8211; Helsinki Univeristy Central Hospital, Helsinki, Finland,\u00a0<\/li>\n<li><a href=\"https:\/\/en-med.tau.ac.il\/research_leukemia\" target=\"_blank\" rel=\"noopener\">Shai Izraeli<\/a> et al., &#8211; Tel Aviv University, Tel Aviv, Israel,\u00a0<\/li>\n<li>Sophia Polychronopoulou et al., Aghia Sophia Children\u2019s Hospital, Athens, Greece<\/li>\n<li><a href=\"https:\/\/en.umed.pl\/research-development\/research-at-mul\/department-pediatrics-oncology-hematology-diabetology\/\" target=\"_blank\" rel=\"noopener\">Wojciech Mlynarski<\/a> et al., &#8211; Medical University of L\u00f3dz, L\u00f3dz, Poland,\u00a0<\/li>\n<li><span style=\"font-size: 1rem\">Veerle Mondelaers et al., Ghent University Hospital, Gent, Belgium\u00a0<\/span><\/li>\n<\/ul>\n<h4>Background<\/h4>\n<p style=\"text-align: justify\">ALL is the most common malignant disease in children. In the last two decades, highly sensitive methods were developed to monitor minimal residual disease in the bone marrow (BM). These led to restructured treatment regimens, and consequently improved survival rates vastly. Patients who develop central nervous system (CNS) involvement, however, face inferior prognosis. Diagnostic methods of the cerebrospinal fluid (CSF) underperform compared to those of the BM. The current standards are all based on cell-detection methods in the CSF (automated or manual cell counting, light microscopy evaluation of cytocentrifuge smears, flow cytometry) acquired via lumbar puncture. These conventional methods were found to provide high rate (&gt;40%) of false negative results among patients with proven CNS-involvement as per neuro imaging or autopsy. In fact, majority of tumour cells adhere to the meninges or specific areas of the brain parenchyma (e.g. chorioid plexus), therefore the number of leukaemic cells detected in CSF does not reflect accurately the leukaemic burden of the CNS compartment. Hence, new diagnostic tools are necessary to improve diagnostics.<\/p>\n<h4 style=\"text-align: justify\">The need for standardisation of diagnostic procedures<\/h4>\n<p style=\"text-align: justify\">Selection of methods applied, technical details of these methods, cut off values, definitions of CSF diagnostics, CNS staging widely vary worldwide, even among nearby hospitals within a given country. Comparison of trial results are therefore based: it is difficult to compare CNS positive cohorts when the diagnostics differ how they were defined as CNS positive. Standardisation of these procedure sare not only important for research purposes, but changes in treatment elements will follow for the patients\u2019 benefit.<\/p>\n<p style=\"text-align: justify\">In conclusion, advanced, standardised diagnostic procedures and definitions, plus new, hopefully more sensitive biomarkers could lead to the development of a more accurate treatment stratification of ALL patients, improving clinical outcome and reducing treatment toxicity.<\/p>\n<h4>Aims:<\/h4>\n<p>Virtual biobank:<\/p>\n<ul>\n<li>To bank CSF at set time points, as per an agreed standard operating protocol (SOP).<\/li>\n<li>To keep hold of CSF sample numbers available at participating groups for research projects<\/li>\n<\/ul>\n<p>Research:<\/p>\n<ul>\n<li>To share knowledge and experience among research groups<\/li>\n<li>To conduct joint grant applications and research projects of participating groups.<\/li>\n<li>To share data and samples among participating groups for individual smaller projects.<\/li>\n<\/ul>\n<p>Unifying, standardising routine CSF diagnostics:<\/p>\n<ul>\n<li>International survey on current practice (en route)<\/li>\n<li>Evidence based review (planned)<\/li>\n<li>Consensus guidance (planned)<\/li>\n<\/ul>\n<p>CNS directed therapy:<\/p>\n<ul>\n<li>To improve CNS-targeted anti-leukaemic therapy<\/li>\n<\/ul>\n<h4>Current projects:<\/h4>\n<p><strong>Standard operating protocol for CSF biobanking<\/strong><\/p>\n<p style=\"text-align: justify\">Due to the rarity of CNS positive cases, it is difficult to implement meaningful research projects on CNS leukaemia locally. Sharing samples across research groups could solve the problem, however sample collecting and storing protocols differ among centres. Therefore, we established an international standard operating protocol (SOP) for the collection, processing, and storage of CSF samples. The main aim is to collect supernatant for soluble biomarker (DNA, RNA, protein, metabolite) research purposes. Additionally, cells (cellular nucleic acids, proteins, etc.) and\/or extracellular vesicles can be stored.<\/p>\n<p style=\"text-align: justify\">You can download the SOP and useful files for data collection at the bottom of this site.<\/p>\n<p style=\"text-align: justify\"><strong>Childhood ALL CSF Diagnostics Survey<\/strong><\/p>\n<p style=\"text-align: justify\">A questionnaire has been created to explore how cerebrospinal fluid diagnostics of childhood lymphoblastic leukaemia works in everyday practice. We intend to investigate heterogeneities in clinical practice, laboratory methods and stratification of patient management. The survey has been sent out worldwide to interview a set of selected professionals per country. We hope to publish findings. These will also help to identify critical heterogeneities, towards developing a consensus guidance.<\/p>\n<h4>Events:<\/h4>\n<p><strong>Closed Scientific Mini Symposium, March 2021<\/strong><\/p>\n<p style=\"text-align: justify\">Among initiative members we have organised a mini symposium, an event where all participants were welcome to show the latest results of their research.<\/p>\n<p style=\"text-align: justify\">Programme:<\/p>\n<ul>\n<li style=\"text-align: justify\">Lennart Lenk, Denis Schewe: Molecular mechanisms of CNS infiltration in ALL &#8211; recent data on new diagnostic and therapeutic approaches<\/li>\n<li style=\"text-align: justify\">Vera M\u00fcnch, L\u00fcder Meyer: The role of VEGF in CNS-ALL<\/li>\n<li style=\"text-align: justify\">Chris Halsey: Discovery of prognostic biomarkers for CNS relapse in childhood ALL<\/li>\n<li style=\"text-align: justify\">G\u00e1bor Barna: CD49f expression of precursor B ALL blasts in CSF by flow cytometry<\/li>\n<li style=\"text-align: justify\">Maria Thastrup: Flow cytometric detection of CNS leukemia in relapsed ALL<\/li>\n<li style=\"text-align: justify\">Christian Mirian Larsen: Proteomic analysis of cerebrospinal fluid in CNS leukemia<\/li>\n<li style=\"text-align: justify\">B\u00e1lint Egyed, D\u00e1niel Erd\u00e9lyi, \u00c1gnes Semsei: MicroRNAs as CSF leukaemia biomarkers<\/li>\n<li style=\"text-align: justify\">Cecilia Arthur, Arja Harila-Saari: Personalized ddPCR for analysis of cell free leukemic DNA in CSF<\/li>\n<\/ul>\n<p><strong>3<sup>rd<\/sup> Annual meeting of The European Society for Paediatric Oncology, March 2022<\/strong><\/p>\n<p style=\"text-align: justify\">The initiative organized a session on CNS leukaemia during the 2022 SIOP-E congress. This was held during the joint session of Biology &amp; Disease, Genetic Variation and ALL I-BFM Committees on 23rd\u00a0March. We introduced our work to a wider audience. The session collated topics on routine CSF diagnostics and CSF biomarker research.<\/p>\n<p><strong>Programme:<\/strong><\/p>\n<ul>\n<li>D\u00e1niel Erd\u00e9lyi: I-BFM CSF Biomarker Initiative<\/li>\n<li>Maria Thastrup: CSF Flow Cytometry<\/li>\n<li>Cecilia Arthur: Personalized droplet digital PCR for detection of cell free DNA in CSF<\/li>\n<li>Shai Izraeli: Metabolic adaptation of blasts to the central nervous system<\/li>\n<li>Lennart T.N. Lenk, Denis Schewe: Overview on new pathways and immunotherapy targets in CNS leukemia<\/li>\n<\/ul>\n<p>Join our group and activities if you share our interest!<\/p>\n<p><strong>Contact info:<\/strong><\/p>\n<ul>\n<li>D\u00e1niel Erd\u00e9lyi MD, PhD <a href=\"mailto:erdelyi.daniel@med.semmelweis-univ.hu\" target=\"_blank\" rel=\"noopener\">erdelyi.daniel@med.semmelweis-univ.hu<\/a><\/li>\n<li>Laura Alm\u00e1si, MD <a href=\"mailto:almasi.laura@med.semmelweis-univ.hu\" target=\"_blank\" rel=\"noopener\">almasi.laura@med.semmelweis-univ.hu<\/a><\/li>\n<\/ul>\n<h4>Files:<\/h4>\n<ul>\n<li><a href=\"https:\/\/semmelweis.hu\/tuzoltoklinika\/files\/2022\/04\/CSF-biobanking-SOP_Poropolsal-v20210504_signed.pdf\" target=\"_blank\" rel=\"noopener\">I-BFM Initiative on CSF ALL Biomarkers SOP<\/a><\/li>\n<li><a href=\"https:\/\/semmelweis.hu\/tuzoltoklinika\/files\/2022\/04\/Material-request-form_A-B_20210504.pdf\" target=\"_blank\" rel=\"noopener\">Material request formsto use from lumbar puncture to lab storage<\/a><\/li>\n<li><a href=\"https:\/\/semmelweis.hu\/tuzoltoklinika\/files\/2022\/04\/I-BFM_CSF-ALL-banking_Data-collection_20210507b_final.xlsx\" target=\"_blank\" rel=\"noopener\">Data table template<\/a><\/li>\n<\/ul>\n<p>&nbsp;<\/p>\n<p>&nbsp;<\/p>\n","protected":false},"excerpt":{"rendered":"<p>I-BFM Initiative on CSF ALL Biomarkers is an international collaboration of research groups, working on advancing the research field of paediatric central nervous system (CNS) involvement of acute lymphoblastic leukaemia (ALL). The very first meeting of physicians and researchers interested in the field was initiated by Prof. Christina Halsey in 2018 at the annual I-BFM &hellip;<\/p>\n","protected":false},"author":101602,"featured_media":0,"parent":8014,"menu_order":0,"comment_status":"closed","ping_status":"closed","template":"","meta":{"_acf_changed":false,"footnotes":""},"categories":[],"tags":[],"class_list":["post-8019","page","type-page","status-publish","hentry"],"acf":[],"_links":{"self":[{"href":"https:\/\/semmelweis.hu\/tuzoltoklinika\/wp-json\/wp\/v2\/pages\/8019","targetHints":{"allow":["GET"]}}],"collection":[{"href":"https:\/\/semmelweis.hu\/tuzoltoklinika\/wp-json\/wp\/v2\/pages"}],"about":[{"href":"https:\/\/semmelweis.hu\/tuzoltoklinika\/wp-json\/wp\/v2\/types\/page"}],"author":[{"embeddable":true,"href":"https:\/\/semmelweis.hu\/tuzoltoklinika\/wp-json\/wp\/v2\/users\/101602"}],"replies":[{"embeddable":true,"href":"https:\/\/semmelweis.hu\/tuzoltoklinika\/wp-json\/wp\/v2\/comments?post=8019"}],"version-history":[{"count":11,"href":"https:\/\/semmelweis.hu\/tuzoltoklinika\/wp-json\/wp\/v2\/pages\/8019\/revisions"}],"predecessor-version":[{"id":8138,"href":"https:\/\/semmelweis.hu\/tuzoltoklinika\/wp-json\/wp\/v2\/pages\/8019\/revisions\/8138"}],"up":[{"embeddable":true,"href":"https:\/\/semmelweis.hu\/tuzoltoklinika\/wp-json\/wp\/v2\/pages\/8014"}],"wp:attachment":[{"href":"https:\/\/semmelweis.hu\/tuzoltoklinika\/wp-json\/wp\/v2\/media?parent=8019"}],"wp:term":[{"taxonomy":"category","embeddable":true,"href":"https:\/\/semmelweis.hu\/tuzoltoklinika\/wp-json\/wp\/v2\/categories?post=8019"},{"taxonomy":"post_tag","embeddable":true,"href":"https:\/\/semmelweis.hu\/tuzoltoklinika\/wp-json\/wp\/v2\/tags?post=8019"}],"curies":[{"name":"wp","href":"https:\/\/api.w.org\/{rel}","templated":true}]}}