{"id":7919,"date":"2022-03-28T12:27:03","date_gmt":"2022-03-28T10:27:03","guid":{"rendered":"https:\/\/semmelweis.hu\/gyermekklinika2\/?page_id=7919"},"modified":"2024-06-21T10:06:00","modified_gmt":"2024-06-21T08:06:00","slug":"post-covid-ambulancia","status":"publish","type":"page","link":"https:\/\/semmelweis.hu\/tuzoltoklinika\/betegellatas\/ambulanciak-es-fekvobeteg-osztalyaink\/post-covid-ambulancia\/","title":{"rendered":"POST-COVID Ambulancia"},"content":{"rendered":"<p style=\"text-align: center\"><span style=\"font-weight: 400\">2021. j\u00fanius 1-t\u0151l megkezdte m\u0171k\u00f6d\u00e9s\u00e9t a Semmelweis Egyetem Gyermekgy\u00f3gy\u00e1szati Klinika T\u0171zolt\u00f3 utcai r\u00e9szleg POST-COVID betegeket ell\u00e1t\u00f3 ambulanci\u00e1ja, forduljanak hozz\u00e1nk bizalommal!<\/span><\/p>\n<p style=\"text-align: center\"><span style=\"font-weight: 400\"><strong>Rendel\u00e9si id\u0151pont:<\/strong> keddi napokon d\u00e9lel\u0151tt 09:00-13:00 \u00f3ra k\u00f6z\u00f6tt<\/span><\/p>\n<p style=\"text-align: center\"><span style=\"font-weight: 400\">Dr. N\u00e9meth \u00c1gnes, klinikai f\u0151orvos<\/span><\/p>\n<p style=\"text-align: center\"><span style=\"font-weight: 400\">\u00a0Dr. Rany\u00e1k M\u00e1rta, csecsem\u0151- \u00e9s gyermekgy\u00f3gy\u00e1sz szakorvos<\/span><\/p>\n<p style=\"text-align: center\"><span style=\"font-weight: 400\">R\u00f3zs\u00e1n\u00e9 Gombos Krisztina, l\u00e9gz\u0151szervi szak\u00e1pol\u00f3<\/span><\/p>\n<p style=\"text-align: center\"><span style=\"color: #ff0000\"><strong>Rendel\u00e9s\u00fcnkre online m\u00f3don foglalhat\u00f3 id\u0151pont a linkre kattintva: <\/strong><\/span><strong><a href=\"https:\/\/doodle.com\/mm\/ambulancialong\/idopont\">https:\/\/doodle.com\/mm\/ambulancialong\/idopont<\/a><\/strong><\/p>\n<p style=\"text-align: justify\"><span style=\"font-weight: 400\">A COVID-19 fert\u0151z\u00e9sen \u00e1tesett gyerekek jelent\u0151s r\u00e9sz\u00e9n\u00e9l a megbeteged\u00e9st k\u00f6vet\u0151en heveny t\u00fcnetek jelentkeznek, melyek a felgy\u00f3gyul\u00e1st k\u00f6vet\u0151en elh\u00faz\u00f3d\u00f3an fent maradhatnak. Gyermekkorban jellemz\u0151en l\u00e9g\u00fati, sz\u00edv- \u00e9s \u00e9rrendszeri, mozg\u00e1sszervi, em\u00e9szt\u0151rendszeri, pszichi\u00e1triai probl\u00e9m\u00e1k alakulhatnak ki, melyek akad\u00e1lyozz\u00e1k a gyermekek megszokott \u00e9letvitel\u00e9t.\u00a0<\/span><\/p>\n<p style=\"text-align: justify\"><span style=\"font-weight: 400\">A j\u00e1rv\u00e1ny csillapod\u00e1s\u00e1val egyre nagyobb ig\u00e9ny mutatkozik a poszt-COVID t\u00fcnetekt\u0151l szenved\u0151 betegek ut\u00f3gondoz\u00e1s\u00e1ra, melyet c\u00e9lzott, szakmaspecifikus, kifejezetten erre a c\u00e9lra kidolgozott protokoll alapj\u00e1n, klinik\u00e1nkon is v\u00e9gz\u00fcnk.<\/span><\/p>\n<p><span style=\"font-weight: 400\">Poszt-COVID Ambulanci\u00e1nkra v\u00e1rjuk az:<\/span><\/p>\n<ol>\n<li style=\"font-weight: 400\"><span style=\"font-weight: 400\">Alapbetegs\u00e9ggel nem rendelkez\u0151, SARS CoV2-v\u00edrus okozta megbeteged\u00e9sen \u00e1tesett, vagy<\/span><\/li>\n<li style=\"font-weight: 400\"><span style=\"font-weight: 400\">B\u00e1rmilyen kr\u00f3nikus alapbetegs\u00e9gben szenved\u0151 gyermekeket, akik a fert\u0151z\u00e9s otthoni vagy k\u00f3rh\u00e1zi kezel\u00e9s\u00e9t k\u00f6vet\u0151en panaszosak maradtak, illetve akik<\/span><\/li>\n<li style=\"font-weight: 400\"><span style=\"font-weight: 400\">A k\u00f6rnyezet\u00fckben PCR pozitivit\u00e1s mellett t\u00fcnetmentesen v\u00e9szelt\u00e9k \u00e1t a 4 hetes id\u0151szakot, de ezt k\u00f6vet\u0151en tov\u00e1bbi panaszaik \u00e1llnak fenn.<\/span><\/li>\n<\/ol>\n<p style=\"text-align: justify\"><span style=\"font-weight: 400\">\u00a0<\/span>K\u00e9rj\u00fck, ha a gyermek COVID olt\u00e1sban r\u00e9szes\u00fclt, az olt\u00e1si igazolv\u00e1nyt hozz\u00e1k magukkal, valamint a gyermek kor\u00e1bbi orvosi dokument\u00e1ci\u00f3it is k\u00e9rj\u00fck bemutatni.<\/p>\n<p>&nbsp;<\/p>\n<p>&nbsp;<\/p>\n<p>&nbsp;<\/p>\n<p>&nbsp;<\/p>\n<p>&nbsp;<\/p>\n<p>&nbsp;<\/p>\n<p>&nbsp;<\/p>\n","protected":false},"excerpt":{"rendered":"<p>2021. j\u00fanius 1-t\u0151l megkezdte m\u0171k\u00f6d\u00e9s\u00e9t a Semmelweis Egyetem Gyermekgy\u00f3gy\u00e1szati Klinika T\u0171zolt\u00f3 utcai r\u00e9szleg POST-COVID betegeket ell\u00e1t\u00f3 ambulanci\u00e1ja, forduljanak hozz\u00e1nk bizalommal! Rendel\u00e9si id\u0151pont: keddi napokon d\u00e9lel\u0151tt 09:00-13:00 \u00f3ra k\u00f6z\u00f6tt Dr. N\u00e9meth \u00c1gnes, klinikai f\u0151orvos \u00a0Dr. Rany\u00e1k M\u00e1rta, csecsem\u0151- \u00e9s gyermekgy\u00f3gy\u00e1sz szakorvos R\u00f3zs\u00e1n\u00e9 Gombos Krisztina, l\u00e9gz\u0151szervi szak\u00e1pol\u00f3 Rendel\u00e9s\u00fcnkre online m\u00f3don foglalhat\u00f3 id\u0151pont a linkre kattintva: <a href=\"https:\/\/doodle.com\/mm\/ambulancialong\/idopont\">https:\/\/doodle.com\/mm\/ambulancialong\/idopont<\/a> A COVID-19 &hellip;<\/p>\n","protected":false},"author":101602,"featured_media":0,"parent":3986,"menu_order":0,"comment_status":"closed","ping_status":"closed","template":"","meta":{"_acf_changed":false,"footnotes":""},"categories":[],"tags":[],"class_list":["post-7919","page","type-page","status-publish","hentry"],"acf":[],"_links":{"self":[{"href":"https:\/\/semmelweis.hu\/tuzoltoklinika\/wp-json\/wp\/v2\/pages\/7919","targetHints":{"allow":["GET"]}}],"collection":[{"href":"https:\/\/semmelweis.hu\/tuzoltoklinika\/wp-json\/wp\/v2\/pages"}],"about":[{"href":"https:\/\/semmelweis.hu\/tuzoltoklinika\/wp-json\/wp\/v2\/types\/page"}],"author":[{"embeddable":true,"href":"https:\/\/semmelweis.hu\/tuzoltoklinika\/wp-json\/wp\/v2\/users\/101602"}],"replies":[{"embeddable":true,"href":"https:\/\/semmelweis.hu\/tuzoltoklinika\/wp-json\/wp\/v2\/comments?post=7919"}],"version-history":[{"count":9,"href":"https:\/\/semmelweis.hu\/tuzoltoklinika\/wp-json\/wp\/v2\/pages\/7919\/revisions"}],"predecessor-version":[{"id":9067,"href":"https:\/\/semmelweis.hu\/tuzoltoklinika\/wp-json\/wp\/v2\/pages\/7919\/revisions\/9067"}],"up":[{"embeddable":true,"href":"https:\/\/semmelweis.hu\/tuzoltoklinika\/wp-json\/wp\/v2\/pages\/3986"}],"wp:attachment":[{"href":"https:\/\/semmelweis.hu\/tuzoltoklinika\/wp-json\/wp\/v2\/media?parent=7919"}],"wp:term":[{"taxonomy":"category","embeddable":true,"href":"https:\/\/semmelweis.hu\/tuzoltoklinika\/wp-json\/wp\/v2\/categories?post=7919"},{"taxonomy":"post_tag","embeddable":true,"href":"https:\/\/semmelweis.hu\/tuzoltoklinika\/wp-json\/wp\/v2\/tags?post=7919"}],"curies":[{"name":"wp","href":"https:\/\/api.w.org\/{rel}","templated":true}]}}