{"id":7131,"date":"2021-02-12T09:09:31","date_gmt":"2021-02-12T08:09:31","guid":{"rendered":"https:\/\/semmelweis.hu\/gyermekklinika2\/?page_id=7131"},"modified":"2024-10-10T10:32:51","modified_gmt":"2024-10-10T08:32:51","slug":"kutatas","status":"publish","type":"page","link":"https:\/\/semmelweis.hu\/tuzoltoklinika\/kutatas\/","title":{"rendered":"Kutat\u00e1s"},"content":{"rendered":"<p><b>Mi\u00e9rt van sz\u00fcks\u00e9g klinikai kutat\u00e1sokra?<\/b><\/p>\n<p style=\"text-align: justify\">Az orvostudom\u00e1nyok \u00e9s a technol\u00f3gia fejl\u0151d\u00e9s\u00e9nek k\u00f6sz\u00f6nhet\u0151en ma m\u00e1r nagyon sok betegs\u00e9g kezelhet\u0151 eredm\u00e9nyesen gy\u00f3gyszeres ter\u00e1pi\u00e1val.\u00a0A klinikai kutat\u00e1sok lehet\u0151s\u00e9get teremtenek \u00faj, hat\u00e9kony ter\u00e1pi\u00e1s lehet\u0151s\u00e9gek keres\u00e9s\u00e9re, felfedez\u00e9s\u00e9re, esetenk\u00e9nt a m\u00e1r ismert gy\u00f3gyszer molekul\u00e1k \u00faj indik\u00e1ci\u00f3kban val\u00f3 alkalmaz\u00e1s\u00e1ra.<\/p>\n<p style=\"text-align: justify\">A gy\u00f3gyszerek hat\u00e1soss\u00e1g\u00e1nak, biztons\u00e1goss\u00e1g\u00e1nak jav\u00edt\u00e1s\u00e1ban, az \u00faj gy\u00f3gyszerek fejleszt\u00e9s\u00e9ben a klinikai vizsg\u00e1latok nagyon fontos szerepet j\u00e1tszanak.<\/p>\n<p style=\"text-align: justify\">Nagyon fontos kiemelni, hogy minden egyes klinikai vizsg\u00e1lat a gy\u00f3gyszerhat\u00f3s\u00e1g(ok) \u00e9s etikai bizotts\u00e1g(ok) \u00e1ltal szigor\u00faan ellen\u0151rz\u00f6tt \u00e9s enged\u00e9lyezett vizsg\u00e1lat. A vizsg\u00e1lat enged\u00e9lyt csak akkor kaphat, ha a m\u00e1r rendelkez\u00e9sre \u00e1ll\u00f3 kutat\u00e1si eredm\u00e9nyek al\u00e1t\u00e1masztj\u00e1k a tervezett tov\u00e1bbi vizsg\u00e1latokat \u00e9s egy\u00e9rtelm\u0171en azt a c\u00e9lt szolg\u00e1lj\u00e1k, hogy kider\u00fclj\u00f6n, az adott indik\u00e1ci\u00f3s ter\u00fcleten a k\u00e9sz\u00edtm\u00e9ny el\u00e9g hat\u00e9kony \u00e9s biztons\u00e1gos-e ahhoz, hogy kereskedelmi forgalomba\u00a0 ker\u00fclhessen.<\/p>\n<p>Klinik\u00e1nkon az al\u00e1bbi tudom\u00e1nyos munkacsoportok kutat\u00e1saiban vesz\u00fcnk r\u00e9szt:<\/p>\n<ul>\n<li><a href=\"https:\/\/semmelweis.hu\/tuzoltoklinika\/en\/researches\/all-ic\/\" target=\"_blank\" rel=\"noopener\">ALL recid\u00edva (ALL-IC REL projekt)<\/a><\/li>\n<li><a href=\"https:\/\/semmelweis.hu\/tuzoltoklinika\/en\/researches\/biomarker\/\" target=\"_blank\" rel=\"noopener\">ALL liquor biomarkerek<\/a><\/li>\n<li><a href=\"https:\/\/semmelweis.hu\/tuzoltoklinika\/en\/researches\/cytogenetics\/\" target=\"_blank\" rel=\"noopener\">Cytogenetika<\/a><\/li>\n<li><a href=\"https:\/\/semmelweis.hu\/tuzoltoklinika\/en\/researches\/genetics\/\" target=\"_blank\" rel=\"noopener\">Genetika<\/a><\/li>\n<li><a href=\"https:\/\/semmelweis.hu\/tuzoltoklinika\/en\/researches\/growth-disorders\/\" target=\"_blank\" rel=\"noopener\">N\u00f6veked\u00e9si zavarok<\/a><\/li>\n<li><a href=\"https:\/\/semmelweis.hu\/tuzoltoklinika\/en\/researches\/technological-advances-in-peadiatrics\/\" target=\"_blank\" rel=\"noopener\">Technol\u00f3giai fejleszt\u00e9sek a gyermekgy\u00f3gy\u00e1szatban<\/a><\/li>\n<\/ul>\n","protected":false},"excerpt":{"rendered":"<p>Mi\u00e9rt van sz\u00fcks\u00e9g klinikai kutat\u00e1sokra? Az orvostudom\u00e1nyok \u00e9s a technol\u00f3gia fejl\u0151d\u00e9s\u00e9nek k\u00f6sz\u00f6nhet\u0151en ma m\u00e1r nagyon sok betegs\u00e9g kezelhet\u0151 eredm\u00e9nyesen gy\u00f3gyszeres ter\u00e1pi\u00e1val.\u00a0A klinikai kutat\u00e1sok lehet\u0151s\u00e9get teremtenek \u00faj, hat\u00e9kony ter\u00e1pi\u00e1s lehet\u0151s\u00e9gek keres\u00e9s\u00e9re, felfedez\u00e9s\u00e9re, esetenk\u00e9nt a m\u00e1r ismert gy\u00f3gyszer molekul\u00e1k \u00faj indik\u00e1ci\u00f3kban val\u00f3 alkalmaz\u00e1s\u00e1ra. A gy\u00f3gyszerek hat\u00e1soss\u00e1g\u00e1nak, biztons\u00e1goss\u00e1g\u00e1nak jav\u00edt\u00e1s\u00e1ban, az \u00faj gy\u00f3gyszerek fejleszt\u00e9s\u00e9ben a klinikai vizsg\u00e1latok nagyon fontos &hellip;<\/p>\n","protected":false},"author":101602,"featured_media":0,"parent":0,"menu_order":0,"comment_status":"closed","ping_status":"closed","template":"","meta":{"_acf_changed":false,"footnotes":""},"categories":[],"tags":[],"class_list":["post-7131","page","type-page","status-publish","hentry"],"acf":[],"_links":{"self":[{"href":"https:\/\/semmelweis.hu\/tuzoltoklinika\/wp-json\/wp\/v2\/pages\/7131","targetHints":{"allow":["GET"]}}],"collection":[{"href":"https:\/\/semmelweis.hu\/tuzoltoklinika\/wp-json\/wp\/v2\/pages"}],"about":[{"href":"https:\/\/semmelweis.hu\/tuzoltoklinika\/wp-json\/wp\/v2\/types\/page"}],"author":[{"embeddable":true,"href":"https:\/\/semmelweis.hu\/tuzoltoklinika\/wp-json\/wp\/v2\/users\/101602"}],"replies":[{"embeddable":true,"href":"https:\/\/semmelweis.hu\/tuzoltoklinika\/wp-json\/wp\/v2\/comments?post=7131"}],"version-history":[{"count":10,"href":"https:\/\/semmelweis.hu\/tuzoltoklinika\/wp-json\/wp\/v2\/pages\/7131\/revisions"}],"predecessor-version":[{"id":10453,"href":"https:\/\/semmelweis.hu\/tuzoltoklinika\/wp-json\/wp\/v2\/pages\/7131\/revisions\/10453"}],"wp:attachment":[{"href":"https:\/\/semmelweis.hu\/tuzoltoklinika\/wp-json\/wp\/v2\/media?parent=7131"}],"wp:term":[{"taxonomy":"category","embeddable":true,"href":"https:\/\/semmelweis.hu\/tuzoltoklinika\/wp-json\/wp\/v2\/categories?post=7131"},{"taxonomy":"post_tag","embeddable":true,"href":"https:\/\/semmelweis.hu\/tuzoltoklinika\/wp-json\/wp\/v2\/tags?post=7131"}],"curies":[{"name":"wp","href":"https:\/\/api.w.org\/{rel}","templated":true}]}}