{"id":7123,"date":"2021-02-12T09:00:00","date_gmt":"2021-02-12T08:00:00","guid":{"rendered":"https:\/\/semmelweis.hu\/gyermekklinika2\/?page_id=7123"},"modified":"2024-06-26T13:50:32","modified_gmt":"2024-06-26T11:50:32","slug":"vke-palyazat","status":"publish","type":"page","link":"https:\/\/semmelweis.hu\/tuzoltoklinika\/bemutatkozas\/elnyert-palyazataink\/vke-palyazat\/","title":{"rendered":"VKE  Kutat\u00e1si P\u00e1ly\u00e1zat"},"content":{"rendered":"<h2 style=\"text-align: center\"><span style=\"font-size: 18pt\">P\u00e1ly\u00e1zat: 2018-1.3.1 &#8211; VKE-2018-00032<\/span><\/h2>\n<div style=\"text-align: center\">Photoscreen: Rosszindulat\u00fa daganatos betegs\u00e9gek m\u0171t\u00e9t k\u00f6zbeni molekul\u00e1ris patol\u00f3giai diagnosztik\u00e1ja mesters\u00e9ges intelligenci\u00e1val t\u00e1mogatott l\u00e9zer mikroszk\u00f3p seg\u00edts\u00e9g\u00e9vel<\/div>\n<div>\u00a0<\/div>\n<div><strong>R\u00e9sztvev\u0151k:<\/strong><\/div>\n<ul>\n<li><a href=\"https:\/\/www.77ing.hu\/index.html#ceginformacio\" target=\"_blank\" rel=\"noopener\">77 ING Vagyongazd\u00e1lkod\u00e1si Kft.<\/a><\/li>\n<li><a href=\"https:\/\/femtonics.eu\/\">Femtonics Kft.<\/a><\/li>\n<li><a href=\"https:\/\/www.ttk.hun-ren.hu\/\" target=\"_blank\" rel=\"noopener\">Term\u00e9szettudom\u00e1nyi Kutat\u00f3k\u00f6zpont<\/a><\/li>\n<li>Semmelweis Egyetem II. sz. Gyermekgy\u00f3gy\u00e1szati Klinika (SE Gyermekgy\u00f3gy\u00e1szati Klinika T\u0171zolt\u00f3 utcai r\u00e9szleg)<\/li>\n<\/ul>\n<p><strong>Futamid\u0151:<\/strong> 2020. janu\u00e1r 1. &#8211; 2022. december 31.\u00a0<\/p>\n<p><strong>T\u00e1mogat\u00e1si \u00f6sszeg:<\/strong> 1.269.562.585.- Ft<\/p>\n<p><strong>Finansz\u00edroz\u00f3:<\/strong> NKFIH<\/p>\n<p style=\"text-align: justify\"><strong>A projekt \u00f6sszefoglal\u00f3ja:\u00a0<\/strong> A projekt sor\u00e1n k\u00e9t teljesen magyar tulajdon\u00fa c\u00e9g \u00e9s az MTA-TTTK, illetve a Semmelweis Egyetem, haz\u00e1nk kimagasl\u00f3 kutat\u00f3i a hazai v\u00e1llalatok gy\u00e1rt\u00e1si kapacit\u00e1s\u00e1nak felhaszn\u00e1l\u00e1s\u00e1val, nagy hozz\u00e1adott \u00e9rt\u00e9kkel rendelkez\u0151, teljesen \u00faj piaci szegmenset megc\u00e9lz\u00f3, endoszk\u00f3pi\u00e1s mikroszk\u00f3p term\u00e9keket hoznak l\u00e9tre, amelyek jelent\u0151s export bev\u00e9tel t\u00f6bbletet hoznak. A l\u00e9trej\u00f6v\u0151 komplex SRS endoszk\u00f3p fejleszt\u00e9se forradalmas\u00edtja az onkol\u00f3gia sor\u00e1n alkalmazott modern mikroszk\u00f3pi\u00e1s k\u00e9palkot\u00e1st. A megval\u00f3s\u00edt\u00e1s sor\u00e1n keletkez\u0151 eredm\u00e9nyek el\u0151seg\u00edtik az \u00fajabb, fejlett orvosi \u00e9s m\u0171szeres diagnosztikai \u00e9s ter\u00e1pi\u00e1s elj\u00e1r\u00e1sok l\u00e9trej\u00f6tt\u00e9t, \u00edgy kiv\u00e1l\u00f3an illeszkedik az Eg\u00e9szs\u00e9ges T\u00e1rsadalom Nemzeti \u00c1gazati \u00e9s az IKT eszk\u00f6z\u00f6k priorit\u00e1sokhoz, tov\u00e1bb\u00e1 sz\u00e1mos tudom\u00e1nyos k\u00f6zlem\u00e9nyhez \u00e9s szabadalomhoz vezetnek. A t\u00f6bb ezer sejt egyidej\u0171 vizsg\u00e1lat\u00e1b\u00f3l r\u00f6vid id\u0151 alatt keletkez\u0151 nagy mennyis\u00e9g\u0171 inform\u00e1ci\u00f3 t\u00e1rol\u00e1sa, gyors elemz\u00e9se \u00e9s \u00f6sszehasonl\u00edt\u00e1sa, kulcsfontoss\u00e1g\u00fa, \u00edgy a specifikus inform\u00e1ci\u00f3s technol\u00f3gia \u00e9s a biotechnol\u00f3giai ter\u00fclet bevon\u00e1s\u00e1val a p\u00e1ly\u00e1zat az infobionika ter\u00fclet\u00e9hez is kapcsol\u00f3dik, bevonva a &#8222;big data&#8221; szeml\u00e9letet. A projekt alapj\u00e1t egy, a mesters\u00e9ges intelligenci\u00e1n alapul\u00f3 algoritmus alkotja. A k\u00e9t-foton mikroszk\u00f3p a hazai orvostudom\u00e1nyi \u00e9s biotechnol\u00f3giai kutat\u00e1sokban fontos eszk\u00f6z, a Femtonics Kft. sz\u00e1mos hazai rangos int\u00e9zm\u00e9nyt szerelt fel k\u00e9t-foton mikroszk\u00f3ppal. Az \u00fajszer\u0171 endoszk\u00f3p protot\u00edpus\u00e1nak l\u00e9trehoz\u00e1s\u00e1val, majd k\u00e9s\u0151bbi \u00e9rt\u00e9kes\u00edt\u00e9s\u00e9vel hozz\u00e1j\u00e1rul az orsz\u00e1g \u00e9s t\u00f6bb c\u00e9g gazdas\u00e1gi versenyk\u00e9pess\u00e9g\u00e9nek n\u00f6veked\u00e9s\u00e9hez \u00e9s jelent\u0151sen k\u00f6zelebb visz a tumoros betegs\u00e9gek pontosabb meg\u00e9rt\u00e9s\u00e9hez, diagnosztik\u00e1j\u00e1hoz \u00e9s ter\u00e1pi\u00e1j\u00e1hoz. Ez a t\u00f6rekv\u00e9s egy\u00e9rtelm\u0171en kapcsol\u00f3dik az intelligens technol\u00f3gi\u00e1khoz a fotonika, bionika \u00e9s l\u00e9zertechnol\u00f3gia ter\u00fclet\u00e9hez. Az \u00fajszer\u0171 fluoreszcens jel\u00f6l\u00e9ssel ell\u00e1tott antitestek fejleszt\u00e9se, majd a k\u00e9s\u0151bbi hum\u00e1n enged\u00e9lyeztet\u00e9s elind\u00edt\u00e1s\u00e1hoz sz\u00fcks\u00e9ges farmakol\u00f3giai \u00e9s toxikol\u00f3giai vizsg\u00e1lata megnyitja az utat az \u00fajszer\u0171 azonnali ter\u00e1pi\u00e1k el\u0151tt.<\/p>\n<div>\n<div>\u200b<a href=\"https:\/\/semmelweis.hu\/tuzoltoklinika\/files\/2021\/06\/NKFIA_infoblokk_kerettel_projekt_allo_2019_HU-png.png\"><img loading=\"lazy\" decoding=\"async\" class=\"aligncenter size-large wp-image-7499\" src=\"https:\/\/semmelweis.hu\/tuzoltoklinika\/files\/2021\/06\/NKFIA_infoblokk_kerettel_projekt_allo_2019_HU-png-1024x564.png\" alt=\"\" width=\"753\" height=\"415\" srcset=\"https:\/\/semmelweis.hu\/tuzoltoklinika\/files\/2021\/06\/NKFIA_infoblokk_kerettel_projekt_allo_2019_HU-png-1024x564.png 1024w, https:\/\/semmelweis.hu\/tuzoltoklinika\/files\/2021\/06\/NKFIA_infoblokk_kerettel_projekt_allo_2019_HU-png-400x220.png 400w, https:\/\/semmelweis.hu\/tuzoltoklinika\/files\/2021\/06\/NKFIA_infoblokk_kerettel_projekt_allo_2019_HU-png-768x423.png 768w, https:\/\/semmelweis.hu\/tuzoltoklinika\/files\/2021\/06\/NKFIA_infoblokk_kerettel_projekt_allo_2019_HU-png-1536x846.png 1536w, https:\/\/semmelweis.hu\/tuzoltoklinika\/files\/2021\/06\/NKFIA_infoblokk_kerettel_projekt_allo_2019_HU-png-2048x1128.png 2048w, https:\/\/semmelweis.hu\/tuzoltoklinika\/files\/2021\/06\/NKFIA_infoblokk_kerettel_projekt_allo_2019_HU-png-753x415.png 753w\" sizes=\"auto, (max-width: 753px) 100vw, 753px\" \/><\/a>\u200b<\/p>\n<div>\u00a0<\/div>\n<div>\u00a0<\/div>\n<div>\u00a0<\/div>\n<div>\u00a0<\/div>\n<\/div>\n<div>\n<div>\u00a0<\/div>\n<div style=\"text-align: center\"><a href=\"https:\/\/semmelweis.hu\/tuzoltoklinika\/files\/2021\/02\/NKFIA_infoblokk_kerettel_projekt_allo_2019_HU.tif\"><img loading=\"lazy\" decoding=\"async\" class=\"alignleft size-thumbnail wp-image-7167\" src=\"https:\/\/semmelweis.hu\/tuzoltoklinika\/files\/2021\/02\/NKFIA_infoblokk_kerettel_projekt_allo_2019_HU.tif\" alt=\"\" width=\"1\" height=\"1\" \/><\/a><a href=\"https:\/\/semmelweis.hu\/tuzoltoklinika\/files\/2021\/02\/NKFIA_infoblokk_kerettel_projekt_allo_2019_HU.tif\"><img loading=\"lazy\" decoding=\"async\" class=\"alignleft size-thumbnail wp-image-7167\" src=\"https:\/\/semmelweis.hu\/tuzoltoklinika\/files\/2021\/02\/NKFIA_infoblokk_kerettel_projekt_allo_2019_HU.tif\" alt=\"\" width=\"1\" height=\"1\" \/><\/a><\/div>\n<\/div>\n<\/div>\n<div><\/p>\n<div>\u00a0<\/div>\n<\/div>\n<div>\n<div>\u00a0<\/div>\n<div>\u00a0<\/div>\n<div>\u00a0<\/div>\n<\/div>\n<div>\u00a0<\/div>\n<p>&nbsp;<\/p>\n","protected":false},"excerpt":{"rendered":"<p>P\u00e1ly\u00e1zat: 2018-1.3.1 &#8211; VKE-2018-00032 Photoscreen: Rosszindulat\u00fa daganatos betegs\u00e9gek m\u0171t\u00e9t k\u00f6zbeni molekul\u00e1ris patol\u00f3giai diagnosztik\u00e1ja mesters\u00e9ges intelligenci\u00e1val t\u00e1mogatott l\u00e9zer mikroszk\u00f3p seg\u00edts\u00e9g\u00e9vel \u00a0 R\u00e9sztvev\u0151k: <a href=\"https:\/\/www.77ing.hu\/index.html#ceginformacio\" target=\"_blank\" rel=\"noopener\">77 ING Vagyongazd\u00e1lkod\u00e1si Kft.<\/a> <a href=\"https:\/\/femtonics.eu\/\">Femtonics Kft.<\/a> <a href=\"https:\/\/www.ttk.hun-ren.hu\/\" target=\"_blank\" rel=\"noopener\">Term\u00e9szettudom\u00e1nyi Kutat\u00f3k\u00f6zpont<\/a> Semmelweis Egyetem II. sz. Gyermekgy\u00f3gy\u00e1szati Klinika (SE Gyermekgy\u00f3gy\u00e1szati Klinika T\u0171zolt\u00f3 utcai r\u00e9szleg) Futamid\u0151: 2020. janu\u00e1r 1. &#8211; 2022. december 31.\u00a0 T\u00e1mogat\u00e1si \u00f6sszeg: 1.269.562.585.- Ft Finansz\u00edroz\u00f3: NKFIH A projekt \u00f6sszefoglal\u00f3ja:\u00a0 A projekt sor\u00e1n k\u00e9t teljesen &hellip;<\/p>\n","protected":false},"author":101602,"featured_media":0,"parent":3949,"menu_order":2,"comment_status":"closed","ping_status":"closed","template":"","meta":{"_acf_changed":false,"footnotes":""},"categories":[],"tags":[],"class_list":["post-7123","page","type-page","status-publish","hentry"],"acf":[],"_links":{"self":[{"href":"https:\/\/semmelweis.hu\/tuzoltoklinika\/wp-json\/wp\/v2\/pages\/7123","targetHints":{"allow":["GET"]}}],"collection":[{"href":"https:\/\/semmelweis.hu\/tuzoltoklinika\/wp-json\/wp\/v2\/pages"}],"about":[{"href":"https:\/\/semmelweis.hu\/tuzoltoklinika\/wp-json\/wp\/v2\/types\/page"}],"author":[{"embeddable":true,"href":"https:\/\/semmelweis.hu\/tuzoltoklinika\/wp-json\/wp\/v2\/users\/101602"}],"replies":[{"embeddable":true,"href":"https:\/\/semmelweis.hu\/tuzoltoklinika\/wp-json\/wp\/v2\/comments?post=7123"}],"version-history":[{"count":11,"href":"https:\/\/semmelweis.hu\/tuzoltoklinika\/wp-json\/wp\/v2\/pages\/7123\/revisions"}],"predecessor-version":[{"id":7165,"href":"https:\/\/semmelweis.hu\/tuzoltoklinika\/wp-json\/wp\/v2\/pages\/7123\/revisions\/7165"}],"up":[{"embeddable":true,"href":"https:\/\/semmelweis.hu\/tuzoltoklinika\/wp-json\/wp\/v2\/pages\/3949"}],"wp:attachment":[{"href":"https:\/\/semmelweis.hu\/tuzoltoklinika\/wp-json\/wp\/v2\/media?parent=7123"}],"wp:term":[{"taxonomy":"category","embeddable":true,"href":"https:\/\/semmelweis.hu\/tuzoltoklinika\/wp-json\/wp\/v2\/categories?post=7123"},{"taxonomy":"post_tag","embeddable":true,"href":"https:\/\/semmelweis.hu\/tuzoltoklinika\/wp-json\/wp\/v2\/tags?post=7123"}],"curies":[{"name":"wp","href":"https:\/\/api.w.org\/{rel}","templated":true}]}}