{"id":64,"date":"2013-02-06T10:28:24","date_gmt":"2013-02-06T09:28:24","guid":{"rendered":"http:\/\/tuzoltoklinika.semmelweis.hu\/?page_id=64"},"modified":"2026-03-05T10:10:24","modified_gmt":"2026-03-05T09:10:24","slug":"kapcsolat","status":"publish","type":"page","link":"https:\/\/semmelweis.hu\/tuzoltoklinika\/kapcsolat\/","title":{"rendered":"Kapcsolat"},"content":{"rendered":"<h4><strong>Semmelweis Egyetem, Gyermekgy\u00f3gy\u00e1szati Klinika, T\u0171zolt\u00f3 utcai r\u00e9szleg<\/strong><\/h4>\n<p><strong>C\u00edm:<\/strong> 1094 Budapest, T\u0171zolt\u00f3 u. 7-9.<br \/>\n<strong>Postac\u00edm:<\/strong> 1085 Budapest, \u00dcll\u0151i \u00fat 26.<br \/>\n<b>Igazgat\u00f3: <\/b>Dr. Szab\u00f3 Attila<br \/>\n<strong>Tansz\u00e9kvezet\u0151:<\/strong> Dr. Kov\u00e1cs G\u00e1bor<br \/>\n<strong>K\u00f6zponti telefonsz\u00e1m: <\/strong>+36 1 215 1380<br \/>\n<strong>K\u00f6zponti e-mail c\u00edm:<\/strong> titkarsag.tuzoltoklinika@semmelweis.hu<\/p>\n<p><a href=\"https:\/\/semmelweis.hu\/tuzoltoklinika\/bemutatkozas\/betegjogi-kepviselet\/\" target=\"_blank\" rel=\"noopener noreferrer\">Betegjogi k\u00e9pvisel\u0151 el\u00e9rhet\u0151s\u00e9ge \u2192<\/a><\/p>\n<p><strong>Figyelem, Klinik\u00e1nk bej\u00e1rata<\/strong><strong> az Angyal utca 39. fel\u0151l \u00e9rhet\u0151 el!<\/strong><\/p>\n<p>\n<!-- iframe plugin v.4.9 wordpress.org\/plugins\/iframe\/ -->\n<iframe loading=\"lazy\" src=\"https:\/\/maps.google.hu\/maps?f=q&#038;source=s_q&#038;hl=hu&#038;geocode=&#038;q=Budapest,+Angyal+utca+39&#038;aq=0&#038;oq=Angyal+utca+39.&#038;sll=47.161161,19.505383&#038;sspn=5.69268,9.766846&#038;t=m&#038;ie=UTF8&#038;hq=&#038;hnear=1094+Budapest,+IX.+ker%C3%BClet,+Angyal+utca+39&#038;z=14&#038;iwloc=A&#038;output=embed\" width=\"100%\" height=\"300\" scrolling=\"yes\" class=\"iframe-class\" frameborder=\"0\"><\/iframe>\n <small><a href=\"https:\/\/maps.google.hu\/maps?f=q&amp;source=embed&amp;hl=hu&amp;geocode=&amp;q=Budapest,+Angyal+utca+39&amp;aq=0&amp;oq=Angyal+utca+39.&amp;sll=47.161161,19.505383&amp;sspn=5.69268,9.766846&amp;t=m&amp;ie=UTF8&amp;hq=&amp;hnear=1094+Budapest,+IX.+ker%C3%BClet,+Angyal+utca+39&amp;z=14&amp;iwloc=A\" target=\"_blank\" rel=\"noopener noreferrer\">Nagyobb t\u00e9rk\u00e9pre v\u00e1lt\u00e1s<\/a><\/small><\/p>\n<hr \/>\n<p><a href=\"https:\/\/www.carepark.hu\/\" target=\"_blank\" rel=\"noopener noreferrer\">Parkol\u00e1sban partner\u00fcnk a Care Park<\/a><\/p>\n<p><strong>Parkol\u00e1si lehet\u0151s\u00e9g:<\/strong> Liliom Parkol\u00f3h\u00e1z &#8211; 1094 Bp., Liliom utca 43-45.<\/p>\n<p>A klinik\u00e1ra \u00e9rkez\u0151 betegek \u00e9s hozz\u00e1tartoz\u00f3ik 25% kedvezm\u00e9nnyel parkolhatnak a mindenkori \u00f3rad\u00edjb\u00f3l. A kedvezm\u00e9nyre jogos\u00edt\u00f3 k\u00e1rty\u00e1kat keress\u00e9k klinik\u00e1nkon.<\/p>\n<p>A voucherek haszn\u00e1lat\u00e1r\u00f3l:<\/p>\n<ul>\n<li>a l\u00e1togat\u00f3k jegyh\u00faz\u00e1ssal be\u00e1llnak a parkol\u00f3h\u00e1zba,<\/li>\n<li>t\u00e1voz\u00e1skor a Betegfelv\u00e9teli pultn\u00e1l k\u00e9rhetik a vouchert,<\/li>\n<li>kihajt\u00e1skor el\u0151sz\u00f6r sz\u00fcks\u00e9ges \u00e9rv\u00e9nyes\u00edteni a h\u00fazott jegyet,<\/li>\n<li>majd \u00e9rv\u00e9nyes\u00edteni a vouchert, ami levonja a kedvezm\u00e9nyt, \u00edgy az ezzel cs\u00f6kkentett \u00f6sszeget kell fizetni.<\/li>\n<\/ul>\n<p>\n<!-- iframe plugin v.4.9 wordpress.org\/plugins\/iframe\/ -->\n<iframe loading=\"lazy\" src=\"https:\/\/maps.google.hu\/maps?f=q&#038;source=s_q&#038;hl=hu&#038;geocode=&#038;q=Budapest,+Liliom+utca+43.-45&#038;aq=0&#038;oq=Liliom+utca+43.-45&#038;sll=47.483645,19.0706&#038;sspn=0.01105,0.019076&#038;ie=UTF8&#038;hq=&#038;hnear=1094+Budapest,+IX.+ker%C3%BClet,+Liliom+utca+43&#038;t=m&#038;z=14&#038;iwloc=A&#038;output=embed\" width=\"100%\" height=\"300\" scrolling=\"yes\" class=\"iframe-class\" frameborder=\"0\"><\/iframe>\n <small><a href=\"https:\/\/maps.google.hu\/maps?f=q&amp;source=embed&amp;hl=hu&amp;geocode=&amp;q=Budapest,+Liliom+utca+43.-45&amp;aq=0&amp;oq=Liliom+utca+43.-45&amp;sll=47.483645,19.0706&amp;sspn=0.01105,0.019076&amp;ie=UTF8&amp;hq=&amp;hnear=1094+Budapest,+IX.+ker%C3%BClet,+Liliom+utca+43&amp;t=m&amp;z=14&amp;iwloc=A\">Nagyobb t\u00e9rk\u00e9pre v\u00e1lt\u00e1s<\/a><\/small><\/p>\n","protected":false},"excerpt":{"rendered":"<p>Semmelweis Egyetem, Gyermekgy\u00f3gy\u00e1szati Klinika, T\u0171zolt\u00f3 utcai r\u00e9szleg C\u00edm: 1094 Budapest, T\u0171zolt\u00f3 u. 7-9. Postac\u00edm: 1085 Budapest, \u00dcll\u0151i \u00fat 26. Igazgat\u00f3: Dr. Szab\u00f3 Attila Tansz\u00e9kvezet\u0151: Dr. Kov\u00e1cs G\u00e1bor K\u00f6zponti telefonsz\u00e1m: +36 1 215 1380 K\u00f6zponti e-mail c\u00edm: titkarsag.tuzoltoklinika@semmelweis.hu <a href=\"https:\/\/semmelweis.hu\/tuzoltoklinika\/bemutatkozas\/betegjogi-kepviselet\/\" target=\"_blank\" rel=\"noopener noreferrer\">Betegjogi k\u00e9pvisel\u0151 el\u00e9rhet\u0151s\u00e9ge \u2192<\/a> Figyelem, Klinik\u00e1nk bej\u00e1rata az Angyal utca 39. fel\u0151l \u00e9rhet\u0151 el! <a href=\"https:\/\/maps.google.hu\/maps?f=q&amp;source=embed&amp;hl=hu&amp;geocode=&amp;q=Budapest,+Angyal+utca+39&amp;aq=0&amp;oq=Angyal+utca+39.&amp;sll=47.161161,19.505383&amp;sspn=5.69268,9.766846&amp;t=m&amp;ie=UTF8&amp;hq=&amp;hnear=1094+Budapest,+IX.+ker%C3%BClet,+Angyal+utca+39&amp;z=14&amp;iwloc=A\" target=\"_blank\" rel=\"noopener noreferrer\">Nagyobb t\u00e9rk\u00e9pre v\u00e1lt\u00e1s<\/a> <a href=\"https:\/\/www.carepark.hu\/\" target=\"_blank\" rel=\"noopener noreferrer\">Parkol\u00e1sban partner\u00fcnk a Care Park<\/a> Parkol\u00e1si lehet\u0151s\u00e9g: Liliom Parkol\u00f3h\u00e1z &#8211; 1094 Bp., Liliom &hellip;<\/p>\n","protected":false},"author":158,"featured_media":0,"parent":0,"menu_order":7,"comment_status":"closed","ping_status":"closed","template":"template-fullwidth.php","meta":{"_acf_changed":false,"footnotes":""},"categories":[],"tags":[],"class_list":["post-64","page","type-page","status-publish","hentry"],"acf":[],"_links":{"self":[{"href":"https:\/\/semmelweis.hu\/tuzoltoklinika\/wp-json\/wp\/v2\/pages\/64","targetHints":{"allow":["GET"]}}],"collection":[{"href":"https:\/\/semmelweis.hu\/tuzoltoklinika\/wp-json\/wp\/v2\/pages"}],"about":[{"href":"https:\/\/semmelweis.hu\/tuzoltoklinika\/wp-json\/wp\/v2\/types\/page"}],"author":[{"embeddable":true,"href":"https:\/\/semmelweis.hu\/tuzoltoklinika\/wp-json\/wp\/v2\/users\/158"}],"replies":[{"embeddable":true,"href":"https:\/\/semmelweis.hu\/tuzoltoklinika\/wp-json\/wp\/v2\/comments?post=64"}],"version-history":[{"count":13,"href":"https:\/\/semmelweis.hu\/tuzoltoklinika\/wp-json\/wp\/v2\/pages\/64\/revisions"}],"predecessor-version":[{"id":12107,"href":"https:\/\/semmelweis.hu\/tuzoltoklinika\/wp-json\/wp\/v2\/pages\/64\/revisions\/12107"}],"wp:attachment":[{"href":"https:\/\/semmelweis.hu\/tuzoltoklinika\/wp-json\/wp\/v2\/media?parent=64"}],"wp:term":[{"taxonomy":"category","embeddable":true,"href":"https:\/\/semmelweis.hu\/tuzoltoklinika\/wp-json\/wp\/v2\/categories?post=64"},{"taxonomy":"post_tag","embeddable":true,"href":"https:\/\/semmelweis.hu\/tuzoltoklinika\/wp-json\/wp\/v2\/tags?post=64"}],"curies":[{"name":"wp","href":"https:\/\/api.w.org\/{rel}","templated":true}]}}