{"id":6368,"date":"2020-09-04T10:59:09","date_gmt":"2020-09-04T08:59:09","guid":{"rendered":"https:\/\/semmelweis.hu\/gyermekklinika2\/?page_id=6368"},"modified":"2026-01-12T11:12:27","modified_gmt":"2026-01-12T10:12:27","slug":"oktatasi-ugyintezes","status":"publish","type":"page","link":"https:\/\/semmelweis.hu\/tuzoltoklinika\/oktatas\/oktatasi-ugyintezes\/","title":{"rendered":"Oktat\u00e1si \u00fcgyint\u00e9z\u00e9s"},"content":{"rendered":"<p style=\"text-align: center\">Kedves Hallgat\u00f3!<\/p>\n<p style=\"text-align: center\">Minden oktat\u00e1ssal kapcsolatos \u00fcgyben kiz\u00e1r\u00f3lag az al\u00e1bbi email c\u00edmen kommunik\u00e1lunk:<\/p>\n<p style=\"text-align: center\"><strong><span style=\"color: #ff0000\">oktatas@gyerekklinika.com<\/span><\/strong><\/p>\n<p style=\"text-align: center\">A g\u00f6rd\u00fcl\u00e9keny \u00fcgyint\u00e9z\u00e9s \u00fcgy\u00e9ben k\u00e9r\u00fcnk, add meg az e-mail t\u00e1rgy\u00e1ban az \u00e9vfolyamod \u00e9s a k\u00e9rd\u00e9sed f\u0151 t\u00e9m\u00e1j\u00e1t (vizsga, neptun, spec. tanulm\u00e1nyi probl\u00e9ma). Amennyiben t\u00e1rgy n\u00e9lk\u00fcl \u00edrsz nek\u00fcnk, az \u00fcgyint\u00e9z\u00e9s hosszabb id\u0151t vehet ig\u00e9nybe.<\/p>\n<p style=\"text-align: center\">K\u00f6sz\u00f6nettel:<\/p>\n<p style=\"text-align: center\">A\u00a0 Gyermekklinika T\u0171zolt\u00f3 utcai r\u00e9szleg\u00e9nek Oktat\u00e1si felel\u0151sei<\/p>\n<p>&nbsp;<\/p>\n<p style=\"text-align: center\">\u00a0<\/p>\n","protected":false},"excerpt":{"rendered":"<p>Kedves Hallgat\u00f3! Minden oktat\u00e1ssal kapcsolatos \u00fcgyben kiz\u00e1r\u00f3lag az al\u00e1bbi email c\u00edmen kommunik\u00e1lunk: oktatas@gyerekklinika.com A g\u00f6rd\u00fcl\u00e9keny \u00fcgyint\u00e9z\u00e9s \u00fcgy\u00e9ben k\u00e9r\u00fcnk, add meg az e-mail t\u00e1rgy\u00e1ban az \u00e9vfolyamod \u00e9s a k\u00e9rd\u00e9sed f\u0151 t\u00e9m\u00e1j\u00e1t (vizsga, neptun, spec. tanulm\u00e1nyi probl\u00e9ma). Amennyiben t\u00e1rgy n\u00e9lk\u00fcl \u00edrsz nek\u00fcnk, az \u00fcgyint\u00e9z\u00e9s hosszabb id\u0151t vehet ig\u00e9nybe. K\u00f6sz\u00f6nettel: A\u00a0 Gyermekklinika T\u0171zolt\u00f3 utcai r\u00e9szleg\u00e9nek Oktat\u00e1si felel\u0151sei &nbsp; &hellip;<\/p>\n","protected":false},"author":101602,"featured_media":0,"parent":2298,"menu_order":1,"comment_status":"closed","ping_status":"closed","template":"","meta":{"_acf_changed":false,"footnotes":""},"categories":[],"tags":[],"class_list":["post-6368","page","type-page","status-publish","hentry"],"acf":[],"_links":{"self":[{"href":"https:\/\/semmelweis.hu\/tuzoltoklinika\/wp-json\/wp\/v2\/pages\/6368","targetHints":{"allow":["GET"]}}],"collection":[{"href":"https:\/\/semmelweis.hu\/tuzoltoklinika\/wp-json\/wp\/v2\/pages"}],"about":[{"href":"https:\/\/semmelweis.hu\/tuzoltoklinika\/wp-json\/wp\/v2\/types\/page"}],"author":[{"embeddable":true,"href":"https:\/\/semmelweis.hu\/tuzoltoklinika\/wp-json\/wp\/v2\/users\/101602"}],"replies":[{"embeddable":true,"href":"https:\/\/semmelweis.hu\/tuzoltoklinika\/wp-json\/wp\/v2\/comments?post=6368"}],"version-history":[{"count":7,"href":"https:\/\/semmelweis.hu\/tuzoltoklinika\/wp-json\/wp\/v2\/pages\/6368\/revisions"}],"predecessor-version":[{"id":11158,"href":"https:\/\/semmelweis.hu\/tuzoltoklinika\/wp-json\/wp\/v2\/pages\/6368\/revisions\/11158"}],"up":[{"embeddable":true,"href":"https:\/\/semmelweis.hu\/tuzoltoklinika\/wp-json\/wp\/v2\/pages\/2298"}],"wp:attachment":[{"href":"https:\/\/semmelweis.hu\/tuzoltoklinika\/wp-json\/wp\/v2\/media?parent=6368"}],"wp:term":[{"taxonomy":"category","embeddable":true,"href":"https:\/\/semmelweis.hu\/tuzoltoklinika\/wp-json\/wp\/v2\/categories?post=6368"},{"taxonomy":"post_tag","embeddable":true,"href":"https:\/\/semmelweis.hu\/tuzoltoklinika\/wp-json\/wp\/v2\/tags?post=6368"}],"curies":[{"name":"wp","href":"https:\/\/api.w.org\/{rel}","templated":true}]}}