{"id":3998,"date":"2019-06-13T10:08:35","date_gmt":"2019-06-13T08:08:35","guid":{"rendered":"http:\/\/semmelweis.hu\/gyermekklinika2\/?page_id=3998"},"modified":"2024-10-10T15:21:14","modified_gmt":"2024-10-10T13:21:14","slug":"altalanos-informaciok-a-jarobetegrendelesekrol","status":"publish","type":"page","link":"https:\/\/semmelweis.hu\/tuzoltoklinika\/betegellatas\/altalanos-informaciok-a-jarobetegrendelesekrol\/","title":{"rendered":"J\u00e1r\u00f3beteg ell\u00e1t\u00e1s"},"content":{"rendered":"<p style=\"text-align: justify\">Int\u00e9zm\u00e9ny\u00fcnkben a<strong> J\u00e1r\u00f3beteg-ell\u00e1t\u00e1s <\/strong>el\u0151zetes id\u0151pont egyeztet\u00e9ssel vagy s\u00fcrg\u0151ss\u00e9ggel t\u00f6rt\u00e9nik. Az el\u0151jegyz\u00e9s szem\u00e9lyesen vagy telefonon t\u00f6rt\u00e9nhet az adott ambulanci\u00e1n\/szakrendel\u0151ben: <a href=\"https:\/\/semmelweis.hu\/tuzoltoklinika\/betegellatas\/rendelesi-beosztas-2\/\" target=\"_blank\" rel=\"noopener\">https:\/\/semmelweis.hu\/tuzoltoklinika\/betegellatas\/rendelesi-beosztas-2\/<\/a><\/p>\n<p style=\"text-align: justify\">Felv\u00e9telre az al\u00e1bbi iratokkal kell jelentkezni: beutal\u00f3, szem\u00e9lyi igazolv\u00e1ny, TAJ k\u00e1rtya, lakc\u00edm k\u00e1rtya<\/p>\n<p style=\"text-align: justify\">A sz\u00e1m\u00edt\u00f3g\u00e9pes rendszerben val\u00f3 r\u00f6gz\u00edt\u00e9se \u00e9s szem\u00e9lyes dokumentumok visszaad\u00e1sa ut\u00e1n a felv\u00e9telt int\u00e9z\u0151 koll\u00e9ga t\u00e1j\u00e9koztatja a beteget, hogy az ambulancia\/ oszt\u00e1ly hol tal\u00e1lhat\u00f3 az \u00e9p\u00fcleten bel\u00fcl. Az int\u00e9zm\u00e9ny\u00fcnkben m\u0171k\u00f6d\u0151 ambul\u00e1ns szakrendel\u00e9sekre baj\u00e1rat az Angyal utca 39. sz\u00e1m alatti f\u0151porta fel\u0151l lehets\u00e9ges.<\/p>\n<ul>\n<li><strong><a href=\"https:\/\/semmelweis.hu\/tuzoltoklinika\/betegellatas\/diagnosztikai-reszlegek\/\">Diagnosztikai r\u00e9szlegek<\/a><\/strong>\n<ul>\n<li style=\"list-style-type: none\">\n<ul>\n<li><a href=\"https:\/\/semmelweis.hu\/tuzoltoklinika\/betegellatas\/diagnosztikai-reszlegek\/eletmod-ambulancia\/\" target=\"_blank\" rel=\"noopener\">\u00c9letm\u00f3d Ambulancia<\/a><\/li>\n<li><a href=\"https:\/\/semmelweis.hu\/tuzoltoklinika\/betegellatas\/diagnosztikai-reszlegek\/epidemiologiai-munkacsoport\/\">Epidemiol\u00f3giai Munkacsoport<\/a><\/li>\n<li><a href=\"https:\/\/semmelweis.hu\/tuzoltoklinika\/betegellatas\/diagnosztikai-reszlegek\/genetikai-reszleg\/\" target=\"_blank\" rel=\"noopener\">Genetikai R\u00e9szleg\u00a0<\/a><\/li>\n<li><a href=\"https:\/\/semmelweis.hu\/tuzoltoklinika\/betegellatas\/diagnosztikai-reszlegek\/gyogytorna\/\" target=\"_blank\" rel=\"noopener\">Gy\u00f3gytorna<\/a><\/li>\n<li><a href=\"https:\/\/semmelweis.hu\/tuzoltoklinika\/betegellatas\/diagnosztikai-reszlegek\/hipertonia-reszleg\/\" target=\"_blank\" rel=\"noopener\">Hipert\u00f3nai R\u00e9szleg<\/a><\/li>\n<li><a href=\"https:\/\/semmelweis.hu\/tuzoltoklinika\/betegellatas\/diagnosztikai-reszlegek\/kardiologia\/\" target=\"_blank\" rel=\"noopener\">Kardiol\u00f3gia<\/a><\/li>\n<li><a href=\"https:\/\/semmelweis.hu\/tuzoltoklinika\/betegellatas\/diagnosztikai-reszlegek\/klinikai-kemiai-laboratorium\/\" target=\"_blank\" rel=\"noopener\">Klinikai K\u00e9miai Laborat\u00f3rium<\/a><\/li>\n<li><a href=\"https:\/\/semmelweis.hu\/tuzoltoklinika\/betegellatas\/diagnosztikai-reszlegek\/osteologia\/\" target=\"_blank\" rel=\"noopener\">Osteol\u00f3gia<\/a><\/li>\n<li><a href=\"https:\/\/semmelweis.hu\/tuzoltoklinika\/betegellatas\/diagnosztikai-reszlegek\/pszicho-szocialis-munkacsoport\/\" target=\"_blank\" rel=\"noopener\">Pszicho-szoci\u00e1lis munkacsoport<\/a><\/li>\n<li>Radiol\u00f3gia<\/li>\n<\/ul>\n<\/li>\n<\/ul>\n<\/li>\n<li><strong><a href=\"https:\/\/semmelweis.hu\/tuzoltoklinika\/betegellatas\/ambulanciak-es-fekvobeteg-osztalyaink\/\">Ambulanci\u00e1k \u00e9s fekv\u0151beteg oszt\u00e1lyaink<\/a><\/strong>\n<ul>\n<li><a href=\"https:\/\/semmelweis.hu\/tuzoltoklinika\/betegellatas\/ambulanciak-es-fekvobeteg-osztalyaink\/endokrinologia\/\">Endokrinol\u00f3gia<\/a><\/li>\n<li><a href=\"https:\/\/semmelweis.hu\/tuzoltoklinika\/betegellatas\/ambulanciak-es-fekvobeteg-osztalyaink\/gasztroenterologia\/\">Gasztroenterol\u00f3gia<\/a><\/li>\n<li><a href=\"https:\/\/semmelweis.hu\/tuzoltoklinika\/betegellatas\/ambulanciak-es-fekvobeteg-osztalyaink\/haematologia\/\">Haematol\u00f3gia<\/a><\/li>\n<li><a href=\"https:\/\/semmelweis.hu\/tuzoltoklinika\/betegellatas\/ambulanciak-es-fekvobeteg-osztalyaink\/haematologiai-ambulancia\/\">Haematol\u00f3giai ambulancia<\/a><\/li>\n<li><a href=\"https:\/\/semmelweis.hu\/tuzoltoklinika\/betegellatas\/ambulanciak-es-fekvobeteg-osztalyaink\/intenziv-osztaly\/\">Intenz\u00edv Oszt\u00e1ly<\/a><\/li>\n<li><a href=\"https:\/\/semmelweis.hu\/tuzoltoklinika\/betegellatas\/ambulanciak-es-fekvobeteg-osztalyaink\/nappali-osztaly\/\">Nappali Oszt\u00e1ly<\/a><\/li>\n<li><a href=\"https:\/\/semmelweis.hu\/tuzoltoklinika\/betegellatas\/ambulanciak-es-fekvobeteg-osztalyaink\/neuro-onkologia\/\">Neuro-Onkol\u00f3gia<\/a><\/li>\n<li><a href=\"https:\/\/semmelweis.hu\/tuzoltoklinika\/betegellatas\/ambulanciak-es-fekvobeteg-osztalyaink\/neurologia\/\">Neurol\u00f3gia<\/a><\/li>\n<li><a href=\"https:\/\/semmelweis.hu\/tuzoltoklinika\/betegellatas\/ambulanciak-es-fekvobeteg-osztalyaink\/1-b-onkologia\/\">Onkol\u00f3gia<\/a><\/li>\n<li><a href=\"https:\/\/semmelweis.hu\/tuzoltoklinika\/betegellatas\/ambulanciak-es-fekvobeteg-osztalyaink\/pulmonologia\/\">Pulmonol\u00f3gia<\/a><\/li>\n<li><a href=\"https:\/\/semmelweis.hu\/tuzoltoklinika\/betegellatas\/ambulanciak-es-fekvobeteg-osztalyaink\/reumatologia-immunologia\/\">Reumatol\u00f3gia<\/a><\/li>\n<li><a href=\"https:\/\/semmelweis.hu\/tuzoltoklinika\/betegellatas\/ambulanciak-es-fekvobeteg-osztalyaink\/sebeszet\/\">Seb\u00e9szet<\/a><\/li>\n<\/ul>\n<\/li>\n<\/ul>\n<p>Klinik\u00e1nk <strong><a href=\"https:\/\/semmelweis.hu\/tuzoltoklinika\/files\/2020\/11\/Betegt\u00e1j\u00e9koztat\u00f3-h\u00e1zirend-T\u0171zolt\u00f3-utca.docx\" target=\"_blank\" rel=\"noopener noreferrer\">H\u00e1zirendje!<\/a><\/strong><\/p>\n","protected":false},"excerpt":{"rendered":"<p>Int\u00e9zm\u00e9ny\u00fcnkben a J\u00e1r\u00f3beteg-ell\u00e1t\u00e1s el\u0151zetes id\u0151pont egyeztet\u00e9ssel vagy s\u00fcrg\u0151ss\u00e9ggel t\u00f6rt\u00e9nik. Az el\u0151jegyz\u00e9s szem\u00e9lyesen vagy telefonon t\u00f6rt\u00e9nhet az adott ambulanci\u00e1n\/szakrendel\u0151ben: <a href=\"https:\/\/semmelweis.hu\/tuzoltoklinika\/betegellatas\/rendelesi-beosztas-2\/\" target=\"_blank\" rel=\"noopener\">https:\/\/semmelweis.hu\/tuzoltoklinika\/betegellatas\/rendelesi-beosztas-2\/<\/a> Felv\u00e9telre az al\u00e1bbi iratokkal kell jelentkezni: beutal\u00f3, szem\u00e9lyi igazolv\u00e1ny, TAJ k\u00e1rtya, lakc\u00edm k\u00e1rtya A sz\u00e1m\u00edt\u00f3g\u00e9pes rendszerben val\u00f3 r\u00f6gz\u00edt\u00e9se \u00e9s szem\u00e9lyes dokumentumok visszaad\u00e1sa ut\u00e1n a felv\u00e9telt int\u00e9z\u0151 koll\u00e9ga t\u00e1j\u00e9koztatja a beteget, hogy az ambulancia\/ oszt\u00e1ly hol tal\u00e1lhat\u00f3 az &hellip;<\/p>\n","protected":false},"author":12,"featured_media":0,"parent":3972,"menu_order":0,"comment_status":"closed","ping_status":"closed","template":"","meta":{"_acf_changed":false,"footnotes":""},"categories":[],"tags":[],"class_list":["post-3998","page","type-page","status-publish","hentry"],"acf":[],"_links":{"self":[{"href":"https:\/\/semmelweis.hu\/tuzoltoklinika\/wp-json\/wp\/v2\/pages\/3998","targetHints":{"allow":["GET"]}}],"collection":[{"href":"https:\/\/semmelweis.hu\/tuzoltoklinika\/wp-json\/wp\/v2\/pages"}],"about":[{"href":"https:\/\/semmelweis.hu\/tuzoltoklinika\/wp-json\/wp\/v2\/types\/page"}],"author":[{"embeddable":true,"href":"https:\/\/semmelweis.hu\/tuzoltoklinika\/wp-json\/wp\/v2\/users\/12"}],"replies":[{"embeddable":true,"href":"https:\/\/semmelweis.hu\/tuzoltoklinika\/wp-json\/wp\/v2\/comments?post=3998"}],"version-history":[{"count":10,"href":"https:\/\/semmelweis.hu\/tuzoltoklinika\/wp-json\/wp\/v2\/pages\/3998\/revisions"}],"predecessor-version":[{"id":10455,"href":"https:\/\/semmelweis.hu\/tuzoltoklinika\/wp-json\/wp\/v2\/pages\/3998\/revisions\/10455"}],"up":[{"embeddable":true,"href":"https:\/\/semmelweis.hu\/tuzoltoklinika\/wp-json\/wp\/v2\/pages\/3972"}],"wp:attachment":[{"href":"https:\/\/semmelweis.hu\/tuzoltoklinika\/wp-json\/wp\/v2\/media?parent=3998"}],"wp:term":[{"taxonomy":"category","embeddable":true,"href":"https:\/\/semmelweis.hu\/tuzoltoklinika\/wp-json\/wp\/v2\/categories?post=3998"},{"taxonomy":"post_tag","embeddable":true,"href":"https:\/\/semmelweis.hu\/tuzoltoklinika\/wp-json\/wp\/v2\/tags?post=3998"}],"curies":[{"name":"wp","href":"https:\/\/api.w.org\/{rel}","templated":true}]}}

Járóbeteg ellátás

<p style="text-align: justify">Intézményünkben a<strong> Járóbeteg-ellátás </strong>előzetes időpont egyeztetéssel vagy sürgősséggel történik. Az előjegyzés személyesen vagy telefonon történhet az adott ambulancián/szakrendelőben: <a href="https://semmelweis.hu/tuzoltoklinika/betegellatas/rendelesi-beosztas-2/" target="_blank" rel="noopener">https://semmelweis.hu/tuzoltoklinika/betegellatas/rendelesi-beosztas-2/</a></p>
<p style="text-align: justify">Felvételre az alábbi iratokkal kell jelentkezni: beutaló, személyi igazolvány, TAJ kártya, lakcím kártya</p>
<p style="text-align: justify">A számítógépes rendszerben való rögzítése és személyes dokumentumok visszaadása után a felvételt intéző kolléga tájékoztatja a beteget, hogy az ambulancia/ osztály hol található az épületen belül. Az intézményünkben működő ambuláns szakrendelésekre bajárat az Angyal utca 39. szám alatti főporta felől lehetséges.</p>
<ul>
<li><strong><a href="https://semmelweis.hu/tuzoltoklinika/betegellatas/diagnosztikai-reszlegek/">Diagnosztikai részlegek</a></strong>
<ul>
<li style="list-style-type: none">
<ul>
<li><a href="https://semmelweis.hu/tuzoltoklinika/betegellatas/diagnosztikai-reszlegek/eletmod-ambulancia/" target="_blank" rel="noopener">Életmód Ambulancia</a></li>
<li><a href="https://semmelweis.hu/tuzoltoklinika/betegellatas/diagnosztikai-reszlegek/epidemiologiai-munkacsoport/">Epidemiológiai Munkacsoport</a></li>
<li><a href="https://semmelweis.hu/tuzoltoklinika/betegellatas/diagnosztikai-reszlegek/genetikai-reszleg/" target="_blank" rel="noopener">Genetikai Részleg </a></li>
<li><a href="https://semmelweis.hu/tuzoltoklinika/betegellatas/diagnosztikai-reszlegek/gyogytorna/" target="_blank" rel="noopener">Gyógytorna</a></li>
<li><a href="https://semmelweis.hu/tuzoltoklinika/betegellatas/diagnosztikai-reszlegek/hipertonia-reszleg/" target="_blank" rel="noopener">Hipertónai Részleg</a></li>
<li><a href="https://semmelweis.hu/tuzoltoklinika/betegellatas/diagnosztikai-reszlegek/kardiologia/" target="_blank" rel="noopener">Kardiológia</a></li>
<li><a href="https://semmelweis.hu/tuzoltoklinika/betegellatas/diagnosztikai-reszlegek/klinikai-kemiai-laboratorium/" target="_blank" rel="noopener">Klinikai Kémiai Laboratórium</a></li>
<li><a href="https://semmelweis.hu/tuzoltoklinika/betegellatas/diagnosztikai-reszlegek/osteologia/" target="_blank" rel="noopener">Osteológia</a></li>
<li><a href="https://semmelweis.hu/tuzoltoklinika/betegellatas/diagnosztikai-reszlegek/pszicho-szocialis-munkacsoport/" target="_blank" rel="noopener">Pszicho-szociális munkacsoport</a></li>
<li>Radiológia</li>
</ul>
</li>
</ul>
</li>
<li><strong><a href="https://semmelweis.hu/tuzoltoklinika/betegellatas/ambulanciak-es-fekvobeteg-osztalyaink/">Ambulanciák és fekvőbeteg osztályaink</a></strong>
<ul>
<li><a href="https://semmelweis.hu/tuzoltoklinika/betegellatas/ambulanciak-es-fekvobeteg-osztalyaink/endokrinologia/">Endokrinológia</a></li>
<li><a href="https://semmelweis.hu/tuzoltoklinika/betegellatas/ambulanciak-es-fekvobeteg-osztalyaink/gasztroenterologia/">Gasztroenterológia</a></li>
<li><a href="https://semmelweis.hu/tuzoltoklinika/betegellatas/ambulanciak-es-fekvobeteg-osztalyaink/haematologia/">Haematológia</a></li>
<li><a href="https://semmelweis.hu/tuzoltoklinika/betegellatas/ambulanciak-es-fekvobeteg-osztalyaink/haematologiai-ambulancia/">Haematológiai ambulancia</a></li>
<li><a href="https://semmelweis.hu/tuzoltoklinika/betegellatas/ambulanciak-es-fekvobeteg-osztalyaink/intenziv-osztaly/">Intenzív Osztály</a></li>
<li><a href="https://semmelweis.hu/tuzoltoklinika/betegellatas/ambulanciak-es-fekvobeteg-osztalyaink/nappali-osztaly/">Nappali Osztály</a></li>
<li><a href="https://semmelweis.hu/tuzoltoklinika/betegellatas/ambulanciak-es-fekvobeteg-osztalyaink/neuro-onkologia/">Neuro-Onkológia</a></li>
<li><a href="https://semmelweis.hu/tuzoltoklinika/betegellatas/ambulanciak-es-fekvobeteg-osztalyaink/neurologia/">Neurológia</a></li>
<li><a href="https://semmelweis.hu/tuzoltoklinika/betegellatas/ambulanciak-es-fekvobeteg-osztalyaink/1-b-onkologia/">Onkológia</a></li>
<li><a href="https://semmelweis.hu/tuzoltoklinika/betegellatas/ambulanciak-es-fekvobeteg-osztalyaink/pulmonologia/">Pulmonológia</a></li>
<li><a href="https://semmelweis.hu/tuzoltoklinika/betegellatas/ambulanciak-es-fekvobeteg-osztalyaink/reumatologia-immunologia/">Reumatológia</a></li>
<li><a href="https://semmelweis.hu/tuzoltoklinika/betegellatas/ambulanciak-es-fekvobeteg-osztalyaink/sebeszet/">Sebészet</a></li>
</ul>
</li>
</ul>
<p>Klinikánk <strong><a href="https://semmelweis.hu/tuzoltoklinika/files/2020/11/Betegtájékoztató-házirend-Tűzoltó-utca.docx" target="_blank" rel="noopener noreferrer">Házirendje!</a></strong></p>

<p>Intézményünkben a Járóbeteg-ellátás előzetes időpont egyeztetéssel vagy sürgősséggel történik. Az előjegyzés személyesen vagy telefonon történhet az adott ambulancián/szakrendelőben: <a href="https://semmelweis.hu/tuzoltoklinika/betegellatas/rendelesi-beosztas-2/" target="_blank" rel="noopener">https://semmelweis.hu/tuzoltoklinika/betegellatas/rendelesi-beosztas-2/</a> Felvételre az alábbi iratokkal kell jelentkezni: beutaló, személyi igazolvány, TAJ kártya, lakcím kártya A számítógépes rendszerben való rögzítése és személyes dokumentumok visszaadása után a felvételt intéző kolléga tájékoztatja a beteget, hogy az ambulancia/ osztály hol található az &hellip;</p>
