{"id":3949,"date":"2019-06-13T09:16:32","date_gmt":"2019-06-13T07:16:32","guid":{"rendered":"http:\/\/semmelweis.hu\/gyermekklinika2\/?page_id=3949"},"modified":"2024-06-26T13:42:36","modified_gmt":"2024-06-26T11:42:36","slug":"elnyert-palyazataink","status":"publish","type":"page","link":"https:\/\/semmelweis.hu\/tuzoltoklinika\/bemutatkozas\/elnyert-palyazataink\/","title":{"rendered":"Elnyert p\u00e1ly\u00e1zataink"},"content":{"rendered":"<p style=\"text-align: justify\">Gyermekgy\u00f3gy\u00e1szati Klinik\u00e1nk nagyszab\u00e1s\u00fa projektjeit igyekszik &#8211; a k\u00f6zbeszerz\u00e9s, a fenntarthat\u00f3 fejl\u0151d\u00e9s, valamint az es\u00e9lyegyenl\u0151s\u00e9g elveit szem el\u0151tt tartva &#8211; \u00fagy megval\u00f3s\u00edtani, hogy a legmegfelel\u0151bb t\u00e1mogat\u00e1si konstrukci\u00f3k keret\u00e9ben p\u00e1ly\u00e1zik k\u00fcl\u00f6nb\u00f6z\u0151 forr\u00e1sokra.<\/p>\n<ul style=\"text-align: justify\">\n<li><a href=\"https:\/\/semmelweis.hu\/tuzoltoklinika\/bemutatkozas\/elnyert-palyazataink\/tamop\/\">T\u00c1MOP<\/a> &#8211; K\u00e9pz\u00e9si programok az eg\u00e9szs\u00e9g\u00fcgyi \u00e1gazat szolg\u00e1ltat\u00e1sfejleszt\u00e9se \u00e9rdek\u00e9ben<\/li>\n<li><a href=\"https:\/\/semmelweis.hu\/tuzoltoklinika\/bemutatkozas\/elnyert-palyazataink\/pancaresurfup\/\">PanCareSurFup<\/a> &#8211; Daganatos betegs\u00e9gb\u0151l gy\u00f3gyult gyermek \u00e9s kamasz t\u00fal\u00e9l\u0151k k\u00f6vet\u00e9ses vizsg\u00e1lata<\/li>\n<li><a href=\"https:\/\/semmelweis.hu\/tuzoltoklinika\/bemutatkozas\/elnyert-palyazataink\/vke\/\">VKE p\u00e1ly\u00e1zat<\/a> &#8211; Rosszindulat\u00fa daganatos betegs\u00e9gek m\u0171t\u00e9t k\u00f6zbeni molekul\u00e1ris patol\u00f3giai diagnosztik\u00e1ja mesters\u00e9ges intelligenci\u00e1val t\u00e1mogatott l\u00e9zer mikroszk\u00f3p seg\u00edts\u00e9g\u00e9vel<\/li>\n<li><a href=\"https:\/\/semmelweis.hu\/tuzoltoklinika\/bemutatkozas\/elnyert-palyazataink\/nvkp\/\">NVKP p\u00e1ly\u00e1zat<\/a> &#8211; A rossz progn\u00f3zis\u00fa gyermekkori szolid tumorokra prediszpon\u00e1l\u00f3 mut\u00e1ci\u00f3k sz\u0171r\u00e9se \u00e9s biomarkerek azonos\u00edt\u00e1sa az egy\u00e9nre szabott kezel\u00e9s\u00fck optimaliz\u00e1l\u00e1s\u00e1ra<\/li>\n<li><a href=\"https:\/\/semmelweis.hu\/tuzoltoklinika\/kutatas\/vke-palyazat\/\" target=\"_blank\" rel=\"noopener noreferrer\">VKE-2018-00032 p\u00e1ly\u00e1zat<\/a> &#8211; Photoscreen: Rosszindulat\u00fa daganatos betegs\u00e9gek m\u0171t\u00e9t k\u00f6zbeni molekul\u00e1ris patol\u00f3giai diagnosztik\u00e1ja mesters\u00e9ges intelligenci\u00e1val t\u00e1mogatott l\u00e9zer mikroszk\u00f3p seg\u00edts\u00e9g\u00e9vel<\/li>\n<\/ul>\n<p>\u00a0 \u00a0 \u00a0 \u00a0 <strong>\u00a0<\/strong> \u00a0 \u00a0<\/p>\n<p style=\"text-align: justify\">\u00a0<\/p>\n","protected":false},"excerpt":{"rendered":"<p>Gyermekgy\u00f3gy\u00e1szati Klinik\u00e1nk nagyszab\u00e1s\u00fa projektjeit igyekszik &#8211; a k\u00f6zbeszerz\u00e9s, a fenntarthat\u00f3 fejl\u0151d\u00e9s, valamint az es\u00e9lyegyenl\u0151s\u00e9g elveit szem el\u0151tt tartva &#8211; \u00fagy megval\u00f3s\u00edtani, hogy a legmegfelel\u0151bb t\u00e1mogat\u00e1si konstrukci\u00f3k keret\u00e9ben p\u00e1ly\u00e1zik k\u00fcl\u00f6nb\u00f6z\u0151 forr\u00e1sokra. <a href=\"https:\/\/semmelweis.hu\/tuzoltoklinika\/bemutatkozas\/elnyert-palyazataink\/tamop\/\">T\u00c1MOP<\/a> &#8211; K\u00e9pz\u00e9si programok az eg\u00e9szs\u00e9g\u00fcgyi \u00e1gazat szolg\u00e1ltat\u00e1sfejleszt\u00e9se \u00e9rdek\u00e9ben <a href=\"https:\/\/semmelweis.hu\/tuzoltoklinika\/bemutatkozas\/elnyert-palyazataink\/pancaresurfup\/\">PanCareSurFup<\/a> &#8211; Daganatos betegs\u00e9gb\u0151l gy\u00f3gyult gyermek \u00e9s kamasz t\u00fal\u00e9l\u0151k k\u00f6vet\u00e9ses vizsg\u00e1lata <a href=\"https:\/\/semmelweis.hu\/tuzoltoklinika\/bemutatkozas\/elnyert-palyazataink\/vke\/\">VKE p\u00e1ly\u00e1zat<\/a> &#8211; Rosszindulat\u00fa daganatos betegs\u00e9gek m\u0171t\u00e9t k\u00f6zbeni molekul\u00e1ris &hellip;<\/p>\n","protected":false},"author":12,"featured_media":0,"parent":23,"menu_order":9,"comment_status":"closed","ping_status":"closed","template":"","meta":{"_acf_changed":false,"footnotes":""},"categories":[],"tags":[],"class_list":["post-3949","page","type-page","status-publish","hentry"],"acf":[],"_links":{"self":[{"href":"https:\/\/semmelweis.hu\/tuzoltoklinika\/wp-json\/wp\/v2\/pages\/3949","targetHints":{"allow":["GET"]}}],"collection":[{"href":"https:\/\/semmelweis.hu\/tuzoltoklinika\/wp-json\/wp\/v2\/pages"}],"about":[{"href":"https:\/\/semmelweis.hu\/tuzoltoklinika\/wp-json\/wp\/v2\/types\/page"}],"author":[{"embeddable":true,"href":"https:\/\/semmelweis.hu\/tuzoltoklinika\/wp-json\/wp\/v2\/users\/12"}],"replies":[{"embeddable":true,"href":"https:\/\/semmelweis.hu\/tuzoltoklinika\/wp-json\/wp\/v2\/comments?post=3949"}],"version-history":[{"count":11,"href":"https:\/\/semmelweis.hu\/tuzoltoklinika\/wp-json\/wp\/v2\/pages\/3949\/revisions"}],"predecessor-version":[{"id":4596,"href":"https:\/\/semmelweis.hu\/tuzoltoklinika\/wp-json\/wp\/v2\/pages\/3949\/revisions\/4596"}],"up":[{"embeddable":true,"href":"https:\/\/semmelweis.hu\/tuzoltoklinika\/wp-json\/wp\/v2\/pages\/23"}],"wp:attachment":[{"href":"https:\/\/semmelweis.hu\/tuzoltoklinika\/wp-json\/wp\/v2\/media?parent=3949"}],"wp:term":[{"taxonomy":"category","embeddable":true,"href":"https:\/\/semmelweis.hu\/tuzoltoklinika\/wp-json\/wp\/v2\/categories?post=3949"},{"taxonomy":"post_tag","embeddable":true,"href":"https:\/\/semmelweis.hu\/tuzoltoklinika\/wp-json\/wp\/v2\/tags?post=3949"}],"curies":[{"name":"wp","href":"https:\/\/api.w.org\/{rel}","templated":true}]}}

Elnyert pályázataink

<p style="text-align: justify">Gyermekgyógyászati Klinikánk nagyszabású projektjeit igyekszik &#8211; a közbeszerzés, a fenntartható fejlődés, valamint az esélyegyenlőség elveit szem előtt tartva &#8211; úgy megvalósítani, hogy a legmegfelelőbb támogatási konstrukciók keretében pályázik különböző forrásokra.</p>
<ul style="text-align: justify">
<li><a href="https://semmelweis.hu/tuzoltoklinika/bemutatkozas/elnyert-palyazataink/tamop/">TÁMOP</a> &#8211; Képzési programok az egészségügyi ágazat szolgáltatásfejlesztése érdekében</li>
<li><a href="https://semmelweis.hu/tuzoltoklinika/bemutatkozas/elnyert-palyazataink/pancaresurfup/">PanCareSurFup</a> &#8211; Daganatos betegségből gyógyult gyermek és kamasz túlélők követéses vizsgálata</li>
<li><a href="https://semmelweis.hu/tuzoltoklinika/bemutatkozas/elnyert-palyazataink/vke/">VKE pályázat</a> &#8211; Rosszindulatú daganatos betegségek műtét közbeni molekuláris patológiai diagnosztikája mesterséges intelligenciával támogatott lézer mikroszkóp segítségével</li>
<li><a href="https://semmelweis.hu/tuzoltoklinika/bemutatkozas/elnyert-palyazataink/nvkp/">NVKP pályázat</a> &#8211; A rossz prognózisú gyermekkori szolid tumorokra prediszponáló mutációk szűrése és biomarkerek azonosítása az egyénre szabott kezelésük optimalizálására</li>
<li><a href="https://semmelweis.hu/tuzoltoklinika/kutatas/vke-palyazat/" target="_blank" rel="noopener noreferrer">VKE-2018-00032 pályázat</a> &#8211; Photoscreen: Rosszindulatú daganatos betegségek műtét közbeni molekuláris patológiai diagnosztikája mesterséges intelligenciával támogatott lézer mikroszkóp segítségével</li>
</ul>
<p>        <strong> </strong>    </p>
<p style="text-align: justify"> </p>

<p>Gyermekgyógyászati Klinikánk nagyszabású projektjeit igyekszik &#8211; a közbeszerzés, a fenntartható fejlődés, valamint az esélyegyenlőség elveit szem előtt tartva &#8211; úgy megvalósítani, hogy a legmegfelelőbb támogatási konstrukciók keretében pályázik különböző forrásokra. <a href="https://semmelweis.hu/tuzoltoklinika/bemutatkozas/elnyert-palyazataink/tamop/">TÁMOP</a> &#8211; Képzési programok az egészségügyi ágazat szolgáltatásfejlesztése érdekében <a href="https://semmelweis.hu/tuzoltoklinika/bemutatkozas/elnyert-palyazataink/pancaresurfup/">PanCareSurFup</a> &#8211; Daganatos betegségből gyógyult gyermek és kamasz túlélők követéses vizsgálata <a href="https://semmelweis.hu/tuzoltoklinika/bemutatkozas/elnyert-palyazataink/vke/">VKE pályázat</a> &#8211; Rosszindulatú daganatos betegségek műtét közbeni molekuláris &hellip;</p>
