{"id":3411,"date":"2019-02-04T11:27:48","date_gmt":"2019-02-04T10:27:48","guid":{"rendered":"http:\/\/tuzoltoklinika.semmelweis.hu\/?page_id=3411"},"modified":"2021-02-04T14:23:20","modified_gmt":"2021-02-04T13:23:20","slug":"vke","status":"publish","type":"page","link":"https:\/\/semmelweis.hu\/tuzoltoklinika\/bemutatkozas\/elnyert-palyazataink\/vke\/","title":{"rendered":"VKE P\u00e1ly\u00e1zat"},"content":{"rendered":"<p style=\"text-align: center\"><strong>A Versenyk\u00e9pess\u00e9gi \u00e9s Kiv\u00e1l\u00f3s\u00e1gi Egy\u00fcttm\u0171k\u00f6d\u00e9sek (2018 &#8211; 1.3.1 &#8211; VKE program) t\u00e1mogatott projektje (2018-00032)<\/strong><\/p>\n<p style=\"text-align: center\"><strong>P\u00e1ly\u00e1zat teljes c\u00edme:<\/strong> <em>Photoscreen &#8211; Rosszindulat\u00fa daganatos betegs\u00e9gek m\u0171t\u00e9t k\u00f6zbeni molekul\u00e1ris patol\u00f3giai diagnosztik\u00e1ja mesters\u00e9ges intelligenci\u00e1val t\u00e1mogatott l\u00e9zer mikroszk\u00f3p seg\u00edts\u00e9g\u00e9vel<\/em><\/p>\n<p style=\"text-align: left\"><strong>Konzorciumi tagok: <\/strong><\/p>\n<ul>\n<li>77 Ing Kft. (konzorciumvezet\u0151)<\/li>\n<li>Semmelweis Egyetem II. sz. Gyermekgy\u00f3gy\u00e1szati Klinika<\/li>\n<li>Femtonics Kft<strong>.<br \/><\/strong><\/li>\n<li>MTA Term\u00e9szettudom\u00e1nyi Kutat\u00f3k\u00f6zpont<\/li>\n<\/ul>\n<p style=\"text-align: justify\"><strong>Futamid\u0151:<\/strong> 2019. jan. 1. \u2013 2021. dec. 31.<strong><br \/><\/strong><br \/><strong>\u00d6sszefoglal\u00f3:<\/strong> A rosszindulat\u00fa tumoros betegs\u00e9gek seb\u00e9szi ell\u00e1t\u00e1sa sor\u00e1n \u00e1lland\u00f3 probl\u00e9ma, hogy a pontos sz\u00f6vettani diagn\u00f3zis csak a m\u0171t\u00e9t ut\u00e1n \u00e1ll rendelkez\u00e9sre. A projekt sor\u00e1n egy olyan term\u00e9ket hozunk l\u00e9tre, amely m\u0171t\u00e9t k\u00f6zbeni patol\u00f3giai diagnosztik\u00e1t tesz lehet\u0151v\u00e9. Ehhez l\u00e9tez\u0151 mikroszk\u00f3p-technol\u00f3gi\u00e1kat (SRS, NIR, 2-foton) kombin\u00e1lunk antitest-jel\u00f6l\u00e9ssel \u00e9s egy komplex mesters\u00e9ges intelligencia algoritmussal. A tumor sz\u00f6vetekre val\u00f3 specificit\u00e1st a sz\u00f6vettani t\u00edpus alapj\u00e1n kiv\u00e1lasztott antitestek jel\u00f6l\u00e9se teszi lehet\u0151v\u00e9. Els\u0151 k\u00f6rben \u00f6t olyan antitesttel ind\u00edtunk, amelyek m\u00e1r ma is szerepelnek a patol\u00f3giai diagnosztikai protokollokban. Ezekkel nemcsak a tumor\/eg\u00e9szs\u00e9ges sz\u00f6vet elk\u00fcl\u00f6n\u00edt\u00e9se, de bizonyos sz\u00f6vettani alt\u00edpusok meghat\u00e1roz\u00e1sa is lehets\u00e9ges lesz. Tov\u00e1bbi c\u00e9l egy, endoszk\u00f3pos diagnosztika sor\u00e1n haszn\u00e1lhat\u00f3 mikroszk\u00f3p protot\u00edpus\u00e1nak az elk\u00e9sz\u00edt\u00e9se. V\u00e9gezet\u00fcl jelen projekt id\u0151tartam\u00e1n bel\u00fcl c\u00e9lunk a kombin\u00e1ci\u00f3s jel\u00f6l\u00e9st haszn\u00e1l\u00f3 rendszer (vagyis az egyidej\u0171leg t\u00f6bb markerrel t\u00f6rt\u00e9n\u0151 diagnosztika) protot\u00edpus\u00e1nak elk\u00e9sz\u00edt\u00e9se is.<strong><br \/><\/strong><br \/><strong>Finansz\u00edroz\u00f3:<\/strong> Nemzeti Kutat\u00e1si, Fejleszt\u00e9si \u00e9s Innov\u00e1ci\u00f3s Hivatal (NKFI)<\/p>\n","protected":false},"excerpt":{"rendered":"<p>A Versenyk\u00e9pess\u00e9gi \u00e9s Kiv\u00e1l\u00f3s\u00e1gi Egy\u00fcttm\u0171k\u00f6d\u00e9sek (2018 &#8211; 1.3.1 &#8211; VKE program) t\u00e1mogatott projektje (2018-00032) P\u00e1ly\u00e1zat teljes c\u00edme: Photoscreen &#8211; Rosszindulat\u00fa daganatos betegs\u00e9gek m\u0171t\u00e9t k\u00f6zbeni molekul\u00e1ris patol\u00f3giai diagnosztik\u00e1ja mesters\u00e9ges intelligenci\u00e1val t\u00e1mogatott l\u00e9zer mikroszk\u00f3p seg\u00edts\u00e9g\u00e9vel Konzorciumi tagok: 77 Ing Kft. (konzorciumvezet\u0151) Semmelweis Egyetem II. sz. Gyermekgy\u00f3gy\u00e1szati Klinika Femtonics Kft. MTA Term\u00e9szettudom\u00e1nyi Kutat\u00f3k\u00f6zpont Futamid\u0151: 2019. jan. 1. \u2013 &hellip;<\/p>\n","protected":false},"author":158,"featured_media":0,"parent":3949,"menu_order":3,"comment_status":"closed","ping_status":"closed","template":"","meta":{"_acf_changed":false,"footnotes":""},"categories":[],"tags":[],"class_list":["post-3411","page","type-page","status-publish","hentry"],"acf":[],"_links":{"self":[{"href":"https:\/\/semmelweis.hu\/tuzoltoklinika\/wp-json\/wp\/v2\/pages\/3411","targetHints":{"allow":["GET"]}}],"collection":[{"href":"https:\/\/semmelweis.hu\/tuzoltoklinika\/wp-json\/wp\/v2\/pages"}],"about":[{"href":"https:\/\/semmelweis.hu\/tuzoltoklinika\/wp-json\/wp\/v2\/types\/page"}],"author":[{"embeddable":true,"href":"https:\/\/semmelweis.hu\/tuzoltoklinika\/wp-json\/wp\/v2\/users\/158"}],"replies":[{"embeddable":true,"href":"https:\/\/semmelweis.hu\/tuzoltoklinika\/wp-json\/wp\/v2\/comments?post=3411"}],"version-history":[{"count":9,"href":"https:\/\/semmelweis.hu\/tuzoltoklinika\/wp-json\/wp\/v2\/pages\/3411\/revisions"}],"predecessor-version":[{"id":7092,"href":"https:\/\/semmelweis.hu\/tuzoltoklinika\/wp-json\/wp\/v2\/pages\/3411\/revisions\/7092"}],"up":[{"embeddable":true,"href":"https:\/\/semmelweis.hu\/tuzoltoklinika\/wp-json\/wp\/v2\/pages\/3949"}],"wp:attachment":[{"href":"https:\/\/semmelweis.hu\/tuzoltoklinika\/wp-json\/wp\/v2\/media?parent=3411"}],"wp:term":[{"taxonomy":"category","embeddable":true,"href":"https:\/\/semmelweis.hu\/tuzoltoklinika\/wp-json\/wp\/v2\/categories?post=3411"},{"taxonomy":"post_tag","embeddable":true,"href":"https:\/\/semmelweis.hu\/tuzoltoklinika\/wp-json\/wp\/v2\/tags?post=3411"}],"curies":[{"name":"wp","href":"https:\/\/api.w.org\/{rel}","templated":true}]}}