{"id":243,"date":"2013-02-08T11:07:59","date_gmt":"2013-02-08T10:07:59","guid":{"rendered":"http:\/\/tuzoltoklinika.semmelweis.hu\/?page_id=243"},"modified":"2024-10-29T08:02:26","modified_gmt":"2024-10-29T07:02:26","slug":"kardiologia","status":"publish","type":"page","link":"https:\/\/semmelweis.hu\/tuzoltoklinika\/betegellatas\/diagnosztikai-reszlegek\/kardiologia\/","title":{"rendered":"Kardiol\u00f3gia"},"content":{"rendered":"<h1 style=\"text-align: center\">\u00a0<\/h1>\n<h1 style=\"text-align: left\">KARDIOL\u00d3GIA Ambulancia Sz\u00edv UH + EKG<\/h1>\n<div class=\"keretes w-100\">\n<p><strong>Bejelentkez\u00e9s:<\/strong> 09:00-13:00 \u00f3ra k\u00f6z\u00f6tt, a <strong><span style=\"color: #ff0000\">+3<\/span><span style=\"color: #ff0000\">6-1-215-1380\/52891<\/span><\/strong> telefonsz\u00e1mon<\/p>\n<\/div>\n<table class=\"middle-border\" style=\"width: 100%;height: 103px\">\n<tbody>\n<tr style=\"height: 34px\">\n<td style=\"width: 24.0707%;height: 34px\" width=\"172\">H\u00c9TF\u0150<\/td>\n<td style=\"width: 16.2385%;height: 68px;text-align: center\" rowspan=\"3\" width=\"174\">09:00-14:00<\/td>\n<td style=\"width: 28.0465%;text-align: center;height: 103px\" rowspan=\"4\" width=\"162\">Dr. Kem\u00e9ny Vikt\u00f3ria<\/td>\n<\/tr>\n<tr>\n<td style=\"width: 24.0707%\">KEDD<\/td>\n<\/tr>\n<tr style=\"height: 34px\">\n<td style=\"width: 24.0707%;height: 34px\">SZERDA<\/td>\n<\/tr>\n<tr style=\"height: 35px\">\n<td style=\"width: 24.0707%;height: 35px\">CS\u00dcT\u00d6RT\u00d6K<\/td>\n<td style=\"width: 16.2385%;height: 35px;text-align: center\">09:00-13:00<\/td>\n<\/tr>\n<\/tbody>\n<\/table>\n<table style=\"border-collapse: collapse;width: 100%\">\n<tbody>\n<tr>\n<td style=\"width: 24.0309%\">P\u00c9NTEK<\/td>\n<td style=\"width: 16.3656%;text-align: center\">09:00-13:00<\/td>\n<td style=\"width: 27.9956%;text-align: center\">Dr. Turi Alexandra<\/td>\n<\/tr>\n<\/tbody>\n<\/table>\n<p>&nbsp;<\/p>\n<p>&nbsp;<\/p>\n<p style=\"text-align: justify\"><strong>Oszt\u00e1lyvezet\u0151 f\u0151orvos:\u00a0<\/strong> Dr. Kem\u00e9ny Vikt\u00f3ria klinikai szakorvos,<\/p>\n<p><strong>Szakorvos:<\/strong> Dr. Turi Alexandra klinikai szakorvos,<\/p>\n<p style=\"text-align: justify\"><strong>Kardiol\u00f3giai szakasszisztens:\u00a0<\/strong>S\u00e1ri Anik\u00f3<\/p>\n<p style=\"text-align: justify\">Klinik\u00e1nk els\u0151 kardiol\u00f3giai oszt\u00e1ly\u00e1t Dr. Fon\u00f3 Ren\u00e9e egyetemi docens szervezte meg. 1971-t\u0151l 1994-ig csecsem\u0151 \u00e9s gyermek sz\u00edvseb\u00e9szeti k\u00f6zpont m\u0171k\u00f6d\u00f6tt klinik\u00e1nkon. Ez tette lehet\u0151v\u00e9, hogy a velesz\u00fcletett sz\u00edvhib\u00e1k felismer\u00e9s\u00e9ben \u00e9s kezel\u00e9s\u00e9ben j\u00e1rtas, nagy gyakorlattal rendelkez\u0151 sz\u00edvseb\u00e9szek \u00e9s kardiol\u00f3gusok v\u00e9gezz\u00e9k int\u00e9zet\u00fcnkben gy\u00f3gy\u00edt\u00f3 tev\u00e9kenys\u00e9g\u00fcket. A sz\u00edvseb\u00e9szeti r\u00e9szleg 1994-ben \u00e1tk\u00f6lt\u00f6z\u00f6tt az Orsz\u00e1gos Kardiol\u00f3giai Int\u00e9zetbe. Kardiol\u00f3giai oszt\u00e1lyunk \u00e9s ambulanci\u00e1nk v\u00e1ltozatlanul jelent\u0151s szerepet t\u00f6lt be a sz\u00edvbeteg gyermekek ell\u00e1t\u00e1s\u00e1ban. A velesz\u00fcletett \u00e9s szerzett sz\u00edvhib\u00e1k id\u0151ben t\u00f6rt\u00e9n\u0151 felismer\u00e9se, a sz\u00edvm\u0171t\u00e9tet ig\u00e9nyl\u0151 gyermekek m\u0171t\u00e9tre val\u00f3 el\u0151k\u00e9sz\u00edt\u00e9se, valamint ut\u00e1nk\u00f6vet\u00e9se k\u00f6zponti feladatunk. Ambul\u00e1ns ell\u00e1t\u00e1sunk sokr\u00e9t\u0171; EKG \u00e9s HOLTER valamint echokardiogr\u00e1fiai vizsg\u00e1lat mellett az ut\u00f3bbi \u00e9vekben a gyermekkori sziszt\u00e9m\u00e1s hypertensio kivizsg\u00e1l\u00e1s\u00e1val, illetve kezel\u00e9s\u00e9vel b\u0151v\u00fclt tev\u00e9kenys\u00e9g\u00fcnk. \u00c9vente mintegy 2000 vizsg\u00e1latot v\u00e9gz\u00fcnk a sz\u00edvultrahang-laborat\u00f3riumban. 2008-ban &#8211; mag\u00e1nszem\u00e9ly adom\u00e1nyak\u00e9nt- \u00faj, kiv\u00e1l\u00f3 min\u0151s\u00e9g\u0171, Philips iE33 t\u00edpus\u00fa echocardiogr\u00e1fi\u00e1s k\u00e9sz\u00fcl\u00e9kkel gazdagodott r\u00e9szleg\u00fcnk. Az orvostanhallgat\u00f3k (magyar \u00e9s angol tannyelv\u0171 csoportok), rezidensek, szakvizsg\u00e1ra k\u00e9sz\u00fcl\u0151k illetve egy\u00e9ni tov\u00e1bbk\u00e9pz\u00e9sre \u00e9rkez\u0151 koll\u00e9g\u00e1k oktat\u00e1s\u00e1t kiemelked\u0151en fontos feladatunknak tartjuk.<\/p>\n<p style=\"text-align: justify\"><strong>Tudom\u00e1nyos t\u00e9m\u00e1ink:<\/strong><\/p>\n<p style=\"text-align: justify\">\u2022\u00a0\u00a0\u00a0 a sz\u00edvbeteg gyermekek mentalhygi\u00e9n\u00e9s probl\u00e9m\u00e1inak felismer\u00e9se \u00e9s csal\u00e1djuk seg\u00edt\u00e9se<\/p>\n<p style=\"text-align: justify\">\u2022\u00a0\u00a0\u00a0 a cytostatikus kezel\u00e9s okozta kardiotoxikus mell\u00e9khat\u00e1sok felismer\u00e9se \u00e9s kezel\u00e9se<\/p>\n<p style=\"text-align: justify\">\u2022\u00a0\u00a0\u00a0 r\u00e9szt vesz\u00fcnk a GOUCH programban \u2013 azaz a feln\u0151tt korba ker\u00fclt sz\u00edvbetegeink ellen\u0151rz\u00e9s\u00e9ben<\/p>\n<p style=\"text-align: justify\">\u2022\u00a0\u00a0\u00a0 a kering\u00e9si el\u00e9gtelens\u00e9g kezel\u00e9s\u00e9nek \u00fajabb lehet\u0151s\u00e9gei, \u00e9s az ultrahangos sz\u00edvvizsg\u00e1lat szerepe az eredm\u00e9nyek lem\u00e9r\u00e9s\u00e9ben<\/p>\n<p>A munkacsoport szoros munkakapcsolatban \u00e1ll a Gottsegen Gy\u00f6rgy Orsz\u00e1gos Kardiol\u00f3giai Int\u00e9zet Gyermeksz\u00edv K\u00f6zpont orvosaival.<\/p>\n\r\n        [slb_exclude]\r\n        <div class=\"row galeria-wrapper mx-0 h-auto\">\r\n            <div class=\"col-9 pl-0 pr-2\">\r\n            <span class=\"gallery-item frame\">\r\n\t\t\t\t<div class=\"galeria-left-img\"><a href=\"https:\/\/semmelweis.hu\/tuzoltoklinika\/files\/2020\/09\/Kardio-3.jpg\"><img src=https:\/\/semmelweis.hu\/tuzoltoklinika\/files\/2020\/09\/Kardio-3.jpg  \r\n                            alt=\"\" \r\n                            class=\"attachment-sote-gallery-big size-sote-gallery-big\" \r\n                            srcset=\"https:\/\/semmelweis.hu\/tuzoltoklinika\/files\/2020\/09\/Kardio-3-400x321.jpg 400w, https:\/\/semmelweis.hu\/tuzoltoklinika\/files\/2020\/09\/Kardio-3.jpg 700w\" ><\/a><\/div>\r\n            <\/span>\r\n\r\n            <\/div>\r\n\r\n\t\t\t<div class=\"col-3 pl-0 pr-0\">\r\n\t\t\t\t<div class=\"galeria-right-img d-flex justify-content-between flex-column h-100 w-100 px-0 mx-0 \">\r\n                <div class=\"galeria-box\">\r\n\t\t\t\t\t<h3 class=\"galeria-title\">Gal\u00e9ria<\/h3>\r\n\t\t\t\t\t<div class=\"galeria-subtitle\">\r\n\r\n\t\t\t\t\t\t<div class=\"galeria-page-counter\"><span>3<\/span>k\u00e9p<\/div>\r\n                    <\/div> <\/div>\r\n                    <span class=\"gallery-item frame d-none d-md-flex\">\r\n\t\t\t\t\t<div class=\"galeria-small-img mt-0\"><a href=\"https:\/\/semmelweis.hu\/tuzoltoklinika\/files\/2020\/09\/Kardio-1.jpg\"><img src=https:\/\/semmelweis.hu\/tuzoltoklinika\/files\/2020\/09\/Kardio-1.jpg \r\n                                alt=\"\"  \r\n                                class=\"attachment-sote-gallery-small size-sote-gallery-small\" \r\n                                srcset=\"https:\/\/semmelweis.hu\/tuzoltoklinika\/files\/2020\/09\/Kardio-1-300x400.jpg 300w, https:\/\/semmelweis.hu\/tuzoltoklinika\/files\/2020\/09\/Kardio-1-753x1004.jpg 753w, https:\/\/semmelweis.hu\/tuzoltoklinika\/files\/2020\/09\/Kardio-1.jpg 768w\" ><\/a><\/div>\r\n                    <\/span>\r\n                    <span class=\"gallery-item frame d-none d-md-flex\">\r\n\t\t\t\t\t<div class=\"galeria-small-img mt-0\"><a href=\"https:\/\/semmelweis.hu\/tuzoltoklinika\/files\/2020\/09\/Kardio-2.jpg\"><img src=https:\/\/semmelweis.hu\/tuzoltoklinika\/files\/2020\/09\/Kardio-2.jpg \r\n                                alt=\"\" \r\n                                class=\"attachment-sote-gallery-small size-sote-gallery-small\" \r\n                                srcset=\"https:\/\/semmelweis.hu\/tuzoltoklinika\/files\/2020\/09\/Kardio-2-400x289.jpg 400w, https:\/\/semmelweis.hu\/tuzoltoklinika\/files\/2020\/09\/Kardio-2-1024x741.jpg 1024w, https:\/\/semmelweis.hu\/tuzoltoklinika\/files\/2020\/09\/Kardio-2-768x556.jpg 768w, https:\/\/semmelweis.hu\/tuzoltoklinika\/files\/2020\/09\/Kardio-2-753x545.jpg 753w, https:\/\/semmelweis.hu\/tuzoltoklinika\/files\/2020\/09\/Kardio-2.jpg 1280w\" ><\/a><\/div>\r\n                    <\/span>\r\n\r\n                <\/div>\r\n\r\n            <\/div>\r\n\r\n            \r\n            <\/div>\r\n\r\n            [\/slb_exclude]\r\n\t\n<p style=\"text-align: justify\">\u00a0<\/p>\n","protected":false},"excerpt":{"rendered":"<p>\u00a0 KARDIOL\u00d3GIA Ambulancia Sz\u00edv UH + EKG Bejelentkez\u00e9s: 09:00-13:00 \u00f3ra k\u00f6z\u00f6tt, a +36-1-215-1380\/52891 telefonsz\u00e1mon H\u00c9TF\u0150 09:00-14:00 Dr. Kem\u00e9ny Vikt\u00f3ria KEDD SZERDA CS\u00dcT\u00d6RT\u00d6K 09:00-13:00 P\u00c9NTEK 09:00-13:00 Dr. Turi Alexandra &nbsp; &nbsp; Oszt\u00e1lyvezet\u0151 f\u0151orvos:\u00a0 Dr. Kem\u00e9ny Vikt\u00f3ria klinikai szakorvos, Szakorvos: Dr. Turi Alexandra klinikai szakorvos, Kardiol\u00f3giai szakasszisztens:\u00a0S\u00e1ri Anik\u00f3 Klinik\u00e1nk els\u0151 kardiol\u00f3giai oszt\u00e1ly\u00e1t Dr. Fon\u00f3 Ren\u00e9e egyetemi docens &hellip;<\/p>\n","protected":false},"author":158,"featured_media":0,"parent":1570,"menu_order":0,"comment_status":"closed","ping_status":"closed","template":"","meta":{"_acf_changed":false,"footnotes":""},"categories":[],"tags":[],"class_list":["post-243","page","type-page","status-publish","hentry"],"acf":[],"_links":{"self":[{"href":"https:\/\/semmelweis.hu\/tuzoltoklinika\/wp-json\/wp\/v2\/pages\/243","targetHints":{"allow":["GET"]}}],"collection":[{"href":"https:\/\/semmelweis.hu\/tuzoltoklinika\/wp-json\/wp\/v2\/pages"}],"about":[{"href":"https:\/\/semmelweis.hu\/tuzoltoklinika\/wp-json\/wp\/v2\/types\/page"}],"author":[{"embeddable":true,"href":"https:\/\/semmelweis.hu\/tuzoltoklinika\/wp-json\/wp\/v2\/users\/158"}],"replies":[{"embeddable":true,"href":"https:\/\/semmelweis.hu\/tuzoltoklinika\/wp-json\/wp\/v2\/comments?post=243"}],"version-history":[{"count":10,"href":"https:\/\/semmelweis.hu\/tuzoltoklinika\/wp-json\/wp\/v2\/pages\/243\/revisions"}],"predecessor-version":[{"id":10464,"href":"https:\/\/semmelweis.hu\/tuzoltoklinika\/wp-json\/wp\/v2\/pages\/243\/revisions\/10464"}],"up":[{"embeddable":true,"href":"https:\/\/semmelweis.hu\/tuzoltoklinika\/wp-json\/wp\/v2\/pages\/1570"}],"wp:attachment":[{"href":"https:\/\/semmelweis.hu\/tuzoltoklinika\/wp-json\/wp\/v2\/media?parent=243"}],"wp:term":[{"taxonomy":"category","embeddable":true,"href":"https:\/\/semmelweis.hu\/tuzoltoklinika\/wp-json\/wp\/v2\/categories?post=243"},{"taxonomy":"post_tag","embeddable":true,"href":"https:\/\/semmelweis.hu\/tuzoltoklinika\/wp-json\/wp\/v2\/tags?post=243"}],"curies":[{"name":"wp","href":"https:\/\/api.w.org\/{rel}","templated":true}]}}