{"id":229,"date":"2013-02-08T11:03:06","date_gmt":"2013-02-08T10:03:06","guid":{"rendered":"http:\/\/tuzoltoklinika.semmelweis.hu\/?page_id=229"},"modified":"2024-09-23T11:03:48","modified_gmt":"2024-09-23T09:03:48","slug":"neurologia","status":"publish","type":"page","link":"https:\/\/semmelweis.hu\/tuzoltoklinika\/betegellatas\/ambulanciak-es-fekvobeteg-osztalyaink\/neurologia\/","title":{"rendered":"Neurol\u00f3giai ritka betegs\u00e9gek"},"content":{"rendered":"<p><strong>Oszt\u00e1lyvezet\u0151 f\u0151orvos: <\/strong>Dr. Szab\u00f3 L\u00e9na Ph.D, egyetemi adjunktus (gyermekgy\u00f3gy\u00e1sz, gyermekneurol\u00f3gus)<\/p>\n<div class=\"keretes w-100\">\n<p style=\"text-align: center\"><strong>Bejelentkez\u00e9s\/id\u0151pont k\u00e9r\u00e9s <span style=\"color: #ff0000\">kiz\u00e1r\u00f3lag e-mailen: <\/span><\/strong><\/p>\n<p style=\"text-align: center\"><strong><span style=\"color: #ff0000\"><span style=\"font-size: 18pt;color: #0000ff\">neurologia@gyerekklinika.com\u00a0<\/span><\/span><\/strong><\/p>\n<p><strong><span style=\"color: #000000\">Felh\u00edvjuk Tisztelt \u00c9rdekl\u0151d\u0151ink figyelm\u00e9t, Dr. Liptai Zolt\u00e1n doktor \u00farhoz az al\u00e1bbi <span style=\"color: #ff0000\">e-mail c\u00edmen k\u00e9rhet\u0151 id\u0151pont: <\/span><\/span><\/strong><span style=\"color: #000000\">liptai.zoltan@semmelweis.hu<\/span><strong><br \/>\n<\/strong><\/p>\n<\/div>\n<table class=\"middle-border\" style=\"width: 91.8058%;height: 448px\">\n<thead>\n<tr style=\"height: 33px\">\n<td style=\"width: 26%;text-align: center;height: 33px\"><strong>Rendel\u00e9si id\u0151<\/strong><\/td>\n<td style=\"text-align: center;width: 30.0981%;height: 33px\"><strong>12. Rendel\u0151\u00a0<\/strong><\/td>\n<td style=\"text-align: center;width: 43.8323%;height: 33px\"><strong>13. Rendel\u0151\u00a0<\/strong><\/td>\n<td style=\"width: 1.73553%;height: 33px\">\u00a0<\/td>\n<td style=\"width: 4.43723%;height: 33px\">\u00a0<\/td>\n<td style=\"width: 4.66886%;height: 33px\">\u00a0<\/td>\n<\/tr>\n<\/thead>\n<tbody>\n<tr style=\"height: 93px\">\n<td style=\"text-align: center;width: 26%;height: 93px\"><strong>H\u00c9TF\u0150<\/strong><br \/>\n09:00 -14:00<\/p>\n<\/td>\n<td style=\"text-align: center;width: 30.0981%;height: 93px\">Dr. Szab\u00f3 L\u00e9na<\/td>\n<td style=\"text-align: center;width: 43.8323%;height: 93px\">Dr. Liptai Zolt\u00e1n<\/td>\n<td style=\"width: 1.73553%;height: 93px\">\u00a0<\/td>\n<td style=\"width: 4.43723%;height: 93px\">\u00a0<\/td>\n<td style=\"width: 4.66886%;height: 93px\">\u00a0<\/td>\n<\/tr>\n<tr style=\"height: 33px\">\n<td style=\"text-align: center;width: 26%;height: 63px\" rowspan=\"2\"><strong>KEDD<\/strong><br \/>\n08:00-13:00<\/td>\n<td style=\"text-align: center;width: 30.0981%;height: 63px\" rowspan=\"2\">Dr. Herczegfalvi \u00c1gnes<\/td>\n<td style=\"text-align: center;width: 43.8323%;height: 63px\" rowspan=\"2\">Dr. Dobner Sarolta<\/td>\n<td style=\"width: 1.73553%;height: 33px\">\u00a0<\/td>\n<td style=\"width: 4.43723%;height: 33px\">\u00a0<\/td>\n<td style=\"width: 4.66886%;height: 33px\">\u00a0<\/td>\n<\/tr>\n<tr style=\"height: 30px\">\n<td style=\"text-align: center;width: 1.73553%;height: 226px\" rowspan=\"3\">\n<p>\n<\/td>\n<td style=\"text-align: center;width: 4.43723%;height: 226px\" rowspan=\"3\">\u00a0<\/td>\n<td style=\"text-align: center;width: 4.66886%;height: 226px\" rowspan=\"3\">\u00a0<\/td>\n<\/tr>\n<tr style=\"height: 103px\">\n<td style=\"text-align: center;width: 26%;height: 103px\">\n<p><strong>SZERDA<\/strong><\/p>\n<p>08:00-13:00<\/p>\n<\/td>\n<td style=\"text-align: center;width: 30.0981%;height: 103px\">Dr. Filiczki Gabriella<\/td>\n<td style=\"text-align: center;width: 43.8323%;height: 103px\">Dr. Liptai Zolt\u00e1n<\/td>\n<\/tr>\n<tr style=\"height: 93px\">\n<td style=\"text-align: center;width: 26%;height: 93px\"><strong>CS\u00dcT\u00d6RT\u00d6K<\/strong><br \/>\n08:00-13:00 <\/p>\n<\/td>\n<td style=\"text-align: center;width: 30.0981%;height: 93px\">Dr. Filiczki Gabriella<\/td>\n<td style=\"text-align: center;width: 43.8323%;height: 93px\" width=\"172\">\u00a0<\/td>\n<\/tr>\n<tr style=\"height: 63px\">\n<td style=\"text-align: center;width: 26%;height: 63px\"><strong>P\u00c9NTEK<\/strong><br \/>\n09:00-13:00<\/td>\n<td style=\"width: 30.0981%;text-align: center;height: 63px\">Dr. Dobner Ilona Sarolta\/Dr. Szab\u00f3 L\u00e9na<\/td>\n<td style=\"width: 43.8323%;text-align: center;height: 63px\">Dr. Liptai Zolt\u00e1n<\/td>\n<td style=\"width: 1.73553%;height: 63px\">\u00a0<\/td>\n<td style=\"width: 4.43723%;height: 63px\">\u00a0<\/td>\n<td style=\"width: 4.66886%;height: 63px\">\u00a0<\/td>\n<\/tr>\n<\/tbody>\n<\/table>\n<p>&nbsp;<\/p>\n<p><strong>Gyermekneurol\u00f3gus szakorvosaink:<\/strong><br \/>\nDr. Dobner Ilona Sarolta (gyermekgy\u00f3gy\u00e1sz, gyermekneurol\u00f3gus)<br \/>\nDr. Liptai Zolt\u00e1n Ph.D, (gyermekgy\u00f3gy\u00e1sz, infektol\u00f3gus, gyermekneurol\u00f3gus)<br \/>\nDr. Herczegfalvi \u00c1gnes Ph.D, egyetemi docens (gyermekgy\u00f3gy\u00e1sz, gyermekneurol\u00f3gus)<br \/>\nDr. Filiczki Gabriella klinikai szakorvos (gyermekneurol\u00f3gus, rehabilit\u00e1ci\u00f3s szakorvos)<\/p>\n<p><strong>Oszt\u00e1lyvezet\u0151 f\u0151n\u0151v\u00e9r: <\/strong>Schmuck Anetta, diplom\u00e1s \u00e1pol\u00f3<\/p>\n<p style=\"text-align: justify\"><span style=\"font-weight: 400\">Ezenk\u00edv\u00fcl rezidensek, illetve a szakorvosk\u00e9pz\u00e9sben r\u00e9sztvev\u0151 szakorvosjel\u00f6ltek (gyermekgy\u00f3gy\u00e1szat, gyermekneurol\u00f3gia, neurol\u00f3gia szakvizsga el\u0151tt) dolgoznak az oszt\u00e1lyon. Klinikai szakpszichol\u00f3gus,\u00a0 gy\u00f3gytorn\u00e1sz, dietetikus, szoci\u00e1lis munk\u00e1s is seg\u00edti az oszt\u00e1ly munk\u00e1j\u00e1t. A gyermekneurol\u00f3giai oszt\u00e1ly mellett j\u00f3l felszerelt elektrofiziol\u00f3giai laborat\u00f3rium \u00e9s ambul\u00e1ns rendel\u00e9s m\u0171k\u00f6dik m\u00e9g. Az oszt\u00e1ly 14 \u00e1ggyal m\u0171k\u00f6dik. K\u00e9t nagyobb, \u00e9s egy \u201ebaba-mama\u201d szob\u00e1ban tudjuk elhelyezni a betegeket. Az \u00e9desany\u00e1k \u00e9jszaka a gyermek\u00fck mellett maradhatnak p\u00f3t\u00e1gyakon. Az oszt\u00e1lyon bel\u00fcl helyezkedik el egy video-EEG monitoroz\u00f3 szoba.\u00a0<\/span><\/p>\n<p style=\"text-align: justify\"><span style=\"font-weight: 400\">Az oszt\u00e1ly <\/span><b>\u00fajsz\u00fcl\u00f6ttkort\u00f3l 18 \u00e9ves korig fogad betegeket<\/b><span style=\"font-weight: 400\">, b\u00e1rmely neurol\u00f3giai probl\u00e9m\u00e1val (fejf\u00e1j\u00e1s, epilepszia, l\u00e1zg\u00f6rcs, mozg\u00e1s- besz\u00e9dfejl\u0151d\u00e9s k\u00e9s\u00e9se, izombetegs\u00e9g vagy egy\u00e9b idegrendszeri betegs\u00e9gek, anyagcsere betegs\u00e9gek, stb) az orsz\u00e1g minden r\u00e9sz\u00e9b\u0151l, \u00e9s a hat\u00e1ron t\u00falr\u00f3l is.<\/span><\/p>\n<p style=\"text-align: justify\"><span style=\"font-weight: 400\">F\u0151 profil: neuromuszkul\u00e1ris \u00e9s neurometabolikus, neuroimmunol\u00f3giai betegs\u00e9gek, epilepszia, fejf\u00e1j\u00e1s, pszicho-motoros-, illetve ment\u00e1lis elmarad\u00e1s, besz\u00e9dfejl\u0151d\u00e9si zavarok.<\/span><\/p>\n<p style=\"text-align: justify\"><span style=\"font-weight: 400\">T\u00f6bb \u00e9ves nemzetk\u00f6zi egy\u00fcttm\u0171k\u00f6d\u00e9s keret\u00e9n bel\u00fcl, 2012 \u00e1prilis\u00e1t\u00f3l, t\u00f6bb int\u00e9zm\u00e9ny egy\u00fcttm\u0171k\u00f6d\u00e9s\u00e9vel j\u00f6tt l\u00e9tre \u00e9s fogadja a gyermek izombetegeket a \u201eBudapesti Neuromuszkul\u00e1ris Centrum\u201d, melynek c\u00e9lja, hogy egys\u00e9ges szempontok alapj\u00e1n (Care-NMD-EU) t\u00f6rt\u00e9nj\u00e9k a betegek ell\u00e1t\u00e1sa \u00e9s gondoz\u00e1sa.\u00a0<\/span><\/p>\n<p style=\"text-align: justify\"><span style=\"font-weight: 400\">A betegek kivizsg\u00e1l\u00e1s\u00e1ban nagy seg\u00edts\u00e9g az MRI k\u00e9sz\u00fcl\u00e9k egyetemen bel\u00fcli el\u00e9rhet\u0151s\u00e9ge, ahogy az izomhisztok\u00e9mia \u00e9s egyes genetikai vizsg\u00e1latok is gyorsan hozz\u00e1f\u00e9rhet\u0151k. T\u00f6bb \u00e9vtizedes egy\u00fcttm\u0171k\u00f6d\u00e9sben \u00e1llunk k\u00fcl\u00f6nb\u00f6z\u0151 genetikai \u00e9s diagnosztikai laborat\u00f3riumokkal, ahol sz\u00e1mos \u00f6r\u00f6kletes neuromuszkul\u00e1ris betegs\u00e9g molekul\u00e1ris genetikai vizsg\u00e1lata t\u00f6rt\u00e9nik.\u00a0<\/span><\/p>\n<p>&nbsp;<\/p>\n<p><b>Gyermekneurol\u00f3giai szakambulancia<\/b><\/p>\n<p style=\"text-align: justify\"><span style=\"font-weight: 400\">Gyermekneurol\u00f3giai ambulanci\u00e1nk a h\u00e9t minden napj\u00e1n, <\/span><b>el\u0151jegyz\u00e9s alapj\u00e1n<\/b><span style=\"font-weight: 400\"> fogad betegeket, ahol <strong><span style=\"color: #ff0000\">h<\/span><\/strong><\/span><strong><span style=\"color: #ff0000\">\u00e1zi gyermekorvosi beutal\u00f3 sz\u00fcks\u00e9ges! <\/span><\/strong><span style=\"font-weight: 400\">Id\u0151pontk\u00e9r\u00e9s, inform\u00e1ci\u00f3k\u00e9r\u00e9s a <\/span><span style=\"color: #ff0000\"><strong>neurologia@gyerekklinika.com<\/strong><\/span><span style=\"font-weight: 400\"> e-mail c\u00edmen lehets\u00e9ges.<\/span><\/p>\n<p style=\"text-align: justify\"><span style=\"font-weight: 400\">Dr. Liptai Zolt\u00e1n rendel\u00e9s\u00e9re a <\/span><span style=\"font-weight: 400;color: #00ccff\">liptai.zoltan@semmelweis.hu <\/span><span style=\"font-weight: 400\">email c\u00edmen\u00a0 tudnak id\u0151pontot k\u00e9rni. <\/span><span style=\"font-weight: 400\">Id\u0151pontk\u00e9r\u00e9shez k\u00e9rj\u00fck adja meg a gyermek nev\u00e9t, \u00e9letkor\u00e1t, a probl\u00e9ma le\u00edr\u00e1s\u00e1t, a gondoz\u00f3 orvos nev\u00e9t, illetve a sz\u00fcl\u0151 telefonos el\u00e9rhet\u0151s\u00e9g\u00e9t.\u00a0\u00a0<\/span><\/p>\n<p style=\"text-align: justify\"><span style=\"font-weight: 400\">Neurol\u00f3giai ambulanci\u00e1nkon 5 neurol\u00f3gus rendel\u00e9s\u00e9re jelentkezhetnek. V\u00e1llaljuk ter\u00fcleti illet\u00e9kess\u00e9g alapj\u00e1n b\u00e1rmilyen neurol\u00f3giai panasszal rendelkez\u0151 betegek vizsg\u00e1lat\u00e1t (l\u00e1zg\u00f6rcs, epilepszi\u00e1s roham, k\u00f3ros mozg\u00e1sok, fejf\u00e1j\u00e1s, fejl\u0151d\u00e9sbeli elmarad\u00e1s, hypotonia, zsibbad\u00e1s, sz\u00e9d\u00fcl\u00e9s, j\u00e1r\u00e1szavar).\u00a0<\/span><\/p>\n<p style=\"text-align: justify\"><span style=\"font-weight: 400\">Ezenk\u00edv\u00fcl az orsz\u00e1g b\u00e1rmely ter\u00fclet\u00e9r\u0151l fogadunk izombetegs\u00e9gben szenved\u0151 gyermeket \u00e9s neuroimmunol\u00f3giai betegeket (sclerosis multiplex, CIDP, GBS, autoimmun encephalitis, agyi vasculitis).<\/span><\/p>\n<p>&nbsp;<\/p>\n<p><b>Klinikai neurofiziol\u00f3giai laborat\u00f3rium:<\/b><\/p>\n<p style=\"text-align: justify\"><span style=\"font-weight: 400\">K\u00e9t elk\u00fcl\u00f6n\u00edtett helyis\u00e9gben v\u00e9gezz\u00fck a neurofiziol\u00f3giai vizsg\u00e1latokat. <\/span><span style=\"font-weight: 400\">Egy 16 csatorn\u00e1s \u00e9s egy video EEG k\u00e9sz\u00fcl\u00e9kkel \u00e9brenl\u00e9ti-, spont\u00e1n alv\u00e1sos-, alv\u00e1smegvon\u00e1sos- \u00e9s video-EEG vizsg\u00e1latokat v\u00e9gz\u00fcnk 1 f\u0151 elektrofiziol\u00f3giai szakasszisztens seg\u00edts\u00e9g\u00e9vel.<\/span><\/p>\n<p style=\"text-align: justify\"><span style=\"font-weight: 400\">Laborat\u00f3riumunkban csak a Klinik\u00e1nkon gondozott, vagy kivizsg\u00e1l\u00e1s alatt \u00e1ll\u00f3 gyermekek tudj\u00e1k ig\u00e9nybe venni az EEG vizsg\u00e1latot. <\/span><b>A vizsg\u00e1latra a Klinik\u00e1n rendel\u0151 neurol\u00f3gus szakorvos javaslata alapj\u00e1n lehet bejelentkezni. <\/b><span style=\"font-weight: 400\">Id\u0151pontk\u00e9r\u00e9s <\/span><strong><span style=\"color: #ff0000\">neurologia@gyerekklinika.com<\/span><\/strong><span style=\"font-weight: 400\"> e-mail c\u00edmen lehets\u00e9ges. A \u201ct\u00e1rgy\u201d mez\u0151ben k\u00e9rj\u00fck, t\u00fcntess\u00e9k fel, hogy EEG vizsg\u00e1latra k\u00e9rnek id\u0151pontot \u00e9s a gyermek adatain t\u00fal mindenk\u00e9ppen \u00edrj\u00e1k meg a bek\u00fcld\u0151 orvos nev\u00e9t.<\/span><\/p>\n<p style=\"text-align: justify\"><span style=\"font-weight: 400\">A m\u00e1sik helyis\u00e9gben lehet\u0151s\u00e9g van vizu\u00e1lis \u00e9s akusztikus agyt\u00f6rzsi kiv\u00e1ltott v\u00e1lasz (BAEP+VEP) vizsg\u00e1latok kivitelez\u00e9s\u00e9re tov\u00e1bb\u00e1 elektroneurographi\u00e1s \u00e9s elektromyographi\u00e1s (ENG\/EMG) vizsg\u00e1latok v\u00e9gz\u00e9s\u00e9re.\u00a0<\/span><\/p>\n<p style=\"text-align: justify\"><span style=\"font-weight: 400\">Az elektroneurographi\u00e1s \u00e9s elektromyographi\u00e1s vizsg\u00e1latok igen id\u0151ig\u00e9nyesek \u00e9s sok t\u00fcrelmet ig\u00e9nyelnek a betegt\u0151l \u00e9s a vizsg\u00e1l\u00f3t\u00f3l egyar\u00e1nt. <\/span><span style=\"color: #ff0000\"><b>A EMG\/ENG vizsg\u00e1latra betegeket csak el\u0151jegyz\u00e9s alapj\u00e1n tudunk fogadni!<\/b><\/span><\/p>\n<p>&nbsp;<\/p>\n<p><strong>Az ENG\/EMG Laborrendel\u00e9si ideje:<\/strong><\/p>\n<table style=\"border-collapse: collapse;width: 74.4922%\">\n<tbody>\n<tr>\n<td style=\"width: 22.8743%\"><strong>H\u00c9TF\u0150<\/strong><\/td>\n<td style=\"width: 24.0801%;text-align: center\">12:30-13:30 \u00f3ra<\/td>\n<td style=\"width: 29.6737%;text-align: center\">Dr. Liptai Zolt\u00e1n<\/td>\n<\/tr>\n<\/tbody>\n<\/table>\n<p>&nbsp;<\/p>\n<p>&nbsp;<\/p>\n<p>&nbsp;<\/p>\n<p>&nbsp;<\/p>\n<p>&nbsp;<\/p>\n<p>&nbsp;<\/p>\n<p>&nbsp;<\/p>\n<p>&nbsp;<\/p>\n<p>&nbsp;<\/p>\n<p>&nbsp;<\/p>\n<p>&nbsp;<\/p>\n<p>&nbsp;<\/p>\n","protected":false},"excerpt":{"rendered":"<p>Oszt\u00e1lyvezet\u0151 f\u0151orvos: Dr. Szab\u00f3 L\u00e9na Ph.D, egyetemi adjunktus (gyermekgy\u00f3gy\u00e1sz, gyermekneurol\u00f3gus) Bejelentkez\u00e9s\/id\u0151pont k\u00e9r\u00e9s kiz\u00e1r\u00f3lag e-mailen: neurologia@gyerekklinika.com\u00a0 Felh\u00edvjuk Tisztelt \u00c9rdekl\u0151d\u0151ink figyelm\u00e9t, Dr. Liptai Zolt\u00e1n doktor \u00farhoz az al\u00e1bbi e-mail c\u00edmen k\u00e9rhet\u0151 id\u0151pont: liptai.zoltan@semmelweis.hu Rendel\u00e9si id\u0151 12. Rendel\u0151\u00a0 13. Rendel\u0151\u00a0 \u00a0 \u00a0 \u00a0 H\u00c9TF\u0150 09:00 -14:00 Dr. Szab\u00f3 L\u00e9na Dr. Liptai Zolt\u00e1n \u00a0 \u00a0 \u00a0 KEDD 08:00-13:00 Dr. &hellip;<\/p>\n","protected":false},"author":158,"featured_media":0,"parent":3986,"menu_order":0,"comment_status":"closed","ping_status":"closed","template":"","meta":{"_acf_changed":false,"footnotes":""},"categories":[],"tags":[],"class_list":["post-229","page","type-page","status-publish","hentry"],"acf":[],"_links":{"self":[{"href":"https:\/\/semmelweis.hu\/tuzoltoklinika\/wp-json\/wp\/v2\/pages\/229","targetHints":{"allow":["GET"]}}],"collection":[{"href":"https:\/\/semmelweis.hu\/tuzoltoklinika\/wp-json\/wp\/v2\/pages"}],"about":[{"href":"https:\/\/semmelweis.hu\/tuzoltoklinika\/wp-json\/wp\/v2\/types\/page"}],"author":[{"embeddable":true,"href":"https:\/\/semmelweis.hu\/tuzoltoklinika\/wp-json\/wp\/v2\/users\/158"}],"replies":[{"embeddable":true,"href":"https:\/\/semmelweis.hu\/tuzoltoklinika\/wp-json\/wp\/v2\/comments?post=229"}],"version-history":[{"count":10,"href":"https:\/\/semmelweis.hu\/tuzoltoklinika\/wp-json\/wp\/v2\/pages\/229\/revisions"}],"predecessor-version":[{"id":10349,"href":"https:\/\/semmelweis.hu\/tuzoltoklinika\/wp-json\/wp\/v2\/pages\/229\/revisions\/10349"}],"up":[{"embeddable":true,"href":"https:\/\/semmelweis.hu\/tuzoltoklinika\/wp-json\/wp\/v2\/pages\/3986"}],"wp:attachment":[{"href":"https:\/\/semmelweis.hu\/tuzoltoklinika\/wp-json\/wp\/v2\/media?parent=229"}],"wp:term":[{"taxonomy":"category","embeddable":true,"href":"https:\/\/semmelweis.hu\/tuzoltoklinika\/wp-json\/wp\/v2\/categories?post=229"},{"taxonomy":"post_tag","embeddable":true,"href":"https:\/\/semmelweis.hu\/tuzoltoklinika\/wp-json\/wp\/v2\/tags?post=229"}],"curies":[{"name":"wp","href":"https:\/\/api.w.org\/{rel}","templated":true}]}}