{"id":1334,"date":"2013-11-27T16:12:18","date_gmt":"2013-11-27T15:12:18","guid":{"rendered":"http:\/\/tuzoltoklinika.semmelweis.hu\/impresszum\/"},"modified":"2026-02-24T09:00:41","modified_gmt":"2026-02-24T08:00:41","slug":"impresszum","status":"publish","type":"page","link":"https:\/\/semmelweis.hu\/tuzoltoklinika\/impresszum\/","title":{"rendered":"Impresszum"},"content":{"rendered":"<p><b>Felel\u0151s kiad\u00f3:<\/b> Semmelweis Egyetem<\/p>\n<p><b>Egys\u00e9g neve: <\/b>Gyermekgy\u00f3gy\u00e1szati Klinika, T\u0171zolt\u00f3 utcai r\u00e9szleg<\/p>\n<p><strong>Igazgat\u00f3:<\/strong> Prof., Dr. Szab\u00f3 Attila<\/p>\n<p><b>A tansz\u00e9k vezet\u0151je:<\/b> Prof., Dr. Kov\u00e1cs G\u00e1bor<\/p>\n<p><b>A honlap szerkeszt\u0151je: <\/b>Armai Danila<\/p>\n","protected":false},"excerpt":{"rendered":"<p>Felel\u0151s kiad\u00f3: Semmelweis Egyetem<br \/>\nEgys\u00e9g neve: Gyermekgy\u00f3gy\u00e1szati Klinika, T\u0171zolt\u00f3 utcai r\u00e9szleg<br \/>\nIgazgat\u00f3: Prof., Dr. Szab\u00f3 Attila<br \/>\nA tansz\u00e9k vezet\u0151je: Prof., Dr. Kov\u00e1cs G\u00e1bor<br \/>\nA honlap szerkeszt\u0151je: Armai Danila<\/p>\n","protected":false},"author":158,"featured_media":0,"parent":0,"menu_order":10,"comment_status":"closed","ping_status":"closed","template":"","meta":{"_acf_changed":false,"footnotes":""},"categories":[],"tags":[],"class_list":["post-1334","page","type-page","status-publish","hentry"],"acf":[],"_links":{"self":[{"href":"https:\/\/semmelweis.hu\/tuzoltoklinika\/wp-json\/wp\/v2\/pages\/1334","targetHints":{"allow":["GET"]}}],"collection":[{"href":"https:\/\/semmelweis.hu\/tuzoltoklinika\/wp-json\/wp\/v2\/pages"}],"about":[{"href":"https:\/\/semmelweis.hu\/tuzoltoklinika\/wp-json\/wp\/v2\/types\/page"}],"author":[{"embeddable":true,"href":"https:\/\/semmelweis.hu\/tuzoltoklinika\/wp-json\/wp\/v2\/users\/158"}],"replies":[{"embeddable":true,"href":"https:\/\/semmelweis.hu\/tuzoltoklinika\/wp-json\/wp\/v2\/comments?post=1334"}],"version-history":[{"count":10,"href":"https:\/\/semmelweis.hu\/tuzoltoklinika\/wp-json\/wp\/v2\/pages\/1334\/revisions"}],"predecessor-version":[{"id":12007,"href":"https:\/\/semmelweis.hu\/tuzoltoklinika\/wp-json\/wp\/v2\/pages\/1334\/revisions\/12007"}],"wp:attachment":[{"href":"https:\/\/semmelweis.hu\/tuzoltoklinika\/wp-json\/wp\/v2\/media?parent=1334"}],"wp:term":[{"taxonomy":"category","embeddable":true,"href":"https:\/\/semmelweis.hu\/tuzoltoklinika\/wp-json\/wp\/v2\/categories?post=1334"},{"taxonomy":"post_tag","embeddable":true,"href":"https:\/\/semmelweis.hu\/tuzoltoklinika\/wp-json\/wp\/v2\/tags?post=1334"}],"curies":[{"name":"wp","href":"https:\/\/api.w.org\/{rel}","templated":true}]}}

<p><b>Felelős kiadó:</b> Semmelweis Egyetem</p>
<p><b>Egység neve: </b>Gyermekgyógyászati Klinika, Tűzoltó utcai részleg</p>
<p><strong>Igazgató:</strong> Prof., Dr. Szabó Attila</p>
<p><b>A tanszék vezetője:</b> Prof., Dr. Kovács Gábor</p>
<p><b>A honlap szerkesztője: </b>Armai Danila</p>

<p>Felelős kiadó: Semmelweis Egyetem<br />
Egység neve: Gyermekgyógyászati Klinika, Tűzoltó utcai részleg<br />
Igazgató: Prof., Dr. Szabó Attila<br />
A tanszék vezetője: Prof., Dr. Kovács Gábor<br />
A honlap szerkesztője: Armai Danila</p>
