{"id":10860,"date":"2025-01-28T09:57:51","date_gmt":"2025-01-28T08:57:51","guid":{"rendered":"https:\/\/semmelweis.hu\/tuzoltoklinika\/?page_id=10860"},"modified":"2025-01-28T10:12:22","modified_gmt":"2025-01-28T09:12:22","slug":"tuzolto-keddek-2022","status":"publish","type":"page","link":"https:\/\/semmelweis.hu\/tuzoltoklinika\/akkreditalt-rendezvenyeink\/ha-kedd-akkor-tuzolto-utca\/tuzolto-keddek-2022\/","title":{"rendered":"T\u0171zolt\u00f3 keddek &#8211; 2022"},"content":{"rendered":"<p><strong>2022.<\/strong><\/p>\n<ol>\n<li style=\"text-align: justify\">Innovat\u00edv gyermekseb\u00e9szet \u2013 2022. febru\u00e1r 15. (<a href=\"https:\/\/semmelweis.hu\/tuzoltoklinika\/2022\/02\/16\/ha-kedd-akkor-tuzolto-utca-ujabb-sikeres-tovabbkepzesi-rendezvenyt-tartottunk\/\" target=\"_blank\" rel=\"noopener\">https:\/\/semmelweis.hu\/tuzoltoklinika\/2022\/02\/16\/ha-kedd-akkor-tuzolto-utca-ujabb-sikeres-tovabbkepzesi-rendezvenyt-tartottunk\/<\/a>)<\/li>\n<li style=\"text-align: justify\">Endokrinol\u00f3gia a gyermekgy\u00f3gy\u00e1szatban \u2013 2022. \u00e1prilis 5. (<a href=\"https:\/\/semmelweis.hu\/tuzoltoklinika\/2022\/04\/06\/ha-kedd-akkor-tuzolto-utca-tegnap-ujabb-sikeres-tovabbkepzesi-rendezvenyt-tartottunk\/\" target=\"_blank\" rel=\"noopener\">https:\/\/semmelweis.hu\/tuzoltoklinika\/2022\/04\/06\/ha-kedd-akkor-tuzolto-utca-tegnap-ujabb-sikeres-tovabbkepzesi-rendezvenyt-tartottunk\/<\/a>)<\/li>\n<li style=\"text-align: justify\">Genetika a mindennapokban \u2013 2022. m\u00e1jus 5. (<a href=\"https:\/\/semmelweis.hu\/tuzoltoklinika\/2022\/05\/11\/ha-kedd-akkor-tuzolto-utca-tegnap-sikerrel-zarult-oktoberben-indult-tovabbkepzesi-programsorozatunk\/\" target=\"_blank\" rel=\"noopener\">https:\/\/semmelweis.hu\/tuzoltoklinika\/2022\/05\/11\/ha-kedd-akkor-tuzolto-utca-tegnap-sikerrel-zarult-oktoberben-indult-tovabbkepzesi-programsorozatunk\/<\/a>)<\/li>\n<li style=\"text-align: justify\">Hematol\u00f3gia \u2013 2022. okt\u00f3ber 25. (<a href=\"https:\/\/semmelweis.hu\/tuzoltoklinika\/2022\/10\/26\/ha-kedd-akkor-tuzolto-utca-sikeres-akkreditalt-rendezvenyt-tartottunk\/\" target=\"_blank\" rel=\"noopener\">https:\/\/semmelweis.hu\/tuzoltoklinika\/2022\/10\/26\/ha-kedd-akkor-tuzolto-utca-sikeres-akkreditalt-rendezvenyt-tartottunk\/<\/a>)<\/li>\n<li style=\"text-align: justify\">Onkol\u00f3gia \u2013 2022. november 22. (<a href=\"https:\/\/semmelweis.hu\/tuzoltoklinika\/2022\/11\/23\/ha-kedd-akkor-tuzolto-utca-tegnap-delutan-ujabb-sikeres-akkreditalt-rendezvenyt-tartottunk\/\" target=\"_blank\" rel=\"noopener\">https:\/\/semmelweis.hu\/tuzoltoklinika\/2022\/11\/23\/ha-kedd-akkor-tuzolto-utca-tegnap-delutan-ujabb-sikeres-akkreditalt-rendezvenyt-tartottunk\/<\/a>)<\/li>\n<\/ol>\n","protected":false},"excerpt":{"rendered":"<p>2022.<\/p>\n<p>Innovat\u00edv gyermekseb\u00e9szet \u2013 2022. febru\u00e1r 15. (<a href=\"https:\/\/semmelweis.hu\/tuzoltoklinika\/2022\/02\/16\/ha-kedd-akkor-tuzolto-utca-ujabb-sikeres-tovabbkepzesi-rendezvenyt-tartottunk\/\" target=\"_blank\" rel=\"noopener\">https:\/\/semmelweis.hu\/tuzoltoklinika\/2022\/02\/16\/ha-kedd-akkor-tuzolto-utca-ujabb-sikeres-tovabbkepzesi-rendezvenyt-tartottunk\/<\/a>)<br \/>\nEndokrinol\u00f3gia a gyermekgy\u00f3gy\u00e1szatban \u2013 2022. \u00e1prilis 5. (<a href=\"https:\/\/semmelweis.hu\/tuzoltoklinika\/2022\/04\/06\/ha-kedd-akkor-tuzolto-utca-tegnap-ujabb-sikeres-tovabbkepzesi-rendezvenyt-tartottunk\/\" target=\"_blank\" rel=\"noopener\">https:\/\/semmelweis.hu\/tuzoltoklinika\/2022\/04\/06\/ha-kedd-akkor-tuzolto-utca-tegnap-ujabb-sikeres-tovabbkepzesi-rendezvenyt-tartottunk\/<\/a>)<br \/>\nGenetika a mindennapokban \u2013 2022. m\u00e1jus 5. (<a href=\"https:\/\/semmelweis.hu\/tuzoltoklinika\/2022\/05\/11\/ha-kedd-akkor-tuzolto-utca-tegnap-sikerrel-zarult-oktoberben-indult-tovabbkepzesi-programsorozatunk\/\" target=\"_blank\" rel=\"noopener\">https:\/\/semmelweis.hu\/tuzoltoklinika\/2022\/05\/11\/ha-kedd-akkor-tuzolto-utca-tegnap-sikerrel-zarult-oktoberben-indult-tovabbkepzesi-programsorozatunk\/<\/a>)<br \/>\nHematol\u00f3gia \u2013 2022. okt\u00f3ber 25. (<a href=\"https:\/\/semmelweis.hu\/tuzoltoklinika\/2022\/10\/26\/ha-kedd-akkor-tuzolto-utca-sikeres-akkreditalt-rendezvenyt-tartottunk\/\" target=\"_blank\" rel=\"noopener\">https:\/\/semmelweis.hu\/tuzoltoklinika\/2022\/10\/26\/ha-kedd-akkor-tuzolto-utca-sikeres-akkreditalt-rendezvenyt-tartottunk\/<\/a>)<br \/>\nOnkol\u00f3gia \u2013 2022. november 22. (<a href=\"https:\/\/semmelweis.hu\/tuzoltoklinika\/2022\/11\/23\/ha-kedd-akkor-tuzolto-utca-tegnap-delutan-ujabb-sikeres-akkreditalt-rendezvenyt-tartottunk\/\" target=\"_blank\" rel=\"noopener\">https:\/\/semmelweis.hu\/tuzoltoklinika\/2022\/11\/23\/ha-kedd-akkor-tuzolto-utca-tegnap-delutan-ujabb-sikeres-akkreditalt-rendezvenyt-tartottunk\/<\/a>)<\/p>\n","protected":false},"author":101602,"featured_media":0,"parent":7855,"menu_order":0,"comment_status":"closed","ping_status":"closed","template":"","meta":{"_acf_changed":false,"footnotes":""},"categories":[],"tags":[],"class_list":["post-10860","page","type-page","status-publish","hentry"],"acf":[],"_links":{"self":[{"href":"https:\/\/semmelweis.hu\/tuzoltoklinika\/wp-json\/wp\/v2\/pages\/10860","targetHints":{"allow":["GET"]}}],"collection":[{"href":"https:\/\/semmelweis.hu\/tuzoltoklinika\/wp-json\/wp\/v2\/pages"}],"about":[{"href":"https:\/\/semmelweis.hu\/tuzoltoklinika\/wp-json\/wp\/v2\/types\/page"}],"author":[{"embeddable":true,"href":"https:\/\/semmelweis.hu\/tuzoltoklinika\/wp-json\/wp\/v2\/users\/101602"}],"replies":[{"embeddable":true,"href":"https:\/\/semmelweis.hu\/tuzoltoklinika\/wp-json\/wp\/v2\/comments?post=10860"}],"version-history":[{"count":3,"href":"https:\/\/semmelweis.hu\/tuzoltoklinika\/wp-json\/wp\/v2\/pages\/10860\/revisions"}],"predecessor-version":[{"id":10871,"href":"https:\/\/semmelweis.hu\/tuzoltoklinika\/wp-json\/wp\/v2\/pages\/10860\/revisions\/10871"}],"up":[{"embeddable":true,"href":"https:\/\/semmelweis.hu\/tuzoltoklinika\/wp-json\/wp\/v2\/pages\/7855"}],"wp:attachment":[{"href":"https:\/\/semmelweis.hu\/tuzoltoklinika\/wp-json\/wp\/v2\/media?parent=10860"}],"wp:term":[{"taxonomy":"category","embeddable":true,"href":"https:\/\/semmelweis.hu\/tuzoltoklinika\/wp-json\/wp\/v2\/categories?post=10860"},{"taxonomy":"post_tag","embeddable":true,"href":"https:\/\/semmelweis.hu\/tuzoltoklinika\/wp-json\/wp\/v2\/tags?post=10860"}],"curies":[{"name":"wp","href":"https:\/\/api.w.org\/{rel}","templated":true}]}}

Tűzoltó keddek &#8211; 2022

<p><strong>2022.</strong></p>
<ol>
<li style="text-align: justify">Innovatív gyermeksebészet – 2022. február 15. (<a href="https://semmelweis.hu/tuzoltoklinika/2022/02/16/ha-kedd-akkor-tuzolto-utca-ujabb-sikeres-tovabbkepzesi-rendezvenyt-tartottunk/" target="_blank" rel="noopener">https://semmelweis.hu/tuzoltoklinika/2022/02/16/ha-kedd-akkor-tuzolto-utca-ujabb-sikeres-tovabbkepzesi-rendezvenyt-tartottunk/</a>)</li>
<li style="text-align: justify">Endokrinológia a gyermekgyógyászatban – 2022. április 5. (<a href="https://semmelweis.hu/tuzoltoklinika/2022/04/06/ha-kedd-akkor-tuzolto-utca-tegnap-ujabb-sikeres-tovabbkepzesi-rendezvenyt-tartottunk/" target="_blank" rel="noopener">https://semmelweis.hu/tuzoltoklinika/2022/04/06/ha-kedd-akkor-tuzolto-utca-tegnap-ujabb-sikeres-tovabbkepzesi-rendezvenyt-tartottunk/</a>)</li>
<li style="text-align: justify">Genetika a mindennapokban – 2022. május 5. (<a href="https://semmelweis.hu/tuzoltoklinika/2022/05/11/ha-kedd-akkor-tuzolto-utca-tegnap-sikerrel-zarult-oktoberben-indult-tovabbkepzesi-programsorozatunk/" target="_blank" rel="noopener">https://semmelweis.hu/tuzoltoklinika/2022/05/11/ha-kedd-akkor-tuzolto-utca-tegnap-sikerrel-zarult-oktoberben-indult-tovabbkepzesi-programsorozatunk/</a>)</li>
<li style="text-align: justify">Hematológia – 2022. október 25. (<a href="https://semmelweis.hu/tuzoltoklinika/2022/10/26/ha-kedd-akkor-tuzolto-utca-sikeres-akkreditalt-rendezvenyt-tartottunk/" target="_blank" rel="noopener">https://semmelweis.hu/tuzoltoklinika/2022/10/26/ha-kedd-akkor-tuzolto-utca-sikeres-akkreditalt-rendezvenyt-tartottunk/</a>)</li>
<li style="text-align: justify">Onkológia – 2022. november 22. (<a href="https://semmelweis.hu/tuzoltoklinika/2022/11/23/ha-kedd-akkor-tuzolto-utca-tegnap-delutan-ujabb-sikeres-akkreditalt-rendezvenyt-tartottunk/" target="_blank" rel="noopener">https://semmelweis.hu/tuzoltoklinika/2022/11/23/ha-kedd-akkor-tuzolto-utca-tegnap-delutan-ujabb-sikeres-akkreditalt-rendezvenyt-tartottunk/</a>)</li>
</ol>

<p>2022.</p>
<p>Innovatív gyermeksebészet – 2022. február 15. (<a href="https://semmelweis.hu/tuzoltoklinika/2022/02/16/ha-kedd-akkor-tuzolto-utca-ujabb-sikeres-tovabbkepzesi-rendezvenyt-tartottunk/" target="_blank" rel="noopener">https://semmelweis.hu/tuzoltoklinika/2022/02/16/ha-kedd-akkor-tuzolto-utca-ujabb-sikeres-tovabbkepzesi-rendezvenyt-tartottunk/</a>)<br />
Endokrinológia a gyermekgyógyászatban – 2022. április 5. (<a href="https://semmelweis.hu/tuzoltoklinika/2022/04/06/ha-kedd-akkor-tuzolto-utca-tegnap-ujabb-sikeres-tovabbkepzesi-rendezvenyt-tartottunk/" target="_blank" rel="noopener">https://semmelweis.hu/tuzoltoklinika/2022/04/06/ha-kedd-akkor-tuzolto-utca-tegnap-ujabb-sikeres-tovabbkepzesi-rendezvenyt-tartottunk/</a>)<br />
Genetika a mindennapokban – 2022. május 5. (<a href="https://semmelweis.hu/tuzoltoklinika/2022/05/11/ha-kedd-akkor-tuzolto-utca-tegnap-sikerrel-zarult-oktoberben-indult-tovabbkepzesi-programsorozatunk/" target="_blank" rel="noopener">https://semmelweis.hu/tuzoltoklinika/2022/05/11/ha-kedd-akkor-tuzolto-utca-tegnap-sikerrel-zarult-oktoberben-indult-tovabbkepzesi-programsorozatunk/</a>)<br />
Hematológia – 2022. október 25. (<a href="https://semmelweis.hu/tuzoltoklinika/2022/10/26/ha-kedd-akkor-tuzolto-utca-sikeres-akkreditalt-rendezvenyt-tartottunk/" target="_blank" rel="noopener">https://semmelweis.hu/tuzoltoklinika/2022/10/26/ha-kedd-akkor-tuzolto-utca-sikeres-akkreditalt-rendezvenyt-tartottunk/</a>)<br />
Onkológia – 2022. november 22. (<a href="https://semmelweis.hu/tuzoltoklinika/2022/11/23/ha-kedd-akkor-tuzolto-utca-tegnap-delutan-ujabb-sikeres-akkreditalt-rendezvenyt-tartottunk/" target="_blank" rel="noopener">https://semmelweis.hu/tuzoltoklinika/2022/11/23/ha-kedd-akkor-tuzolto-utca-tegnap-delutan-ujabb-sikeres-akkreditalt-rendezvenyt-tartottunk/</a>)</p>
