{"id":28,"date":"2025-01-07T13:24:11","date_gmt":"2025-01-07T12:24:11","guid":{"rendered":"https:\/\/semmelweis.hu\/tunderhegy\/?page_id=28"},"modified":"2025-02-23T11:09:22","modified_gmt":"2025-02-23T10:09:22","slug":"modszer","status":"publish","type":"page","link":"https:\/\/semmelweis.hu\/tunderhegy\/betegellatas\/modszer\/","title":{"rendered":"M\u00f3dszer"},"content":{"rendered":"<h5>Kezel\u00e9si rendszer\u00fcnk<\/h5>\n<div class=\"keretes w-100\">\n<p><strong>Csoporthangs\u00faly\u00fa pszichoter\u00e1pi\u00e1s rendszerben<\/strong> dolgozunk,<strong> pszichodinamikus<\/strong> szeml\u00e9lettel.<\/p>\n<\/div>\n<h5>Mit is jelent ez k\u00f6zelebbr\u0151l?<\/h5>\n<ul>\n<li><strong>Pszichoter\u00e1pi\u00e1s<\/strong> \u2013 magyarul l\u00e9lektani \u2013 munka a f\u0151 ter\u00e1pi\u00e1s eszk\u00f6z\u00fcnk (melyet sz\u00fcks\u00e9g eset\u00e9n gy\u00f3gyszerrel eg\u00e9sz\u00edt\u00fcnk ki).<\/li>\n<li><strong>Pszichodinamikus<\/strong>, vagyis a t\u00fcnetek, jellegzetes kapcsolati mint\u00e1zatok h\u00e1tter\u00e9ben zajl\u00f3 <strong>tudattalan konfliktusok, \u00e9rz\u00e9sek, fant\u00e1zi\u00e1k felt\u00e1r\u00e1sa, meg\u00e9rt\u00e9se \u00e9s feldolgoz\u00e1sa<\/strong>\u00a0a c\u00e9lunk, melynek k\u00f6vetkezt\u00e9ben v\u00e1rhat\u00f3 a gy\u00f3gyul\u00e1s, v\u00e1ltoz\u00e1s.<\/li>\n<li><strong>Munka<\/strong>, vagyis <strong>a p\u00e1ciens akt\u00edv k\u00f6zrem\u0171k\u00f6d\u00e9s\u00e9t ig\u00e9nyli<\/strong>, szavakba kell \u00f6ntenie megjelen\u0151 \u00e9rz\u00e9seit, gondolatait.<\/li>\n<li><strong>Csoporthangs\u00faly\u00fa<\/strong> \u2013 a l\u00e9lektani munka d\u00f6nt\u0151en <strong>csoportokban zajlik:<\/strong>\n<ul style=\"list-style-type: circle\">\n<li><strong>Nagycsoport<\/strong> \u2013 ahol a p\u00e1ciensek \u00e9s a szem\u00e9lyzet tagjai megbesz\u00e9lik, \u00fctk\u00f6ztetik, megjelen\u00edtik (verb\u00e1lisan) a k\u00f6z\u00f6ss\u00e9gben zajl\u00f3 folyamatokat, probl\u00e9m\u00e1kat, b\u00e1rmit, amit egy\u00fctt szeretn\u00e9nek megbesz\u00e9lni.<\/li>\n<li><strong>Pszichodinamikus kiscsoport<\/strong> \u2013 ahol szavakba \u00f6ntik \u00e9rz\u00e9seiket, egym\u00e1snak visszajelz\u00e9seket adnak\/kapnak.<\/li>\n<\/ul>\n<\/li>\n<\/ul>\n<p><img loading=\"lazy\" decoding=\"async\" class=\"size-medium wp-image-311 aligncenter\" src=\"https:\/\/semmelweis.hu\/tunderhegy\/files\/2025\/02\/RS208900_GV5A7106-scr-1-400x267.jpg\" alt=\"\" width=\"400\" height=\"267\" srcset=\"https:\/\/semmelweis.hu\/tunderhegy\/files\/2025\/02\/RS208900_GV5A7106-scr-1-400x267.jpg 400w, https:\/\/semmelweis.hu\/tunderhegy\/files\/2025\/02\/RS208900_GV5A7106-scr-1-1024x683.jpg 1024w, https:\/\/semmelweis.hu\/tunderhegy\/files\/2025\/02\/RS208900_GV5A7106-scr-1-768x512.jpg 768w, https:\/\/semmelweis.hu\/tunderhegy\/files\/2025\/02\/RS208900_GV5A7106-scr-1-753x502.jpg 753w, https:\/\/semmelweis.hu\/tunderhegy\/files\/2025\/02\/RS208900_GV5A7106-scr-1-203x135.jpg 203w, https:\/\/semmelweis.hu\/tunderhegy\/files\/2025\/02\/RS208900_GV5A7106-scr-1.jpg 1200w\" sizes=\"auto, (max-width: 400px) 100vw, 400px\" \/><\/p>\n<ul>\n<li style=\"list-style-type: none\">\n<ul style=\"list-style-type: circle\">\n<li><strong>Pszichodr\u00e1ma csoport<\/strong> \u2013 ahol dramatikus form\u00e1ban jelen\u00edtik meg \u00e9rz\u00e9seiket.<\/li>\n<li><strong>Pszichodinamikus mozg\u00e1s- \u00e9s t\u00e1ncter\u00e1pia<\/strong> \u2013 ahol mozg\u00e1son, nonverb\u00e1lis kapcsol\u00f3d\u00e1son, valamint testi \u00e9rzetekre, \u00e9lm\u00e9nyekre ir\u00e1nyul\u00f3 figyelmen, tov\u00e1bb\u00e1 az azt k\u00f6vet\u0151 verb\u00e1lis feldolgoz\u00e1son kereszt\u00fcl t\u00f6rt\u00e9nik a ter\u00e1pia.<\/li>\n<li><strong>Szocioter\u00e1pi\u00e1s m\u0171hely<\/strong> \u2013 ahol kreat\u00edv feladatok (rajz, zene, \u00e9l\u0151szobrok, kommunik\u00e1ci\u00f3s feladatok) seg\u00edts\u00e9g\u00e9vel jelen\u00edtik meg a benn\u00fck zajl\u00f3 \u00e9rz\u00e9seket, fant\u00e1zi\u00e1kat, konfliktusokat. Fontos r\u00e9sze a folyamatnak az \u00e9lm\u00e9nyek megoszt\u00e1sa, megbesz\u00e9l\u00e9se, visszajelz\u00e9sek ad\u00e1sa \u00e9s fogad\u00e1sa.<\/li>\n<li><strong>M\u0171v\u00e9szetter\u00e1pia<\/strong> \u2013 ahol az alkot\u00f3 folyamaton kereszt\u00fcl v\u00e1lnak l\u00e1that\u00f3v\u00e1 a bels\u0151 \u00e9rz\u00e9sek. A csoportban ennek sz\u00f3beli feldolgoz\u00e1sa is zajlik.<\/li>\n<\/ul>\n<\/li>\n<\/ul>\n\r\n        [slb_exclude]\r\n        <div class=\"row galeria-wrapper mx-0 h-auto\">\r\n            <div class=\"col-9 pl-0 pr-2\">\r\n            <span class=\"gallery-item frame\">\r\n\t\t\t\t<div class=\"galeria-left-img\"><a href=\"https:\/\/semmelweis.hu\/tunderhegy\/files\/2025\/02\/RS208894_GV5A7048-scr-1.jpg\"><img src=https:\/\/semmelweis.hu\/tunderhegy\/files\/2025\/02\/RS208894_GV5A7048-scr-1.jpg  \r\n                            alt=\"\" \r\n                            class=\"attachment-sote-gallery-big size-sote-gallery-big\" \r\n                            srcset=\"https:\/\/semmelweis.hu\/tunderhegy\/files\/2025\/02\/RS208894_GV5A7048-scr-1-400x267.jpg 400w, https:\/\/semmelweis.hu\/tunderhegy\/files\/2025\/02\/RS208894_GV5A7048-scr-1-1024x683.jpg 1024w, https:\/\/semmelweis.hu\/tunderhegy\/files\/2025\/02\/RS208894_GV5A7048-scr-1-768x512.jpg 768w, https:\/\/semmelweis.hu\/tunderhegy\/files\/2025\/02\/RS208894_GV5A7048-scr-1-753x502.jpg 753w, https:\/\/semmelweis.hu\/tunderhegy\/files\/2025\/02\/RS208894_GV5A7048-scr-1-203x135.jpg 203w, https:\/\/semmelweis.hu\/tunderhegy\/files\/2025\/02\/RS208894_GV5A7048-scr-1.jpg 1200w\" ><\/a><\/div>\r\n            <\/span>\r\n\r\n            <\/div>\r\n\r\n\t\t\t<div class=\"col-3 pl-0 pr-0\">\r\n\t\t\t\t<div class=\"galeria-right-img d-flex justify-content-between flex-column h-100 w-100 px-0 mx-0 \">\r\n                <div class=\"galeria-box\">\r\n\t\t\t\t\t<h3 class=\"galeria-title\">Gal\u00e9ria<\/h3>\r\n\t\t\t\t\t<div class=\"galeria-subtitle\">\r\n\r\n\t\t\t\t\t\t<div class=\"galeria-page-counter\"><span>6<\/span>k\u00e9p<\/div>\r\n                    <\/div> <\/div>\r\n                    <span class=\"gallery-item frame d-none d-md-flex\">\r\n\t\t\t\t\t<div class=\"galeria-small-img mt-0\"><a href=\"https:\/\/semmelweis.hu\/tunderhegy\/files\/2025\/02\/RS208896_GV5A7056-scr-1.jpg\"><img src=https:\/\/semmelweis.hu\/tunderhegy\/files\/2025\/02\/RS208896_GV5A7056-scr-1.jpg \r\n                                alt=\"M\u0171v\u00e9szetter\u00e1pia\"  \r\n                                class=\"attachment-sote-gallery-small size-sote-gallery-small\" \r\n                                srcset=\"https:\/\/semmelweis.hu\/tunderhegy\/files\/2025\/02\/RS208896_GV5A7056-scr-1-400x267.jpg 400w, https:\/\/semmelweis.hu\/tunderhegy\/files\/2025\/02\/RS208896_GV5A7056-scr-1-1024x683.jpg 1024w, https:\/\/semmelweis.hu\/tunderhegy\/files\/2025\/02\/RS208896_GV5A7056-scr-1-768x512.jpg 768w, https:\/\/semmelweis.hu\/tunderhegy\/files\/2025\/02\/RS208896_GV5A7056-scr-1-753x502.jpg 753w, https:\/\/semmelweis.hu\/tunderhegy\/files\/2025\/02\/RS208896_GV5A7056-scr-1-203x135.jpg 203w, https:\/\/semmelweis.hu\/tunderhegy\/files\/2025\/02\/RS208896_GV5A7056-scr-1.jpg 1200w\" ><\/a><\/div>\r\n                    <\/span>\r\n                    <span class=\"gallery-item frame d-none d-md-flex\">\r\n\t\t\t\t\t<div class=\"galeria-small-img mt-0\"><a href=\"https:\/\/semmelweis.hu\/tunderhegy\/files\/2025\/02\/RS208892_GV5A7029-scr.jpg\"><img src=https:\/\/semmelweis.hu\/tunderhegy\/files\/2025\/02\/RS208892_GV5A7029-scr.jpg \r\n                                alt=\"\" \r\n                                class=\"attachment-sote-gallery-small size-sote-gallery-small\" \r\n                                srcset=\"https:\/\/semmelweis.hu\/tunderhegy\/files\/2025\/02\/RS208892_GV5A7029-scr-400x267.jpg 400w, https:\/\/semmelweis.hu\/tunderhegy\/files\/2025\/02\/RS208892_GV5A7029-scr-1024x683.jpg 1024w, https:\/\/semmelweis.hu\/tunderhegy\/files\/2025\/02\/RS208892_GV5A7029-scr-768x512.jpg 768w, https:\/\/semmelweis.hu\/tunderhegy\/files\/2025\/02\/RS208892_GV5A7029-scr-753x502.jpg 753w, https:\/\/semmelweis.hu\/tunderhegy\/files\/2025\/02\/RS208892_GV5A7029-scr-203x135.jpg 203w, https:\/\/semmelweis.hu\/tunderhegy\/files\/2025\/02\/RS208892_GV5A7029-scr.jpg 1200w\" ><\/a><\/div>\r\n                    <\/span>\r\n\r\n                <\/div>\r\n\r\n            <\/div>\r\n\r\n            <span class=\"gallery-item\"><div class=\"hidden\"><a href=\"https:\/\/semmelweis.hu\/tunderhegy\/files\/2025\/02\/RS208890_GV5A7011-scr.jpg\">\r\n        <img src=https:\/\/semmelweis.hu\/tunderhegy\/files\/2025\/02\/RS208890_GV5A7011-scr.jpg alt=\"\" class=\"attachment-sote-gallery-big size-sote-gallery-big\" srcset=\"https:\/\/semmelweis.hu\/tunderhegy\/files\/2025\/02\/RS208890_GV5A7011-scr-400x267.jpg 400w, https:\/\/semmelweis.hu\/tunderhegy\/files\/2025\/02\/RS208890_GV5A7011-scr-1024x683.jpg 1024w, https:\/\/semmelweis.hu\/tunderhegy\/files\/2025\/02\/RS208890_GV5A7011-scr-768x512.jpg 768w, https:\/\/semmelweis.hu\/tunderhegy\/files\/2025\/02\/RS208890_GV5A7011-scr-753x502.jpg 753w, https:\/\/semmelweis.hu\/tunderhegy\/files\/2025\/02\/RS208890_GV5A7011-scr-203x135.jpg 203w, https:\/\/semmelweis.hu\/tunderhegy\/files\/2025\/02\/RS208890_GV5A7011-scr.jpg 1200w\" >\r\n        <\/a><\/div><\/span><span class=\"gallery-item\"><div class=\"hidden\"><a href=\"https:\/\/semmelweis.hu\/tunderhegy\/files\/2025\/02\/RS208889_GV5A7005-scr.jpg\">\r\n        <img src=https:\/\/semmelweis.hu\/tunderhegy\/files\/2025\/02\/RS208889_GV5A7005-scr.jpg alt=\"M\u0171v\u00e9szetter\u00e1pia\" class=\"attachment-sote-gallery-big size-sote-gallery-big\" srcset=\"https:\/\/semmelweis.hu\/tunderhegy\/files\/2025\/02\/RS208889_GV5A7005-scr-400x267.jpg 400w, https:\/\/semmelweis.hu\/tunderhegy\/files\/2025\/02\/RS208889_GV5A7005-scr-1024x683.jpg 1024w, https:\/\/semmelweis.hu\/tunderhegy\/files\/2025\/02\/RS208889_GV5A7005-scr-768x512.jpg 768w, https:\/\/semmelweis.hu\/tunderhegy\/files\/2025\/02\/RS208889_GV5A7005-scr-753x502.jpg 753w, https:\/\/semmelweis.hu\/tunderhegy\/files\/2025\/02\/RS208889_GV5A7005-scr-203x135.jpg 203w, https:\/\/semmelweis.hu\/tunderhegy\/files\/2025\/02\/RS208889_GV5A7005-scr.jpg 1200w\" >\r\n        <\/a><\/div><\/span><span class=\"gallery-item\"><div class=\"hidden\"><a href=\"https:\/\/semmelweis.hu\/tunderhegy\/files\/2025\/02\/RS208899_GV5A7064-scr.jpg\">\r\n        <img src=https:\/\/semmelweis.hu\/tunderhegy\/files\/2025\/02\/RS208899_GV5A7064-scr.jpg alt=\"\" class=\"attachment-sote-gallery-big size-sote-gallery-big\" srcset=\"https:\/\/semmelweis.hu\/tunderhegy\/files\/2025\/02\/RS208899_GV5A7064-scr-400x267.jpg 400w, https:\/\/semmelweis.hu\/tunderhegy\/files\/2025\/02\/RS208899_GV5A7064-scr-1024x683.jpg 1024w, https:\/\/semmelweis.hu\/tunderhegy\/files\/2025\/02\/RS208899_GV5A7064-scr-768x512.jpg 768w, https:\/\/semmelweis.hu\/tunderhegy\/files\/2025\/02\/RS208899_GV5A7064-scr-753x502.jpg 753w, https:\/\/semmelweis.hu\/tunderhegy\/files\/2025\/02\/RS208899_GV5A7064-scr-203x135.jpg 203w, https:\/\/semmelweis.hu\/tunderhegy\/files\/2025\/02\/RS208899_GV5A7064-scr.jpg 1200w\" >\r\n        <\/a><\/div><\/span>\r\n            <\/div>\r\n\r\n            [\/slb_exclude]\r\n\t\n<h5>Rendszer<\/h5>\n<p>A k\u00f6z\u00f6ss\u00e9gben megjelennek a p\u00e1ciens jellegzetes m\u0171k\u00f6d\u00e9sm\u00f3djai, kapcsol\u00f3d\u00e1sai, a k\u00fcl\u00f6nb\u00f6z\u0151 ter\u00e1pi\u00e1s terekben ak\u00e1r elt\u00e9r\u0151 m\u00f3dokon. A probl\u00e9m\u00e1k elemz\u00e9s\u00e9n\u00e9l \u00faj megold\u00e1sok kidolgoz\u00e1sa v\u00e1lik lehet\u0151v\u00e9. Minden p\u00e1ciens munk\u00e1j\u00e1t seg\u00edti egy egy\u00e9ni kezel\u0151 pszichoterapeuta, aki seg\u00edt a nap 24 \u00f3r\u00e1j\u00e1ban, a h\u00e9t 7 napj\u00e1n k\u00edv\u00fcl-bel\u00fcl zajl\u00f3 t\u00f6rt\u00e9n\u00e9seket min\u00e9l m\u00e9lyebben meg\u00e9rteni, \u00e9s \u00f6sszef\u00fcgg\u00e9seket tal\u00e1lni a p\u00e1ciens bels\u0151 m\u0171k\u00f6d\u00e9s\u00e9vel, \u00e9lett\u00f6rt\u00e9net\u00e9vel.<\/p>\n","protected":false},"excerpt":{"rendered":"<p>Kezel\u00e9si rendszer\u00fcnk Csoporthangs\u00faly\u00fa pszichoter\u00e1pi\u00e1s rendszerben dolgozunk, pszichodinamikus szeml\u00e9lettel. Mit is jelent ez k\u00f6zelebbr\u0151l? Pszichoter\u00e1pi\u00e1s \u2013 magyarul l\u00e9lektani \u2013 munka a f\u0151 ter\u00e1pi\u00e1s eszk\u00f6z\u00fcnk (melyet sz\u00fcks\u00e9g eset\u00e9n gy\u00f3gyszerrel eg\u00e9sz\u00edt\u00fcnk ki). Pszichodinamikus, vagyis a t\u00fcnetek, jellegzetes kapcsolati mint\u00e1zatok h\u00e1tter\u00e9ben zajl\u00f3 tudattalan konfliktusok, \u00e9rz\u00e9sek, fant\u00e1zi\u00e1k felt\u00e1r\u00e1sa, meg\u00e9rt\u00e9se \u00e9s feldolgoz\u00e1sa\u00a0a c\u00e9lunk, melynek k\u00f6vetkezt\u00e9ben v\u00e1rhat\u00f3 a gy\u00f3gyul\u00e1s, v\u00e1ltoz\u00e1s. Munka, vagyis &hellip;<\/p>\n","protected":false},"author":12,"featured_media":0,"parent":6,"menu_order":4,"comment_status":"closed","ping_status":"closed","template":"","meta":{"_acf_changed":false,"footnotes":""},"categories":[],"tags":[],"class_list":["post-28","page","type-page","status-publish","hentry"],"acf":[],"_links":{"self":[{"href":"https:\/\/semmelweis.hu\/tunderhegy\/wp-json\/wp\/v2\/pages\/28","targetHints":{"allow":["GET"]}}],"collection":[{"href":"https:\/\/semmelweis.hu\/tunderhegy\/wp-json\/wp\/v2\/pages"}],"about":[{"href":"https:\/\/semmelweis.hu\/tunderhegy\/wp-json\/wp\/v2\/types\/page"}],"author":[{"embeddable":true,"href":"https:\/\/semmelweis.hu\/tunderhegy\/wp-json\/wp\/v2\/users\/12"}],"replies":[{"embeddable":true,"href":"https:\/\/semmelweis.hu\/tunderhegy\/wp-json\/wp\/v2\/comments?post=28"}],"version-history":[{"count":10,"href":"https:\/\/semmelweis.hu\/tunderhegy\/wp-json\/wp\/v2\/pages\/28\/revisions"}],"predecessor-version":[{"id":409,"href":"https:\/\/semmelweis.hu\/tunderhegy\/wp-json\/wp\/v2\/pages\/28\/revisions\/409"}],"up":[{"embeddable":true,"href":"https:\/\/semmelweis.hu\/tunderhegy\/wp-json\/wp\/v2\/pages\/6"}],"wp:attachment":[{"href":"https:\/\/semmelweis.hu\/tunderhegy\/wp-json\/wp\/v2\/media?parent=28"}],"wp:term":[{"taxonomy":"category","embeddable":true,"href":"https:\/\/semmelweis.hu\/tunderhegy\/wp-json\/wp\/v2\/categories?post=28"},{"taxonomy":"post_tag","embeddable":true,"href":"https:\/\/semmelweis.hu\/tunderhegy\/wp-json\/wp\/v2\/tags?post=28"}],"curies":[{"name":"wp","href":"https:\/\/api.w.org\/{rel}","templated":true}]}}