{"id":194,"date":"2025-01-09T13:59:04","date_gmt":"2025-01-09T12:59:04","guid":{"rendered":"https:\/\/semmelweis.hu\/tunderhegy\/?page_id=194"},"modified":"2025-02-24T08:41:13","modified_gmt":"2025-02-24T07:41:13","slug":"nappali-korhaz","status":"publish","type":"page","link":"https:\/\/semmelweis.hu\/tunderhegy\/betegellatas\/nappali-korhaz\/","title":{"rendered":"Nappali k\u00f3rh\u00e1z"},"content":{"rendered":"<h2>Nappali k\u00f3rh\u00e1z &#8211; &#8222;bej\u00e1r\u00f3s&#8221; foglalkoz\u00e1sok<\/h2>\n<p>Nappali k\u00f3rh\u00e1zas r\u00e9szleg\u00fcnk a <a href=\"https:\/\/semmelweis.hu\/tunderhegy\/elerhetoseg\/\" target=\"_blank\" rel=\"noopener\">T1-es pavilon<\/a> als\u00f3 szintj\u00e9n helyezkedik el.\u00a0Az <a href=\"https:\/\/semmelweis.hu\/tunderhegy\/betegellatas\/fekvobeteg-ellatas\/\" target=\"_blank\" rel=\"noopener\">oszt\u00e1lyos m\u0171k\u00f6d\u00e9sm\u00f3dhoz<\/a> hasonl\u00f3an, csoporthangs\u00faly\u00fa pszichoter\u00e1pi\u00e1s rendszer, pszichodinamikus szeml\u00e9lettel, azonban k\u00fcl\u00f6n\u00e1ll\u00f3 r\u00e9szleget k\u00e9pez, 17 f\u0151 kapacit\u00e1ssal.<\/p>\n<p>Ha az adott p\u00e1ciens neh\u00e9zs\u00e9geinek min\u0151s\u00e9ge, s\u00falyoss\u00e1ga lehet\u0151v\u00e9 teszi ezt a fajta ell\u00e1t\u00e1st, \u00e9s valamilyen szempontb\u00f3l el\u0151ny\u00f6sebb, ha otthonukb\u00f3l j\u00e1rnak be napi szinten a foglalkoz\u00e1sokra, lehet\u0151s\u00e9g van r\u00e9szt venni nappali k\u00f3rh\u00e1zi ell\u00e1t\u00e1sban. Ezt minden esetben a <a href=\"https:\/\/semmelweis.hu\/tunderhegy\/betegellatas\/betegfelvetel\/\" target=\"_blank\" rel=\"noopener\">szombati felv\u00e9teles ambulanci\u00e1nkon<\/a> lehet egyeztetni. Szeretn\u00e9nk hangs\u00falyozni, hogy\u00a0<em>annak eld\u00f6nt\u00e9se, hogy javasolhat\u00f3-e ez az ell\u00e1t\u00e1si forma, vagy m\u00e1st tartunk indokoltnak, az interj\u00fat v\u00e9gz\u0151 szakember feladata \u00e9s felel\u0151ss\u00e9ge<\/em>.\u00a0<\/p>\n<p>R\u00e9szleg\u00fcnk\u00f6n \u2013 az <a href=\"https:\/\/semmelweis.hu\/tunderhegy\/betegellatas\/fekvobeteg-ellatas\/\" target=\"_blank\" rel=\"noopener\">oszt\u00e1lyos rendszerhez<\/a> hasonl\u00f3an \u2013 <strong>nagycsoportos, analitikusan orient\u00e1lt kiscsoportos, szocioter\u00e1pi\u00e1s, m\u0171v\u00e9szetter\u00e1pi\u00e1s \u00e9s egy\u00e9ni foglalkoz\u00e1sok<\/strong>on kereszt\u00fcl seg\u00edt\u00fcnk a hozz\u00e1nk fordul\u00f3knak. A kezel\u00e9st sz\u00fcks\u00e9g eset\u00e9n gy\u00f3gyszerrel t\u00e1mogatjuk. Ez a rendszer, illetve k\u00f6z\u00f6ss\u00e9g is teret ad r\u00e1, hogy a l\u00e9lektani probl\u00e9m\u00e1k h\u00e1tter\u00e9ben \u00e1ll\u00f3 kapcsolati mint\u00e1zatok megjelen\u00e9s\u00e9vel azok \u00e1tdolgozhat\u00f3k legyenek m\u00e9lys\u00e9geiben, ezzel seg\u00edtve \u00faj, adapt\u00edvabb megold\u00e1sok kidolgoz\u00e1s\u00e1t.<\/p>\n<p><strong>A kezel\u00e9s a h\u00e9tk\u00f6znap d\u00e9lel\u0151tt\u00f6ket veszi ig\u00e9nybe, id\u0151tartama \u00e1ltal\u00e1ban 4-6 h\u00f3nap.<\/strong><\/p>\n<p><img loading=\"lazy\" decoding=\"async\" class=\"aligncenter wp-image-338 size-large\" src=\"https:\/\/semmelweis.hu\/tunderhegy\/files\/2025\/02\/RS208904_GV5A6979-scr-1024x683.jpg\" alt=\"\" width=\"753\" height=\"502\" srcset=\"https:\/\/semmelweis.hu\/tunderhegy\/files\/2025\/02\/RS208904_GV5A6979-scr-1024x683.jpg 1024w, https:\/\/semmelweis.hu\/tunderhegy\/files\/2025\/02\/RS208904_GV5A6979-scr-400x267.jpg 400w, https:\/\/semmelweis.hu\/tunderhegy\/files\/2025\/02\/RS208904_GV5A6979-scr-768x512.jpg 768w, https:\/\/semmelweis.hu\/tunderhegy\/files\/2025\/02\/RS208904_GV5A6979-scr-753x502.jpg 753w, https:\/\/semmelweis.hu\/tunderhegy\/files\/2025\/02\/RS208904_GV5A6979-scr-203x135.jpg 203w, https:\/\/semmelweis.hu\/tunderhegy\/files\/2025\/02\/RS208904_GV5A6979-scr.jpg 1200w\" sizes=\"auto, (max-width: 753px) 100vw, 753px\" \/><\/p>\n","protected":false},"excerpt":{"rendered":"<p>Nappali k\u00f3rh\u00e1z &#8211; &#8222;bej\u00e1r\u00f3s&#8221; foglalkoz\u00e1sok Nappali k\u00f3rh\u00e1zas r\u00e9szleg\u00fcnk a <a href=\"https:\/\/semmelweis.hu\/tunderhegy\/elerhetoseg\/\" target=\"_blank\" rel=\"noopener\">T1-es pavilon<\/a> als\u00f3 szintj\u00e9n helyezkedik el.\u00a0Az <a href=\"https:\/\/semmelweis.hu\/tunderhegy\/betegellatas\/fekvobeteg-ellatas\/\" target=\"_blank\" rel=\"noopener\">oszt\u00e1lyos m\u0171k\u00f6d\u00e9sm\u00f3dhoz<\/a> hasonl\u00f3an, csoporthangs\u00faly\u00fa pszichoter\u00e1pi\u00e1s rendszer, pszichodinamikus szeml\u00e9lettel, azonban k\u00fcl\u00f6n\u00e1ll\u00f3 r\u00e9szleget k\u00e9pez, 17 f\u0151 kapacit\u00e1ssal. Ha az adott p\u00e1ciens neh\u00e9zs\u00e9geinek min\u0151s\u00e9ge, s\u00falyoss\u00e1ga lehet\u0151v\u00e9 teszi ezt a fajta ell\u00e1t\u00e1st, \u00e9s valamilyen szempontb\u00f3l el\u0151ny\u00f6sebb, ha otthonukb\u00f3l j\u00e1rnak be napi szinten a foglalkoz\u00e1sokra, lehet\u0151s\u00e9g van r\u00e9szt venni &hellip;<\/p>\n","protected":false},"author":12,"featured_media":0,"parent":6,"menu_order":2,"comment_status":"closed","ping_status":"closed","template":"","meta":{"_acf_changed":false,"footnotes":""},"categories":[],"tags":[],"class_list":["post-194","page","type-page","status-publish","hentry"],"acf":[],"_links":{"self":[{"href":"https:\/\/semmelweis.hu\/tunderhegy\/wp-json\/wp\/v2\/pages\/194","targetHints":{"allow":["GET"]}}],"collection":[{"href":"https:\/\/semmelweis.hu\/tunderhegy\/wp-json\/wp\/v2\/pages"}],"about":[{"href":"https:\/\/semmelweis.hu\/tunderhegy\/wp-json\/wp\/v2\/types\/page"}],"author":[{"embeddable":true,"href":"https:\/\/semmelweis.hu\/tunderhegy\/wp-json\/wp\/v2\/users\/12"}],"replies":[{"embeddable":true,"href":"https:\/\/semmelweis.hu\/tunderhegy\/wp-json\/wp\/v2\/comments?post=194"}],"version-history":[{"count":9,"href":"https:\/\/semmelweis.hu\/tunderhegy\/wp-json\/wp\/v2\/pages\/194\/revisions"}],"predecessor-version":[{"id":439,"href":"https:\/\/semmelweis.hu\/tunderhegy\/wp-json\/wp\/v2\/pages\/194\/revisions\/439"}],"up":[{"embeddable":true,"href":"https:\/\/semmelweis.hu\/tunderhegy\/wp-json\/wp\/v2\/pages\/6"}],"wp:attachment":[{"href":"https:\/\/semmelweis.hu\/tunderhegy\/wp-json\/wp\/v2\/media?parent=194"}],"wp:term":[{"taxonomy":"category","embeddable":true,"href":"https:\/\/semmelweis.hu\/tunderhegy\/wp-json\/wp\/v2\/categories?post=194"},{"taxonomy":"post_tag","embeddable":true,"href":"https:\/\/semmelweis.hu\/tunderhegy\/wp-json\/wp\/v2\/tags?post=194"}],"curies":[{"name":"wp","href":"https:\/\/api.w.org\/{rel}","templated":true}]}}

Nappali kórház

<h2>Nappali kórház &#8211; &#8222;bejárós&#8221; foglalkozások</h2>
<p>Nappali kórházas részlegünk a <a href="https://semmelweis.hu/tunderhegy/elerhetoseg/" target="_blank" rel="noopener">T1-es pavilon</a> alsó szintjén helyezkedik el. Az <a href="https://semmelweis.hu/tunderhegy/betegellatas/fekvobeteg-ellatas/" target="_blank" rel="noopener">osztályos működésmódhoz</a> hasonlóan, csoporthangsúlyú pszichoterápiás rendszer, pszichodinamikus szemlélettel, azonban különálló részleget képez, 17 fő kapacitással.</p>
<p>Ha az adott páciens nehézségeinek minősége, súlyossága lehetővé teszi ezt a fajta ellátást, és valamilyen szempontból előnyösebb, ha otthonukból járnak be napi szinten a foglalkozásokra, lehetőség van részt venni nappali kórházi ellátásban. Ezt minden esetben a <a href="https://semmelweis.hu/tunderhegy/betegellatas/betegfelvetel/" target="_blank" rel="noopener">szombati felvételes ambulanciánkon</a> lehet egyeztetni. Szeretnénk hangsúlyozni, hogy <em>annak eldöntése, hogy javasolható-e ez az ellátási forma, vagy mást tartunk indokoltnak, az interjút végző szakember feladata és felelőssége</em>. </p>
<p>Részlegünkön – az <a href="https://semmelweis.hu/tunderhegy/betegellatas/fekvobeteg-ellatas/" target="_blank" rel="noopener">osztályos rendszerhez</a> hasonlóan – <strong>nagycsoportos, analitikusan orientált kiscsoportos, szocioterápiás, művészetterápiás és egyéni foglalkozások</strong>on keresztül segítünk a hozzánk fordulóknak. A kezelést szükség esetén gyógyszerrel támogatjuk. Ez a rendszer, illetve közösség is teret ad rá, hogy a lélektani problémák hátterében álló kapcsolati mintázatok megjelenésével azok átdolgozhatók legyenek mélységeiben, ezzel segítve új, adaptívabb megoldások kidolgozását.</p>
<p><strong>A kezelés a hétköznap délelőttöket veszi igénybe, időtartama általában 4-6 hónap.</strong></p>
<p><img loading="lazy" decoding="async" class="aligncenter wp-image-338 size-large" src="https://semmelweis.hu/tunderhegy/files/2025/02/RS208904_GV5A6979-scr-1024x683.jpg" alt="" width="753" height="502" srcset="https://semmelweis.hu/tunderhegy/files/2025/02/RS208904_GV5A6979-scr-1024x683.jpg 1024w, https://semmelweis.hu/tunderhegy/files/2025/02/RS208904_GV5A6979-scr-400x267.jpg 400w, https://semmelweis.hu/tunderhegy/files/2025/02/RS208904_GV5A6979-scr-768x512.jpg 768w, https://semmelweis.hu/tunderhegy/files/2025/02/RS208904_GV5A6979-scr-753x502.jpg 753w, https://semmelweis.hu/tunderhegy/files/2025/02/RS208904_GV5A6979-scr-203x135.jpg 203w, https://semmelweis.hu/tunderhegy/files/2025/02/RS208904_GV5A6979-scr.jpg 1200w" sizes="auto, (max-width: 753px) 100vw, 753px" /></p>

<p>Nappali kórház &#8211; &#8222;bejárós&#8221; foglalkozások Nappali kórházas részlegünk a <a href="https://semmelweis.hu/tunderhegy/elerhetoseg/" target="_blank" rel="noopener">T1-es pavilon</a> alsó szintjén helyezkedik el. Az <a href="https://semmelweis.hu/tunderhegy/betegellatas/fekvobeteg-ellatas/" target="_blank" rel="noopener">osztályos működésmódhoz</a> hasonlóan, csoporthangsúlyú pszichoterápiás rendszer, pszichodinamikus szemlélettel, azonban különálló részleget képez, 17 fő kapacitással. Ha az adott páciens nehézségeinek minősége, súlyossága lehetővé teszi ezt a fajta ellátást, és valamilyen szempontból előnyösebb, ha otthonukból járnak be napi szinten a foglalkozásokra, lehetőség van részt venni &hellip;</p>
