{"id":9766,"date":"2022-12-07T15:38:41","date_gmt":"2022-12-07T14:38:41","guid":{"rendered":"https:\/\/semmelweis.hu\/innovacio\/?page_id=9766"},"modified":"2024-04-24T09:14:02","modified_gmt":"2024-04-24T07:14:02","slug":"dijazottak-2022","status":"publish","type":"page","link":"https:\/\/semmelweis.hu\/tudrh\/innovacios-dij\/dijazottak-2022\/","title":{"rendered":"D\u00edjazottak \u2013 2022"},"content":{"rendered":"<p>A Semmelweis Egyetem id\u00e9n a Richter Gedeon Nyrt.-vel k\u00f6z\u00f6sen rendezte meg az Innov\u00e1ci\u00f3s Napot. <a href=\"https:\/\/semmelweis.hu\/hirek\/2022\/12\/07\/az-ipari-es-egyetemi-kapcsolodasok-alltak-az-idei-innovacios-nap-fokuszaban\/\" target=\"_blank\" rel=\"noopener\">Tov\u00e1bb az esem\u00e9nyr\u0151l k\u00e9sz\u00fclt tud\u00f3s\u00edt\u00e1shoz \u2192<\/a><\/p>\n<h4><strong>D\u00edjazottak:<\/strong><\/h4>\n<p>A Szen\u00e1tus d\u00f6nt\u00e9se \u00e9rtelm\u00e9ben a leginnovat\u00edvabb PhD-\u00e9rtekez\u00e9s dr. Csom\u00f3 Kriszti\u00e1n Benedek \u00e9s dr. Kopp\u00e1ny Ferenc \u201eHidrofil nanostrukt\u00far\u00e1j\u00fa tit\u00e1nfel\u00fclet el\u0151\u00e1ll\u00edt\u00e1si m\u00f3dszer\u00e9nek kifejleszt\u00e9se\u201d t\u00e9mamunk\u00e1ja lett. A kutat\u00f3i kateg\u00f3ria d\u00edj\u00e1t id\u00e9n k\u00e9t kutat\u00f3csoport \u00e9rdemelte ki. Dr. Horny\u00e1k Istv\u00e1n \u00e9s dr. Hinsenkamp Ad\u00e9l a \u201eHialuronsav scaffold-ok hat\u00e1sa \u0151ssejt \u00e9letk\u00e9pess\u00e9gre\u201d c\u00edm\u0171 munk\u00e1\u00e9rt, m\u00edg dr. Igaz P\u00e9ter, dr. Turai P\u00e9ter Istv\u00e1n, dr. Nyir\u0151 G\u00e1bor \u00e9s dr. Herold Zolt\u00e1n a \u201eDiagnosztikai elj\u00e1r\u00e1s \u00e9s mikroRNS-biomarker diagnosztikai kitkombin\u00e1ci\u00f3 a mell\u00e9kvesek\u00e9reg-daganatok kis mennyis\u00e9g\u0171 m\u0171t\u00e9t el\u0151tt biopszi\u00e1val vett vagy kioper\u00e1lt sz\u00f6vetmint\u00e1b\u00f3l t\u00f6rt\u00e9n\u0151 megb\u00edzhat\u00f3 elk\u00fcl\u00f6n\u00edt\u00e9s\u00e9re\u201d t\u00e1rgy\u00fa kutat\u00e1si eredm\u00e9nyeik\u00e9rt vehett\u00e9k \u00e1t az elismer\u00e9st dr. Ferdinandy P\u00e9ter tudom\u00e1nyos \u00e9s innov\u00e1ci\u00f3s rektorhelyettest\u0151l \u00e9s dr. Szigeti Gyul\u00e1t\u00f3l, az Innov\u00e1ci\u00f3s K\u00f6zpont igazgat\u00f3j\u00e1t\u00f3l. <a href=\"https:\/\/semmelweis.hu\/hirek\/2022\/12\/07\/az-ipari-es-egyetemi-kapcsolodasok-alltak-az-idei-innovacios-nap-fokuszaban\/\" target=\"_blank\" rel=\"noopener\">Tov\u00e1bb a cikkhez \u2192<\/a><\/p>\n<h5>Az Innov\u00e1ci\u00f3s Nap programja \u00e9s a rendezv\u00e9nyen elhangzott el\u0151ad\u00e1sok kivonata:<\/h5>\n<ul style=\"list-style-type: square;\">\n<li><a href=\"https:\/\/semmelweis.hu\/tudrh\/files\/2024\/04\/14.45_IgazP-Innovacios-dij-2022-vegl.pdf\" target=\"_blank\" rel=\"noopener\">Program<\/a><\/li>\n<li><a href=\"https:\/\/semmelweis.hu\/tudrh\/files\/2024\/04\/17.40_Bodis-Attila_SE-Innovacios-nap_2022.11.21.pdf\" target=\"_blank\" rel=\"noopener\">Innov\u00e1ci\u00f3s Nap &#8211; B\u00f3dis Attila<\/a><\/li>\n<li><a href=\"https:\/\/semmelweis.hu\/tudrh\/files\/2024\/04\/17.40_Bodis-Attila_SE-Innovacios-nap_2022.11.21.pdf\" target=\"_blank\" rel=\"noopener\">Innov\u00e1ci\u00f3s Nap &#8211; B\u00f3dis L\u00e1szl\u00f3<\/a><\/li>\n<li><a href=\"https:\/\/semmelweis.hu\/tudrh\/files\/2024\/04\/14.35_Innovacios-dij-Csomo-Koppany_publikalhato.pdf\" target=\"_blank\" rel=\"noopener\">Innov\u00e1ci\u00f3s Nap &#8211; Csom\u00f3 Kriszti\u00e1n<\/a><\/li>\n<li><a href=\"https:\/\/semmelweis.hu\/tudrh\/files\/2024\/04\/20221121_Innovacios-Nap_HankoB_publikalhato.pdf\" target=\"_blank\" rel=\"noopener\">Innov\u00e1ci\u00f3s Nap &#8211; Hank\u00f3 Bal\u00e1zs<\/a><\/li>\n<li><a href=\"https:\/\/semmelweis.hu\/tudrh\/files\/2024\/04\/Hornyak_Istvan_2022Dec07_public.pdf\" target=\"_blank\" rel=\"noopener\">Innov\u00e1ci\u00f3s Nap &#8211; Horny\u00e1k Istv\u00e1n<\/a><\/li>\n<li><a href=\"https:\/\/semmelweis.hu\/tudrh\/files\/2024\/04\/14.45_IgazP-Innovacios-dij-2022-vegl.pdf\" target=\"_blank\" rel=\"noopener\">Innov\u00e1ci\u00f3s Nap &#8211; Igaz P\u00e9ter<\/a><\/li>\n<li><a href=\"https:\/\/semmelweis.hu\/tudrh\/files\/2024\/04\/Transzlacios-kutatasok_Lendvai_Balazs_publikalhato.pdf\" target=\"_blank\" rel=\"noopener\">Innov\u00e1ci\u00f3s Nap &#8211; Lendvai Bal\u00e1zs<\/a><\/li>\n<li><a href=\"https:\/\/semmelweis.hu\/tudrh\/files\/2024\/04\/18.00_Maurovich_Adatokra-epulo-fejlesztes_OKK_RICHTER_final2.pdf\" target=\"_blank\" rel=\"noopener\">Innov\u00e1ci\u00f3s Nap &#8211; Maurovich-Horvat P\u00e1l<\/a><\/li>\n<li><a href=\"https:\/\/semmelweis.hu\/tudrh\/files\/2024\/04\/Orban_Gabor_SE_Innovacios-Nap_2022.11.21_publikalhato.pdf\" target=\"_blank\" rel=\"noopener\">Innov\u00e1ci\u00f3s Nap &#8211; Orb\u00e1n G\u00e1bor<\/a><\/li>\n<li><a href=\"https:\/\/semmelweis.hu\/tudrh\/files\/2024\/04\/16.15_Innovacios-Nap-NL-Szigeti-Gyula.pdf\" target=\"_blank\" rel=\"noopener\">Innov\u00e1ci\u00f3s Nap &#8211; Szigeti Gyula<\/a><\/li>\n<li><a href=\"https:\/\/semmelweis.hu\/tudrh\/files\/2024\/04\/Innovativ-ipari-gyogyszer-KF-Nov-2022-Szombathelyi-Zsolt.pdf\" target=\"_blank\" rel=\"noopener\">Innov\u00e1ci\u00f3s Nap &#8211; Szombathelyi Zsolt<\/a><\/li>\n<\/ul>\n","protected":false},"excerpt":{"rendered":"<p>A Semmelweis Egyetem id\u00e9n a Richter Gedeon Nyrt.-vel k\u00f6z\u00f6sen rendezte meg az Innov\u00e1ci\u00f3s Napot. <a href=\"https:\/\/semmelweis.hu\/hirek\/2022\/12\/07\/az-ipari-es-egyetemi-kapcsolodasok-alltak-az-idei-innovacios-nap-fokuszaban\/\" target=\"_blank\" rel=\"noopener\">Tov\u00e1bb az esem\u00e9nyr\u0151l k\u00e9sz\u00fclt tud\u00f3s\u00edt\u00e1shoz \u2192<\/a> D\u00edjazottak: A Szen\u00e1tus d\u00f6nt\u00e9se \u00e9rtelm\u00e9ben a leginnovat\u00edvabb PhD-\u00e9rtekez\u00e9s dr. Csom\u00f3 Kriszti\u00e1n Benedek \u00e9s dr. Kopp\u00e1ny Ferenc \u201eHidrofil nanostrukt\u00far\u00e1j\u00fa tit\u00e1nfel\u00fclet el\u0151\u00e1ll\u00edt\u00e1si m\u00f3dszer\u00e9nek kifejleszt\u00e9se\u201d t\u00e9mamunk\u00e1ja lett. A kutat\u00f3i kateg\u00f3ria d\u00edj\u00e1t id\u00e9n k\u00e9t kutat\u00f3csoport \u00e9rdemelte ki. Dr. Horny\u00e1k Istv\u00e1n \u00e9s dr. Hinsenkamp Ad\u00e9l a &hellip;<\/p>\n","protected":false},"author":102297,"featured_media":0,"parent":6391,"menu_order":14,"comment_status":"closed","ping_status":"closed","template":"","meta":{"_acf_changed":false,"footnotes":""},"categories":[],"tags":[],"class_list":["post-9766","page","type-page","status-publish","hentry"],"acf":[],"_links":{"self":[{"href":"https:\/\/semmelweis.hu\/tudrh\/wp-json\/wp\/v2\/pages\/9766","targetHints":{"allow":["GET"]}}],"collection":[{"href":"https:\/\/semmelweis.hu\/tudrh\/wp-json\/wp\/v2\/pages"}],"about":[{"href":"https:\/\/semmelweis.hu\/tudrh\/wp-json\/wp\/v2\/types\/page"}],"author":[{"embeddable":true,"href":"https:\/\/semmelweis.hu\/tudrh\/wp-json\/wp\/v2\/users\/102297"}],"replies":[{"embeddable":true,"href":"https:\/\/semmelweis.hu\/tudrh\/wp-json\/wp\/v2\/comments?post=9766"}],"version-history":[{"count":6,"href":"https:\/\/semmelweis.hu\/tudrh\/wp-json\/wp\/v2\/pages\/9766\/revisions"}],"predecessor-version":[{"id":9848,"href":"https:\/\/semmelweis.hu\/tudrh\/wp-json\/wp\/v2\/pages\/9766\/revisions\/9848"}],"up":[{"embeddable":true,"href":"https:\/\/semmelweis.hu\/tudrh\/wp-json\/wp\/v2\/pages\/6391"}],"wp:attachment":[{"href":"https:\/\/semmelweis.hu\/tudrh\/wp-json\/wp\/v2\/media?parent=9766"}],"wp:term":[{"taxonomy":"category","embeddable":true,"href":"https:\/\/semmelweis.hu\/tudrh\/wp-json\/wp\/v2\/categories?post=9766"},{"taxonomy":"post_tag","embeddable":true,"href":"https:\/\/semmelweis.hu\/tudrh\/wp-json\/wp\/v2\/tags?post=9766"}],"curies":[{"name":"wp","href":"https:\/\/api.w.org\/{rel}","templated":true}]}}