{"id":3008,"date":"2023-05-09T11:31:43","date_gmt":"2023-05-09T09:31:43","guid":{"rendered":"https:\/\/semmelweis.hu\/tudrh\/?page_id=3008"},"modified":"2025-05-17T13:37:07","modified_gmt":"2025-05-17T11:37:07","slug":"tudomanyos-jutalomdijak-2025-jelolesi-es-palyazati-lehetosegek","status":"publish","type":"page","link":"https:\/\/semmelweis.hu\/tudrh\/tudomanyos-jutalomdijak\/tudomanyos-jutalomdijak-2025-jelolesi-es-palyazati-lehetosegek\/","title":{"rendered":"Tudom\u00e1nyos Jutalomd\u00edjak 2025: Jel\u00f6l\u00e9si \u00e9s P\u00e1ly\u00e1zati lehet\u0151s\u00e9gek"},"content":{"rendered":"<div>A 2025. \u00e9vi tudom\u00e1nyos jutalomd\u00edjak jel\u00f6l\u00e9si \u00e9s p\u00e1ly\u00e1zati lehet\u0151s\u00e9gei:<\/div>\n<div>\u2013 <a href=\"https:\/\/semmelweis.hu\/tudrh\/files\/2025\/05\/JelolesiFelhivas2025-SemmelweisBudapestAward-20250122-1.pdf\">Semmelweis Budapest Award nemzetk\u00f6zi d\u00edj<\/a><br \/>\n\u2013 <a href=\"https:\/\/semmelweis.hu\/tudrh\/files\/2025\/05\/JelolesiFelhivas2025-SemmelweisIgnacJutalomdij-20250122.pdf\">Semmelweis Ign\u00e1c eml\u00e9k\u00e9rem \u00e9s jutalomd\u00edj<\/a><\/div>\n<div>\n<div id=\"GroupWiseSection_1650551428000_Trektorh\" class=\"GroupWiseMessageBody active\">\n<div>\n<div>\u2013 <a href=\"https:\/\/semmelweis.hu\/tudrh\/files\/2025\/05\/PalyazatiFelhivas2025-JendrassikErnoJutalomdij-20250122.pdf\">Jendrassik Ern\u0151 eml\u00e9k\u00e9rem \u00e9s jutalomd\u00edj<\/a><br \/>\n\u2013 <a href=\"https:\/\/semmelweis.hu\/tudrh\/files\/2025\/05\/PalyazatiFelhivas2025-HuzellaTivadarJutalomdij-20250122.pdf\">Huzella Tivadar eml\u00e9k\u00e9rem \u00e9s jutalomd\u00edj<\/a><br \/>\n\u2013 <a href=\"https:\/\/semmelweis.hu\/tudrh\/files\/2025\/05\/PalyazatiFelhivas2025-HugonnaiVilmaJutalomdij-20250122.pdf\">Hugonnai Vilma eml\u00e9k\u00e9rem \u00e9s jutalomd\u00edj<\/a><br \/>\n\u2013 <a href=\"https:\/\/semmelweis.hu\/tudrh\/files\/2025\/05\/PalyazatiFelhivas2025-HariMariaJutalomdij-20250122.pdf\">H\u00e1ri M\u00e1ria eml\u00e9k\u00e9rem \u00e9s jutalomd\u00edj<\/a><\/div>\n<div>\u2013 <a href=\"https:\/\/semmelweis.hu\/tudrh\/files\/2025\/05\/PalyazatiFelhivas2025-RichterGedeonJutalomdij-20250122.pdf\">Richter Gedeon eml\u00e9k\u00e9rem \u00e9s jutalomd\u00edj<\/a><\/div>\n<\/div>\n<\/div>\n<\/div>\n<div>\u00a0<\/div>\n<div>\n<div id=\"GroupWiseSection_1650551247000_Trektorh\" class=\"GroupWiseMessageBody active\">\n<div>A jel\u00f6l\u00e9sek \u00e9s p\u00e1ly\u00e1zatok beny\u00fajt\u00e1s\u00e1nak hat\u00e1rideje: <strong>2025. j\u00fanius 13.\u00a0<\/strong><\/div>\n<\/div>\n<\/div>\n","protected":false},"excerpt":{"rendered":"<p>A 2025. \u00e9vi tudom\u00e1nyos jutalomd\u00edjak jel\u00f6l\u00e9si \u00e9s p\u00e1ly\u00e1zati lehet\u0151s\u00e9gei:<br \/>\n\u2013 <a href=\"https:\/\/semmelweis.hu\/tudrh\/files\/2025\/05\/JelolesiFelhivas2025-SemmelweisBudapestAward-20250122-1.pdf\">Semmelweis Budapest Award nemzetk\u00f6zi d\u00edj<\/a><br \/>\n\u2013 <a href=\"https:\/\/semmelweis.hu\/tudrh\/files\/2025\/05\/JelolesiFelhivas2025-SemmelweisIgnacJutalomdij-20250122.pdf\">Semmelweis Ign\u00e1c eml\u00e9k\u00e9rem \u00e9s jutalomd\u00edj<\/a><\/p>\n<p>\u2013 <a href=\"https:\/\/semmelweis.hu\/tudrh\/files\/2025\/05\/PalyazatiFelhivas2025-JendrassikErnoJutalomdij-20250122.pdf\">Jendrassik Ern\u0151 eml\u00e9k\u00e9rem \u00e9s jutalomd\u00edj<\/a><br \/>\n\u2013 <a href=\"https:\/\/semmelweis.hu\/tudrh\/files\/2025\/05\/PalyazatiFelhivas2025-HuzellaTivadarJutalomdij-20250122.pdf\">Huzella Tivadar eml\u00e9k\u00e9rem \u00e9s jutalomd\u00edj<\/a><br \/>\n\u2013 <a href=\"https:\/\/semmelweis.hu\/tudrh\/files\/2025\/05\/PalyazatiFelhivas2025-HugonnaiVilmaJutalomdij-20250122.pdf\">Hugonnai Vilma eml\u00e9k\u00e9rem \u00e9s jutalomd\u00edj<\/a><br \/>\n\u2013 <a href=\"https:\/\/semmelweis.hu\/tudrh\/files\/2025\/05\/PalyazatiFelhivas2025-HariMariaJutalomdij-20250122.pdf\">H\u00e1ri M\u00e1ria eml\u00e9k\u00e9rem \u00e9s jutalomd\u00edj<\/a><br \/>\n\u2013 <a href=\"https:\/\/semmelweis.hu\/tudrh\/files\/2025\/05\/PalyazatiFelhivas2025-RichterGedeonJutalomdij-20250122.pdf\">Richter Gedeon eml\u00e9k\u00e9rem \u00e9s jutalomd\u00edj<\/a><\/p>\n<p>\u00a0<\/p>\n<p>A jel\u00f6l\u00e9sek \u00e9s p\u00e1ly\u00e1zatok beny\u00fajt\u00e1s\u00e1nak hat\u00e1rideje: 2025. j\u00fanius 13.\u00a0<\/p>\n","protected":false},"author":101892,"featured_media":0,"parent":1181,"menu_order":0,"comment_status":"closed","ping_status":"closed","template":"","meta":{"_acf_changed":false,"footnotes":""},"categories":[],"tags":[],"class_list":["post-3008","page","type-page","status-publish","hentry"],"acf":[],"_links":{"self":[{"href":"https:\/\/semmelweis.hu\/tudrh\/wp-json\/wp\/v2\/pages\/3008","targetHints":{"allow":["GET"]}}],"collection":[{"href":"https:\/\/semmelweis.hu\/tudrh\/wp-json\/wp\/v2\/pages"}],"about":[{"href":"https:\/\/semmelweis.hu\/tudrh\/wp-json\/wp\/v2\/types\/page"}],"author":[{"embeddable":true,"href":"https:\/\/semmelweis.hu\/tudrh\/wp-json\/wp\/v2\/users\/101892"}],"replies":[{"embeddable":true,"href":"https:\/\/semmelweis.hu\/tudrh\/wp-json\/wp\/v2\/comments?post=3008"}],"version-history":[{"count":10,"href":"https:\/\/semmelweis.hu\/tudrh\/wp-json\/wp\/v2\/pages\/3008\/revisions"}],"predecessor-version":[{"id":10032,"href":"https:\/\/semmelweis.hu\/tudrh\/wp-json\/wp\/v2\/pages\/3008\/revisions\/10032"}],"up":[{"embeddable":true,"href":"https:\/\/semmelweis.hu\/tudrh\/wp-json\/wp\/v2\/pages\/1181"}],"wp:attachment":[{"href":"https:\/\/semmelweis.hu\/tudrh\/wp-json\/wp\/v2\/media?parent=3008"}],"wp:term":[{"taxonomy":"category","embeddable":true,"href":"https:\/\/semmelweis.hu\/tudrh\/wp-json\/wp\/v2\/categories?post=3008"},{"taxonomy":"post_tag","embeddable":true,"href":"https:\/\/semmelweis.hu\/tudrh\/wp-json\/wp\/v2\/tags?post=3008"}],"curies":[{"name":"wp","href":"https:\/\/api.w.org\/{rel}","templated":true}]}}