{"id":3922,"date":"2026-03-04T09:19:35","date_gmt":"2026-03-04T08:19:35","guid":{"rendered":"https:\/\/semmelweis.hu\/traumatologia\/?page_id=3922"},"modified":"2026-03-04T09:25:38","modified_gmt":"2026-03-04T08:25:38","slug":"sebeszet-nyari-gyakorlat","status":"publish","type":"page","link":"https:\/\/semmelweis.hu\/traumatologia\/oktatas-uj\/gradualis-kepzes\/sebeszet-nyari-gyakorlat\/","title":{"rendered":"Seb\u00e9szet ny\u00e1ri gyakorlat"},"content":{"rendered":"<p>2025\/2026-os tan\u00e9v ny\u00e1ri seb\u00e9szet gyakorlatra a Semmelweis Egyetem Traumatol\u00f3giai Klinik\u00e1j\u00e1ra a Neptun rendszeren kereszt\u00fcl lehet jelentkezni .<\/p>\n<p>A bejelentkezett hallgat\u00f3kat e-mailben fogjuk t\u00e1j\u00e9koztatni a tudnival\u00f3kr\u00f3l.<\/p>\n","protected":false},"excerpt":{"rendered":"<p>2025\/2026-os tan\u00e9v ny\u00e1ri seb\u00e9szet gyakorlatra a Semmelweis Egyetem Traumatol\u00f3giai Klinik\u00e1j\u00e1ra a Neptun rendszeren kereszt\u00fcl lehet jelentkezni .<br \/>\nA bejelentkezett hallgat\u00f3kat e-mailben fogjuk t\u00e1j\u00e9koztatni a tudnival\u00f3kr\u00f3l.<\/p>\n","protected":false},"author":102567,"featured_media":0,"parent":3391,"menu_order":9,"comment_status":"closed","ping_status":"closed","template":"","meta":{"_acf_changed":false,"footnotes":""},"categories":[],"tags":[],"class_list":["post-3922","page","type-page","status-publish","hentry"],"acf":[],"_links":{"self":[{"href":"https:\/\/semmelweis.hu\/traumatologia\/wp-json\/wp\/v2\/pages\/3922","targetHints":{"allow":["GET"]}}],"collection":[{"href":"https:\/\/semmelweis.hu\/traumatologia\/wp-json\/wp\/v2\/pages"}],"about":[{"href":"https:\/\/semmelweis.hu\/traumatologia\/wp-json\/wp\/v2\/types\/page"}],"author":[{"embeddable":true,"href":"https:\/\/semmelweis.hu\/traumatologia\/wp-json\/wp\/v2\/users\/102567"}],"replies":[{"embeddable":true,"href":"https:\/\/semmelweis.hu\/traumatologia\/wp-json\/wp\/v2\/comments?post=3922"}],"version-history":[{"count":2,"href":"https:\/\/semmelweis.hu\/traumatologia\/wp-json\/wp\/v2\/pages\/3922\/revisions"}],"predecessor-version":[{"id":3928,"href":"https:\/\/semmelweis.hu\/traumatologia\/wp-json\/wp\/v2\/pages\/3922\/revisions\/3928"}],"up":[{"embeddable":true,"href":"https:\/\/semmelweis.hu\/traumatologia\/wp-json\/wp\/v2\/pages\/3391"}],"wp:attachment":[{"href":"https:\/\/semmelweis.hu\/traumatologia\/wp-json\/wp\/v2\/media?parent=3922"}],"wp:term":[{"taxonomy":"category","embeddable":true,"href":"https:\/\/semmelweis.hu\/traumatologia\/wp-json\/wp\/v2\/categories?post=3922"},{"taxonomy":"post_tag","embeddable":true,"href":"https:\/\/semmelweis.hu\/traumatologia\/wp-json\/wp\/v2\/tags?post=3922"}],"curies":[{"name":"wp","href":"https:\/\/api.w.org\/{rel}","templated":true}]}}