{"id":3708,"date":"2025-05-13T08:01:52","date_gmt":"2025-05-13T06:01:52","guid":{"rendered":"https:\/\/semmelweis.hu\/traumatologia\/?page_id=3708"},"modified":"2025-05-13T08:01:52","modified_gmt":"2025-05-13T06:01:52","slug":"betegjogi-kepviselo","status":"publish","type":"page","link":"https:\/\/semmelweis.hu\/traumatologia\/betegellatas\/betegjogi-kepviselo\/","title":{"rendered":"Betegjogi k\u00e9pvisel\u0151"},"content":{"rendered":"<div><strong>Dr. Lengyel Ingrid<\/strong><\/div>\n<div><strong>Telefon: +36 20 489 9609<\/strong><\/div>\n<div>\n<div>melyen el\u00e9rhet\u0151\u00a0<i>h\u00e9tf\u0151t\u0151l-cs\u00fct\u00f6rt\u00f6kig<\/i>\u00a008:00 \u2013 16:30,\u00a0<\/div>\n<div><i>p\u00e9nteken<\/i>\u00a008:00 \u2013 14:00 \u00f3ra k\u00f6z\u00f6tt<\/div>\n<p><strong>Email:<\/strong> ingrid.lengyel@ijsz.bm.gov.hu<\/div>\n<div>\u00a0<\/div>\n<div><b>A betegjogi k\u00e9pvisel\u0151 tev\u00e9kenys\u00e9ge\u00a0<\/b><\/div>\n<ul>\n<li>seg\u00edti a beteget az eg\u00e9szs\u00e9g\u00fcgyi dokument\u00e1ci\u00f3hoz val\u00f3 hozz\u00e1jut\u00e1sban, azzal kapcsolatos megjegyz\u00e9sek, k\u00e9rd\u00e9sek felt\u00e9tel\u00e9ben<\/li>\n<li>seg\u00edt a betegnek panasza megfogalmaz\u00e1s\u00e1ban, kezdem\u00e9nyezheti annak kivizsg\u00e1l\u00e1s\u00e1t<\/li>\n<li>a beteg \u00edr\u00e1sbeli meghatalmaz\u00e1sa alapj\u00e1n panaszt tehet az eg\u00e9szs\u00e9g\u00fcgyi szolg\u00e1ltat\u00f3 vezet\u0151j\u00e9n\u00e9l, fenntart\u00f3j\u00e1n\u00e1l, illetve \u2013 a beteg gy\u00f3gykezel\u00e9s\u00e9vel \u00f6sszef\u00fcgg\u0151 \u00fcgyekben elj\u00e1r az arra hat\u00e1sk\u00f6rrel \u00e9s illet\u00e9kess\u00e9ggel rendelkez\u0151 hat\u00f3s\u00e1gn\u00e1l, \u00e9s ennek sor\u00e1n k\u00e9pviseli a beteget<\/li>\n<\/ul>\n<div class=\"fontos_div\"><span data-olk-copy-source=\"MessageBody\">A JOGV\u00c9DELMI K\u00c9PVISEL\u0150 AZ INTEGR\u00c1LT JOGV\u00c9DELMI SZOLG\u00c1LAT (IJSZ) MUNKAT\u00c1RSA, AZ EG\u00c9SZS\u00c9G\u00dcGYI INT\u00c9ZM\u00c9NYT\u0150L F\u00dcGGETLEN SZEM\u00c9LY.<\/span><\/div>\n<div>\u00a0<\/div>\n<div><span data-olk-copy-source=\"MessageBody\">Integr\u00e1lt Jogv\u00e9delmi Szolg\u00e1lat<\/span><br \/>\nC\u00edm: H-1134 Budapest, T\u00fcz\u00e9r u. 33. II. em.<br \/>\nPostac\u00edm: 1365 Bp., Pf.: 646.<br \/>\nTelefon: +36-1\/8969-000<br \/>\nZ\u00f6ld sz\u00e1m: 06-80-620-055<br \/>\n(k\u00fclf\u00f6ldr\u0151l): +36-20-489-96-14<\/div>\n","protected":false},"excerpt":{"rendered":"<p>Dr. Lengyel Ingrid Telefon: +36 20 489 9609 melyen el\u00e9rhet\u0151\u00a0h\u00e9tf\u0151t\u0151l-cs\u00fct\u00f6rt\u00f6kig\u00a008:00 \u2013 16:30,\u00a0 p\u00e9nteken\u00a008:00 \u2013 14:00 \u00f3ra k\u00f6z\u00f6tt Email: ingrid.lengyel@ijsz.bm.gov.hu \u00a0 A betegjogi k\u00e9pvisel\u0151 tev\u00e9kenys\u00e9ge\u00a0 seg\u00edti a beteget az eg\u00e9szs\u00e9g\u00fcgyi dokument\u00e1ci\u00f3hoz val\u00f3 hozz\u00e1jut\u00e1sban, azzal kapcsolatos megjegyz\u00e9sek, k\u00e9rd\u00e9sek felt\u00e9tel\u00e9ben seg\u00edt a betegnek panasza megfogalmaz\u00e1s\u00e1ban, kezdem\u00e9nyezheti annak kivizsg\u00e1l\u00e1s\u00e1t a beteg \u00edr\u00e1sbeli meghatalmaz\u00e1sa alapj\u00e1n panaszt tehet az eg\u00e9szs\u00e9g\u00fcgyi szolg\u00e1ltat\u00f3 &hellip;<\/p>\n","protected":false},"author":101217,"featured_media":0,"parent":3368,"menu_order":5,"comment_status":"closed","ping_status":"closed","template":"","meta":{"_acf_changed":false,"footnotes":""},"categories":[],"tags":[],"class_list":["post-3708","page","type-page","status-publish","hentry"],"acf":[],"_links":{"self":[{"href":"https:\/\/semmelweis.hu\/traumatologia\/wp-json\/wp\/v2\/pages\/3708","targetHints":{"allow":["GET"]}}],"collection":[{"href":"https:\/\/semmelweis.hu\/traumatologia\/wp-json\/wp\/v2\/pages"}],"about":[{"href":"https:\/\/semmelweis.hu\/traumatologia\/wp-json\/wp\/v2\/types\/page"}],"author":[{"embeddable":true,"href":"https:\/\/semmelweis.hu\/traumatologia\/wp-json\/wp\/v2\/users\/101217"}],"replies":[{"embeddable":true,"href":"https:\/\/semmelweis.hu\/traumatologia\/wp-json\/wp\/v2\/comments?post=3708"}],"version-history":[{"count":1,"href":"https:\/\/semmelweis.hu\/traumatologia\/wp-json\/wp\/v2\/pages\/3708\/revisions"}],"predecessor-version":[{"id":3709,"href":"https:\/\/semmelweis.hu\/traumatologia\/wp-json\/wp\/v2\/pages\/3708\/revisions\/3709"}],"up":[{"embeddable":true,"href":"https:\/\/semmelweis.hu\/traumatologia\/wp-json\/wp\/v2\/pages\/3368"}],"wp:attachment":[{"href":"https:\/\/semmelweis.hu\/traumatologia\/wp-json\/wp\/v2\/media?parent=3708"}],"wp:term":[{"taxonomy":"category","embeddable":true,"href":"https:\/\/semmelweis.hu\/traumatologia\/wp-json\/wp\/v2\/categories?post=3708"},{"taxonomy":"post_tag","embeddable":true,"href":"https:\/\/semmelweis.hu\/traumatologia\/wp-json\/wp\/v2\/tags?post=3708"}],"curies":[{"name":"wp","href":"https:\/\/api.w.org\/{rel}","templated":true}]}}