{"id":3649,"date":"2025-03-03T13:07:50","date_gmt":"2025-03-03T12:07:50","guid":{"rendered":"https:\/\/semmelweis.hu\/traumatologia\/?page_id=3649"},"modified":"2026-02-04T14:37:22","modified_gmt":"2026-02-04T13:37:22","slug":"latlelet-igenyles","status":"publish","type":"page","link":"https:\/\/semmelweis.hu\/traumatologia\/betegellatas\/latlelet-igenyles\/","title":{"rendered":"L\u00e1tlelet, eg\u00e9szs\u00e9g\u00fcgyi dokument\u00e1ci\u00f3 ig\u00e9nyl\u00e9s"},"content":{"rendered":"<div class=\"lead\">\n<p class=\"x_x_x_MsoNormal\" style=\"text-align: left\"><strong style=\"font-size: 1rem;text-align: left\">Mag\u00e1nind\u00edtv\u00e1ny\u00fa <span style=\"text-decoration: underline\">l\u00e1tlelet<\/span> ig\u00e9nyl\u00e9se:<\/strong><\/p>\n<\/div>\n<ul>\n<li class=\"x_x_x_MsoNormal\">Szem\u00e9lyesen van r\u00e1 lehet\u0151s\u00e9g munkanapokon 8-14 \u00f3ra k\u00f6z\u00f6tt a Traumatol\u00f3gia Klinika III. emelet\u00e9n az oszt\u00e1lyirod\u00e1ban, ami a traumatol\u00f3giai fekv\u0151oszt\u00e1lyon bel\u00fcl tal\u00e1lhat\u00f3.<\/li>\n<li class=\"x_x_x_MsoNormal\">A l\u00e1tlelet kiad\u00e1s\u00e1nak egyszeri 3500 Ft-os adminisztr\u00e1ci\u00f3s d\u00edja van, amelyet bankk\u00e1rty\u00e1val lehet kiegyenl\u00edteni.\u00a0<\/li>\n<li class=\"x_x_x_MsoNormal\">A l\u00e1tlelet az ig\u00e9nyl\u00e9st\u0151l sz\u00e1m\u00edtott 5 munkanapon bel\u00fcl k\u00e9sz\u00fcl el, az \u00e1tv\u00e9tel idej\u00e9r\u0151l minden esetben egyeztet\u00e9s t\u00f6rt\u00e9nik az ig\u00e9nyl\u0151vel.<\/li>\n<\/ul>\n<p class=\"x_x_x_MsoNormal\"><strong>L\u00e1tlelet ig\u00e9nyl\u00e9s\u00e9hez sz\u00fcks\u00e9ges dokumentumok:<\/strong><\/p>\n<ul>\n<li class=\"x_x_x_MsoNormal\">az ell\u00e1t\u00e1sakor k\u00e9sz\u00fclt ambul\u00e1ns lap,<\/li>\n<li class=\"x_x_x_MsoNormal\">szem\u00e9lyigazolv\u00e1ny,<\/li>\n<li class=\"x_x_x_MsoNormal\">lakc\u00edmk\u00e1rtya,<\/li>\n<li class=\"x_x_x_MsoNormal\">TAJ k\u00e1rtya.<\/li>\n<\/ul>\n<p class=\"x_x_x_MsoNormal\"><strong><span style=\"text-decoration: underline\">Egy\u00e9b eg\u00e9szs\u00e9g\u00fcgyi dokument\u00e1ci\u00f3<\/span> kik\u00e9r\u00e9s\u00e9re az al\u00e1bbi linken kereszt\u00fcl van lehets\u00e9ges:<\/strong><\/p>\n<div><a href=\"https:\/\/semmelweis.hu\/jogigfoig\/adatvedelem-betegjog\/betegdokumentacio-kikeres\/\">https:\/\/semmelweis.hu\/jogigfoig\/adatvedelem-betegjog\/betegdokumentacio-kikeres\/<\/a><\/div>\n","protected":false},"excerpt":{"rendered":"<p>Mag\u00e1nind\u00edtv\u00e1ny\u00fa l\u00e1tlelet ig\u00e9nyl\u00e9se: Szem\u00e9lyesen van r\u00e1 lehet\u0151s\u00e9g munkanapokon 8-14 \u00f3ra k\u00f6z\u00f6tt a Traumatol\u00f3gia Klinika III. emelet\u00e9n az oszt\u00e1lyirod\u00e1ban, ami a traumatol\u00f3giai fekv\u0151oszt\u00e1lyon bel\u00fcl tal\u00e1lhat\u00f3. A l\u00e1tlelet kiad\u00e1s\u00e1nak egyszeri 3500 Ft-os adminisztr\u00e1ci\u00f3s d\u00edja van, amelyet bankk\u00e1rty\u00e1val lehet kiegyenl\u00edteni.\u00a0 A l\u00e1tlelet az ig\u00e9nyl\u00e9st\u0151l sz\u00e1m\u00edtott 5 munkanapon bel\u00fcl k\u00e9sz\u00fcl el, az \u00e1tv\u00e9tel idej\u00e9r\u0151l minden esetben egyeztet\u00e9s t\u00f6rt\u00e9nik az &hellip;<\/p>\n","protected":false},"author":101217,"featured_media":0,"parent":3368,"menu_order":5,"comment_status":"closed","ping_status":"closed","template":"","meta":{"_acf_changed":false,"footnotes":""},"categories":[],"tags":[],"class_list":["post-3649","page","type-page","status-publish","hentry"],"acf":[],"_links":{"self":[{"href":"https:\/\/semmelweis.hu\/traumatologia\/wp-json\/wp\/v2\/pages\/3649","targetHints":{"allow":["GET"]}}],"collection":[{"href":"https:\/\/semmelweis.hu\/traumatologia\/wp-json\/wp\/v2\/pages"}],"about":[{"href":"https:\/\/semmelweis.hu\/traumatologia\/wp-json\/wp\/v2\/types\/page"}],"author":[{"embeddable":true,"href":"https:\/\/semmelweis.hu\/traumatologia\/wp-json\/wp\/v2\/users\/101217"}],"replies":[{"embeddable":true,"href":"https:\/\/semmelweis.hu\/traumatologia\/wp-json\/wp\/v2\/comments?post=3649"}],"version-history":[{"count":5,"href":"https:\/\/semmelweis.hu\/traumatologia\/wp-json\/wp\/v2\/pages\/3649\/revisions"}],"predecessor-version":[{"id":3905,"href":"https:\/\/semmelweis.hu\/traumatologia\/wp-json\/wp\/v2\/pages\/3649\/revisions\/3905"}],"up":[{"embeddable":true,"href":"https:\/\/semmelweis.hu\/traumatologia\/wp-json\/wp\/v2\/pages\/3368"}],"wp:attachment":[{"href":"https:\/\/semmelweis.hu\/traumatologia\/wp-json\/wp\/v2\/media?parent=3649"}],"wp:term":[{"taxonomy":"category","embeddable":true,"href":"https:\/\/semmelweis.hu\/traumatologia\/wp-json\/wp\/v2\/categories?post=3649"},{"taxonomy":"post_tag","embeddable":true,"href":"https:\/\/semmelweis.hu\/traumatologia\/wp-json\/wp\/v2\/tags?post=3649"}],"curies":[{"name":"wp","href":"https:\/\/api.w.org\/{rel}","templated":true}]}}

Látlelet, egészségügyi dokumentáció igénylés

<div class="lead">
<p class="x_x_x_MsoNormal" style="text-align: left"><strong style="font-size: 1rem;text-align: left">Magánindítványú <span style="text-decoration: underline">látlelet</span> igénylése:</strong></p>
</div>
<ul>
<li class="x_x_x_MsoNormal">Személyesen van rá lehetőség munkanapokon 8-14 óra között a Traumatológia Klinika III. emeletén az osztályirodában, ami a traumatológiai fekvőosztályon belül található.</li>
<li class="x_x_x_MsoNormal">A látlelet kiadásának egyszeri 3500 Ft-os adminisztrációs díja van, amelyet bankkártyával lehet kiegyenlíteni. </li>
<li class="x_x_x_MsoNormal">A látlelet az igényléstől számított 5 munkanapon belül készül el, az átvétel idejéről minden esetben egyeztetés történik az igénylővel.</li>
</ul>
<p class="x_x_x_MsoNormal"><strong>Látlelet igényléséhez szükséges dokumentumok:</strong></p>
<ul>
<li class="x_x_x_MsoNormal">az ellátásakor készült ambuláns lap,</li>
<li class="x_x_x_MsoNormal">személyigazolvány,</li>
<li class="x_x_x_MsoNormal">lakcímkártya,</li>
<li class="x_x_x_MsoNormal">TAJ kártya.</li>
</ul>
<p class="x_x_x_MsoNormal"><strong><span style="text-decoration: underline">Egyéb egészségügyi dokumentáció</span> kikérésére az alábbi linken keresztül van lehetséges:</strong></p>
<div><a href="https://semmelweis.hu/jogigfoig/adatvedelem-betegjog/betegdokumentacio-kikeres/">https://semmelweis.hu/jogigfoig/adatvedelem-betegjog/betegdokumentacio-kikeres/</a></div>

<p>Magánindítványú látlelet igénylése: Személyesen van rá lehetőség munkanapokon 8-14 óra között a Traumatológia Klinika III. emeletén az osztályirodában, ami a traumatológiai fekvőosztályon belül található. A látlelet kiadásának egyszeri 3500 Ft-os adminisztrációs díja van, amelyet bankkártyával lehet kiegyenlíteni.  A látlelet az igényléstől számított 5 munkanapon belül készül el, az átvétel idejéről minden esetben egyeztetés történik az &hellip;</p>
