{"id":3389,"date":"2024-09-18T08:17:39","date_gmt":"2024-09-18T06:17:39","guid":{"rendered":"https:\/\/semmelweis.hu\/traumatologia\/?page_id=3389"},"modified":"2025-07-28T09:21:33","modified_gmt":"2025-07-28T07:21:33","slug":"oktatas-uj","status":"publish","type":"page","link":"https:\/\/semmelweis.hu\/traumatologia\/oktatas-uj\/","title":{"rendered":"Oktat\u00e1s"},"content":{"rendered":"<p style=\"text-align: justify\">A baleseti seb\u00e9szet, traumatol\u00f3gia els\u0151sorban a n\u00e9met orient\u00e1ci\u00f3j\u00fa eur\u00f3pai orsz\u00e1gokban az els\u0151 vil\u00e1gh\u00e1bor\u00fat\u00a0k\u00f6vet\u0151en a seb\u00e9szetb\u0151l kiv\u00e1lva v\u00e1lt \u00f6n\u00e1ll\u00f3 szakter\u00fclett\u00e9. \u00cdgy haz\u00e1nkban is fokozatos \u00f6n\u00e1ll\u00f3sod\u00e1s eredm\u00e9nyek\u00e9nt\u00a0traumatol\u00f3giai r\u00e9szlegek, majd oszt\u00e1lyok alakultak. \u00d6n\u00e1ll\u00f3 els\u0151 szakvizsgak\u00e9nt 1985 \u00f3ta volt v\u00e1laszthat\u00f3. A s\u00e9r\u00fcltell\u00e1t\u00e1sra vonatkoz\u00f3 szakk\u00e9pz\u00e9s 2004 \u00f3ta az Eur\u00f3pai Uni\u00f3ban k\u00f6z\u00f6s ortop\u00e9d-traumatol\u00f3giai szakvizsg\u00e1t jelenti.<\/p>\n<p style=\"text-align: justify\">A Semmelweis Egyetemen 1984-ben alakult a Traumatol\u00f3giai Tansz\u00e9k a F\u0151v\u00e1rosi P\u00e9terfy S\u00e1ndor u-i K\u00f3rh\u00e1z Baleseti Seb\u00e9szeti Oszt\u00e1ly\u00e1n Berentey Gy\u00f6rgy professzor vezet\u00e9se alatt. Ut\u00f3dja 1994-ben Prof. Dr. S\u00e1rv\u00e1ry Andr\u00e1s lett. 2007-ben a kor\u00e1bbi Orsz\u00e1gos Baleseti Int\u00e9zet a P\u00e9terfy K\u00f3rh\u00e1z. vezet\u00e9se al\u00e1 ker\u00fclt, a 2008-09-es szemeszterek alatt a Tansz\u00e9k is a Fiumei \u00fati \u00e9p\u00fcletbe k\u00f6lt\u00f6z\u00f6tt.<\/p>\n<p style=\"text-align: justify\">S\u00e1rv\u00e1ry Andr\u00e1s Professzor a 2009-2010-es oktat\u00e1si \u00e9v v\u00e9g\u00e9n nyugd\u00edjba vonult \u00e9s hely\u00e9t Prof. Dr. Hangody L\u00e1szl\u00f3 vette \u00e1t a Tansz\u00e9k \u00e9l\u00e9n. Ezzel egyidej\u0171leg a gradu\u00e1lis \u00e9s postgradu\u00e1lis k\u00e9pz\u00e9sben kor\u00e1bban k\u00fcls\u0151 int\u00e9zm\u00e9nyk\u00e9nt r\u00e9szt vev\u0151 F\u0151v\u00e1rosi \u00d6nkorm\u00e1nyzat Uzsoki utcai K\u00f3rh\u00e1z\u00e1nak Ortop\u00e9d-Traumatol\u00f3giai Oszt\u00e1lya is a Tansz\u00e9k telephely\u00e9v\u00e9 v\u00e1lt. Prof. Dr. Hangody L\u00e1szl\u00f3 tansz\u00e9kvezet\u0151i megb\u00edz\u00e1s\u00e1nak lej\u00e1rt\u00e1val 2023. szeptember elsej\u00e9t\u0151l a tansz\u00e9kvezet\u0151 Dr. Bodzay Tam\u00e1s lett. A Traumatol\u00f3giai Klinika megalakul\u00e1sa ut\u00e1n 2024 nyar\u00e1n a Tansz\u00e9k beolvadt a Traumatol\u00f3giai Klinik\u00e1ba.\u00a0<\/p>\n<p style=\"text-align: justify\">A Traumatol\u00f3giai Klinik\u00e1n t\u00f6rt\u00e9n\u0151 oktat\u00e1si munk\u00e1ban r\u00e9szt vesznek a klinika dolgoz\u00f3i mellett a Budapesti Dr. Manninger Jen\u0151 Baleseti K\u00f6zpont \u00e9s a Budapesti Uzsoki K\u00f3rh\u00e1z dolgoz\u00f3i is, valamint az egyetem \u00e1ltal oktat\u00f3k\u00f3rh\u00e1zak\/oktat\u00f3 oszt\u00e1lyok is. Az \u00c1OK hallgat\u00f3it a negyedik \u00e9vfolyamon oktatjuk 4 hetes blokkgyakorlat keret\u00e9ben s\u00e9r\u00fcltell\u00e1t\u00e1sra a traumatol\u00f3gia \u00e9s ortop\u00e9dia tant\u00e1rgyon bel\u00fcl, magyar, n\u00e9met \u00e9s angol nyelven. VI. \u00e9ven egy hetes traumatol\u00f3giai gyakorlat is a k\u00e9pz\u00e9s r\u00e9sze. Jelenleg a seb\u00e9szeti \u00e1llamvizsga sor\u00e1n az egyik t\u00e9tel traumatol\u00f3giai. A neurotraumatol\u00f3gia oktat\u00e1sa kreditpontszerz\u0151, v\u00e1laszthat\u00f3 tant\u00e1rgyk\u00e9nt az IV. \u00e9vfolyamban 2011 \u0151sz\u00e9t\u0151l indult meg.<\/p>\n<p style=\"text-align: justify\">2000 \u00f3ta a posztgradu\u00e1lis k\u00e9pz\u00e9s is a Tansz\u00e9k, illetve Klinika feladata a Semmelweis Egyetem szakk\u00e9pz\u00e9si ter\u00fclet\u00e9n. Az ortop\u00e9d-traumatol\u00f3giai szakvizsga let\u00e9tel\u00e9hez k\u00f6telez\u0151en elv\u00e9gzend\u0151 ATLS \u00e9s AO alapkurzusokon a Klinika munkat\u00e1rsai szervez\u0151k\u00e9nt \u00e9s oktat\u00f3k\u00e9nt vesznek r\u00e9szt. 4 \u00e9vente, rot\u00e1ci\u00f3s rendszerben, a h\u00e1rom vid\u00e9ki egyetemmel felv\u00e1ltva szervez szakvizsgael\u0151k\u00e9sz\u00edt\u0151 \u00e9s k\u00f6telez\u0151 szinten tart\u00f3 tanfolyamot, tov\u00e1bb\u00e1 kreditpontos tanfolyamok szervez\u00e9se t\u00f6rt\u00e9nik a hat\u00e1rter\u00fcleti szakm\u00e1kban is.<\/p>\n<p>&nbsp;<\/p>\n","protected":false},"excerpt":{"rendered":"<p>A baleseti seb\u00e9szet, traumatol\u00f3gia els\u0151sorban a n\u00e9met orient\u00e1ci\u00f3j\u00fa eur\u00f3pai orsz\u00e1gokban az els\u0151 vil\u00e1gh\u00e1bor\u00fat\u00a0k\u00f6vet\u0151en a seb\u00e9szetb\u0151l kiv\u00e1lva v\u00e1lt \u00f6n\u00e1ll\u00f3 szakter\u00fclett\u00e9. \u00cdgy haz\u00e1nkban is fokozatos \u00f6n\u00e1ll\u00f3sod\u00e1s eredm\u00e9nyek\u00e9nt\u00a0traumatol\u00f3giai r\u00e9szlegek, majd oszt\u00e1lyok alakultak. \u00d6n\u00e1ll\u00f3 els\u0151 szakvizsgak\u00e9nt 1985 \u00f3ta volt v\u00e1laszthat\u00f3. A s\u00e9r\u00fcltell\u00e1t\u00e1sra vonatkoz\u00f3 szakk\u00e9pz\u00e9s 2004 \u00f3ta az Eur\u00f3pai Uni\u00f3ban k\u00f6z\u00f6s ortop\u00e9d-traumatol\u00f3giai szakvizsg\u00e1t jelenti. A Semmelweis Egyetemen 1984-ben alakult a &hellip;<\/p>\n","protected":false},"author":101217,"featured_media":0,"parent":0,"menu_order":0,"comment_status":"closed","ping_status":"closed","template":"","meta":{"_acf_changed":false,"footnotes":""},"categories":[],"tags":[],"class_list":["post-3389","page","type-page","status-publish","hentry"],"acf":[],"_links":{"self":[{"href":"https:\/\/semmelweis.hu\/traumatologia\/wp-json\/wp\/v2\/pages\/3389","targetHints":{"allow":["GET"]}}],"collection":[{"href":"https:\/\/semmelweis.hu\/traumatologia\/wp-json\/wp\/v2\/pages"}],"about":[{"href":"https:\/\/semmelweis.hu\/traumatologia\/wp-json\/wp\/v2\/types\/page"}],"author":[{"embeddable":true,"href":"https:\/\/semmelweis.hu\/traumatologia\/wp-json\/wp\/v2\/users\/101217"}],"replies":[{"embeddable":true,"href":"https:\/\/semmelweis.hu\/traumatologia\/wp-json\/wp\/v2\/comments?post=3389"}],"version-history":[{"count":7,"href":"https:\/\/semmelweis.hu\/traumatologia\/wp-json\/wp\/v2\/pages\/3389\/revisions"}],"predecessor-version":[{"id":3750,"href":"https:\/\/semmelweis.hu\/traumatologia\/wp-json\/wp\/v2\/pages\/3389\/revisions\/3750"}],"wp:attachment":[{"href":"https:\/\/semmelweis.hu\/traumatologia\/wp-json\/wp\/v2\/media?parent=3389"}],"wp:term":[{"taxonomy":"category","embeddable":true,"href":"https:\/\/semmelweis.hu\/traumatologia\/wp-json\/wp\/v2\/categories?post=3389"},{"taxonomy":"post_tag","embeddable":true,"href":"https:\/\/semmelweis.hu\/traumatologia\/wp-json\/wp\/v2\/tags?post=3389"}],"curies":[{"name":"wp","href":"https:\/\/api.w.org\/{rel}","templated":true}]}}