{"id":3386,"date":"2024-09-18T08:07:03","date_gmt":"2024-09-18T06:07:03","guid":{"rendered":"https:\/\/semmelweis.hu\/traumatologia\/?page_id=3386"},"modified":"2024-09-18T14:37:53","modified_gmt":"2024-09-18T12:37:53","slug":"kutatas","status":"publish","type":"page","link":"https:\/\/semmelweis.hu\/traumatologia\/kutatas\/","title":{"rendered":"Kutat\u00e1s"},"content":{"rendered":"<div class=\"lead\">K<strong>utat\u00e1si ter\u00fcletek:<\/strong><\/div>\n<ul>\n<li>\u00daj t\u00f6r\u00e9sr\u00f6gz\u00edt\u0151 implant\u00e1tumok fejleszt\u00e9se \u00e9s klinikai gyakorlatba t\u00f6rt\u00e9n\u0151 bevezet\u00e9se<\/li>\n<li>\u201eCustom made\u201d tit\u00e1nium implant\u00e1tumok tervez\u00e9se \u00e9s be\u00fcltet\u00e9se komplex csonthi\u00e1nyok p\u00f3tl\u00e1s\u00e1ra<\/li>\n<li>\u00daj intraoperat\u00edv navig\u00e1ci\u00f3s eszk\u00f6z haszn\u00e1lat\u00e1nak klinikai bevezet\u00e9se \u00e1ltal\u00e1nos traumatol\u00f3giai felhaszn\u00e1l\u00e1sra<\/li>\n<li>Felsz\u00edv\u00f3d\u00f3 t\u00f6r\u00e9sr\u00f6gz\u00edt\u0151 implant\u00e1tum klinikai bevezet\u00e9se feln\u0151ttkori k\u00e9zs\u00e9r\u00fcl\u00e9sek ell\u00e1t\u00e1s\u00e1ban<\/li>\n<li>\u00cdz\u00fcleti szalags\u00e9r\u00fcl\u00e9sek diagnosztik\u00e1j\u00e1nak fejleszt\u00e9se<\/li>\n<li>\u00cdz\u00fcleti szalagp\u00f3tl\u00e1sok hat\u00e1sa az artr\u00f3zis megel\u0151z\u00e9s\u00e9ben<\/li>\n<li>\u00cdz\u00fcleti porchi\u00e1nyok p\u00f3tl\u00e1s\u00e1nak lehet\u0151s\u00e9gei<\/li>\n<\/ul>\n","protected":false},"excerpt":{"rendered":"<p>Kutat\u00e1si ter\u00fcletek:<\/p>\n<p>\u00daj t\u00f6r\u00e9sr\u00f6gz\u00edt\u0151 implant\u00e1tumok fejleszt\u00e9se \u00e9s klinikai gyakorlatba t\u00f6rt\u00e9n\u0151 bevezet\u00e9se<br \/>\n\u201eCustom made\u201d tit\u00e1nium implant\u00e1tumok tervez\u00e9se \u00e9s be\u00fcltet\u00e9se komplex csonthi\u00e1nyok p\u00f3tl\u00e1s\u00e1ra<br \/>\n\u00daj intraoperat\u00edv navig\u00e1ci\u00f3s eszk\u00f6z haszn\u00e1lat\u00e1nak klinikai bevezet\u00e9se \u00e1ltal\u00e1nos traumatol\u00f3giai felhaszn\u00e1l\u00e1sra<br \/>\nFelsz\u00edv\u00f3d\u00f3 t\u00f6r\u00e9sr\u00f6gz\u00edt\u0151 implant\u00e1tum klinikai bevezet\u00e9se feln\u0151ttkori k\u00e9zs\u00e9r\u00fcl\u00e9sek ell\u00e1t\u00e1s\u00e1ban<br \/>\n\u00cdz\u00fcleti szalags\u00e9r\u00fcl\u00e9sek diagnosztik\u00e1j\u00e1nak fejleszt\u00e9se<br \/>\n\u00cdz\u00fcleti szalagp\u00f3tl\u00e1sok hat\u00e1sa az artr\u00f3zis megel\u0151z\u00e9s\u00e9ben<br \/>\n\u00cdz\u00fcleti porchi\u00e1nyok p\u00f3tl\u00e1s\u00e1nak lehet\u0151s\u00e9gei<\/p>\n","protected":false},"author":101217,"featured_media":0,"parent":0,"menu_order":0,"comment_status":"closed","ping_status":"closed","template":"","meta":{"_acf_changed":false,"footnotes":""},"categories":[],"tags":[],"class_list":["post-3386","page","type-page","status-publish","hentry"],"acf":[],"_links":{"self":[{"href":"https:\/\/semmelweis.hu\/traumatologia\/wp-json\/wp\/v2\/pages\/3386","targetHints":{"allow":["GET"]}}],"collection":[{"href":"https:\/\/semmelweis.hu\/traumatologia\/wp-json\/wp\/v2\/pages"}],"about":[{"href":"https:\/\/semmelweis.hu\/traumatologia\/wp-json\/wp\/v2\/types\/page"}],"author":[{"embeddable":true,"href":"https:\/\/semmelweis.hu\/traumatologia\/wp-json\/wp\/v2\/users\/101217"}],"replies":[{"embeddable":true,"href":"https:\/\/semmelweis.hu\/traumatologia\/wp-json\/wp\/v2\/comments?post=3386"}],"version-history":[{"count":1,"href":"https:\/\/semmelweis.hu\/traumatologia\/wp-json\/wp\/v2\/pages\/3386\/revisions"}],"predecessor-version":[{"id":3387,"href":"https:\/\/semmelweis.hu\/traumatologia\/wp-json\/wp\/v2\/pages\/3386\/revisions\/3387"}],"wp:attachment":[{"href":"https:\/\/semmelweis.hu\/traumatologia\/wp-json\/wp\/v2\/media?parent=3386"}],"wp:term":[{"taxonomy":"category","embeddable":true,"href":"https:\/\/semmelweis.hu\/traumatologia\/wp-json\/wp\/v2\/categories?post=3386"},{"taxonomy":"post_tag","embeddable":true,"href":"https:\/\/semmelweis.hu\/traumatologia\/wp-json\/wp\/v2\/tags?post=3386"}],"curies":[{"name":"wp","href":"https:\/\/api.w.org\/{rel}","templated":true}]}}