{"id":3335,"date":"2024-09-17T14:46:12","date_gmt":"2024-09-17T12:46:12","guid":{"rendered":"https:\/\/semmelweis.hu\/traumatologia\/?page_id=3335"},"modified":"2024-09-24T13:21:11","modified_gmt":"2024-09-24T11:21:11","slug":"igazgatoi-koszonto-es-klinika-tortenete","status":"publish","type":"page","link":"https:\/\/semmelweis.hu\/traumatologia\/a-klinikarol\/igazgatoi-koszonto-es-klinika-tortenete\/","title":{"rendered":"Igazgat\u00f3i k\u00f6sz\u00f6nt\u0151 \u00e9s klinika t\u00f6rt\u00e9nete"},"content":{"rendered":"<p>Lecturis salutem!<\/p>\n<p style=\"text-align: justify\">Tisztelettel k\u00f6sz\u00f6nt\u00f6m \u00d6nt a Semmelweis Egyetem Traumatol\u00f3giai Klinika honlapj\u00e1n!<\/p>\n<p style=\"text-align: justify\">A s\u00e9r\u00fcltell\u00e1t\u00e1s a Semmelweis Egyetemen a Magyar K\u00f6zl\u00f6ny 100\/2023 sz\u00e1m\u00e1ban megjelent rendelkez\u00e9s alapj\u00e1n kezd\u0151d\u00f6tt, melyben le\u00edrt\u00e1k, hogy \u201ea D\u00e9l-pesti Centrumk\u00f3rh\u00e1z \u2013 Orsz\u00e1gos Hematol\u00f3giai \u00e9s Infektol\u00f3giai Int\u00e9zet jogut\u00f3dja a\u00a0 Mer\u00e9nyi Guszt\u00e1v telephely (a\u00a0 tov\u00e1bbiakban: Mer\u00e9nyi telephely) traumatol\u00f3giai j\u00e1r\u00f3- \u00e9s fekv\u0151beteg-szakell\u00e1t\u00e1sa tekintet\u00e9ben az\u00a0 Egyetem. A\u00a0 Mer\u00e9nyi telephely traumatol\u00f3giai j\u00e1r\u00f3- \u00e9s fekv\u0151beteg-szakell\u00e1t\u00e1s\u00e1t 2023. november 1. napj\u00e1t\u00f3l az Egyetem klinikai k\u00f6zpontja l\u00e1tja el\u201d. Ennek megfelel\u0151en Klinik\u00e1nk 2023. 11. 01-\u00e9n l\u00e9tes\u00fclt.\u00a0 A Mer\u00e9nyi Traumatol\u00f3gia egyik el\u0151dje a csepeli Weiss Manfr\u00e9d K\u00f3rh\u00e1z traumatol\u00f3giai oszt\u00e1lya volt, mely oszt\u00e1ly 1969-ben l\u00e9tes\u00fclt, els\u0151 vezet\u0151je az Orsz\u00e1gos Traumatol\u00f3giai Int\u00e9zetb\u0151l Csepelre ker\u00fclt Dr. Somogyi Szilveszter volt. Oszt\u00e1lyvezet\u0151k\u00e9nt Dr. B\u00e1lv\u00e1nyossy P\u00e9ter k\u00f6vette. B\u00e1lv\u00e1nyossy F\u0151orvos \u00dar vezet\u00e9se alatt t\u00f6rt\u00e9nt a csepeli traumatol\u00f3gia bek\u00f6lt\u00f6z\u00e9se a Mer\u00e9nyi Guszt\u00e1v K\u00f3rh\u00e1zba \u00e9s egyes\u00fcl\u00e9se annak traumatol\u00f3giai oszt\u00e1ly\u00e1val. A Mer\u00e9nyi Guszt\u00e1v K\u00f3rh\u00e1z els\u0151 traumatol\u00f3giai oszt\u00e1lya a seb\u00e9szeti oszt\u00e1lyb\u00f3l alakult. Vezet\u0151i \u00a0Dr. Drobni S\u00e1ndor, Dr. Sulyok Bal\u00e1zs, v\u00e9g\u00fcl a szint\u00e9n az Orsz\u00e1gos Traumatol\u00f3giai Int\u00e9zetb\u0151l \u00e9rkez\u0151 Dr. T\u00f6r\u00f6k B\u00e1lint voltak.\u00a0 A Mer\u00e9nyi Traumatol\u00f3gia utols\u00f3 vezet\u0151je a Semmelweis Egyetemre t\u00f6rt\u00e9n\u0151 bek\u00f6lt\u00f6z\u00e9sig Dr. Ludas Istv\u00e1n volt, aki Klinik\u00e1nk egyik jelenlegi igazgat\u00f3helyettese.<\/p>\n<p style=\"text-align: justify\">A Traumatol\u00f3giai Klinika Budapest \u00e9s a K\u00f6z\u00e9p-magyarorsz\u00e1gi r\u00e9gi\u00f3 d\u00e9lkeleti szektor\u00e1t l\u00e1tja el, az ell\u00e1tand\u00f3 ter\u00fclet lakoss\u00e1gsz\u00e1ma k\u00f6zel 600\u00a0000 f\u0151. A s\u00e9r\u00fcltell\u00e1t\u00e1s a legmagasabb, III. progresszivit\u00e1si szinten zajlik, a legban\u00e1lisabb s\u00e9r\u00fcl\u00e9sek kezel\u00e9s\u00e9t\u0151l a legs\u00falyosabb, komplex s\u00e9r\u00fcl\u00e9skombin\u00e1ci\u00f3k ell\u00e1t\u00e1s\u00e1t is v\u00e9gezz\u00fck. Klinik\u00e1nkon ell\u00e1tott szakmai profilok:<\/p>\n<ul>\n<li>\u00c1ltal\u00e1nos traumatol\u00f3gia<\/li>\n<li>Test\u00fcregi (mellkasi \u00e9s hasi) s\u00e9r\u00fcl\u00e9sek ell\u00e1t\u00e1sa<\/li>\n<li>Medence \u00e9s acetabulum-t\u00f6r\u00e9sek ell\u00e1t\u00e1sa<\/li>\n<li>Neurotraumatol\u00f3gia<\/li>\n<li>Gerincseb\u00e9szet<\/li>\n<li>K\u00e9z- \u00e9s plasztikai seb\u00e9szet<\/li>\n<li>Maxillofacialis s\u00e9r\u00fcl\u00e9sek akut \u00e9s korai halasztott rekonstrukci\u00f3ja<\/li>\n<li>Septicus sz\u00f6v\u0151dm\u00e9nyek kezel\u00e9se<\/li>\n<li>Nagy\u00edz\u00fcleti artroplasztik\u00e1k friss traumatol\u00f3giai \u00e9s poszttraum\u00e1s esetekben<\/li>\n<\/ul>\n<p style=\"text-align: justify\">A s\u00e9r\u00fcltek els\u0151 ell\u00e1t\u00e1sa k\u00e9t shocktalan\u00edt\u00f3ban, n\u00e9gy betegvizsg\u00e1l\u00f3 helyis\u00e9gben \u00e9s h\u00e1rom m\u0171t\u0151ben t\u00f6rt\u00e9nik. A diagnosztika \u00e9s betegell\u00e1t\u00e1s sor\u00e1n a t\u00e1rsklinik\u00e1kkal t\u00f6rt\u00e9n\u0151 hat\u00e9kony egy\u00fcttm\u0171k\u00f6d\u00e9ssel ny\u00fajtunk magas sz\u00ednvonal\u00fa ell\u00e1t\u00e1st. A postoperat\u00edv id\u0151szakban betegeinket 3 r\u00e9szlegen l\u00e1tjuk el. A s\u00e9r\u00fcltek k\u00f3rh\u00e1zi kezel\u00e9se sor\u00e1n megfelel\u0151 l\u00e9tsz\u00e1m\u00fa gy\u00f3gytorn\u00e1sz \u00e9s szakdolgoz\u00f3 seg\u00edti a betegek gy\u00f3gyul\u00e1s\u00e1t. Betegeink ambul\u00e1ns ellen\u0151rz\u00e9s\u00e9t a Mer\u00e9nyi Telephelyen v\u00e9gezz\u00fck.<\/p>\n<p>Dr. Bodzay Tam\u00e1s<br \/>\nKlinika igazgat\u00f3<\/p>\n","protected":false},"excerpt":{"rendered":"<p>Lecturis salutem!<\/p>\n<p>Tisztelettel k\u00f6sz\u00f6nt\u00f6m \u00d6nt a Semmelweis Egyetem Traumatol\u00f3giai Klinika honlapj\u00e1n!<\/p>\n<p>A s\u00e9r\u00fcltell\u00e1t\u00e1s a Semmelweis Egyetemen a Magyar K\u00f6zl\u00f6ny 100\/2023 sz\u00e1m\u00e1ban megjelent rendelkez\u00e9s alapj\u00e1n kezd\u0151d\u00f6tt, melyben le\u00edrt\u00e1k, hogy \u201ea D\u00e9l-pesti Centrumk\u00f3rh\u00e1z \u2013 Orsz\u00e1gos Hematol\u00f3giai \u00e9s Infektol\u00f3giai Int\u00e9zet jogut\u00f3dja a\u00a0 Mer\u00e9nyi Guszt\u00e1v telephely (a\u00a0 tov\u00e1bbiakban: Mer\u00e9nyi telephely) traumatol\u00f3giai j\u00e1r\u00f3- \u00e9s fekv\u0151beteg-szakell\u00e1t\u00e1sa tekintet\u00e9ben az\u00a0 Egyetem.<\/p>\n","protected":false},"author":101217,"featured_media":0,"parent":3333,"menu_order":0,"comment_status":"closed","ping_status":"closed","template":"","meta":{"_acf_changed":false,"footnotes":""},"categories":[],"tags":[],"class_list":["post-3335","page","type-page","status-publish","hentry"],"acf":[],"_links":{"self":[{"href":"https:\/\/semmelweis.hu\/traumatologia\/wp-json\/wp\/v2\/pages\/3335","targetHints":{"allow":["GET"]}}],"collection":[{"href":"https:\/\/semmelweis.hu\/traumatologia\/wp-json\/wp\/v2\/pages"}],"about":[{"href":"https:\/\/semmelweis.hu\/traumatologia\/wp-json\/wp\/v2\/types\/page"}],"author":[{"embeddable":true,"href":"https:\/\/semmelweis.hu\/traumatologia\/wp-json\/wp\/v2\/users\/101217"}],"replies":[{"embeddable":true,"href":"https:\/\/semmelweis.hu\/traumatologia\/wp-json\/wp\/v2\/comments?post=3335"}],"version-history":[{"count":8,"href":"https:\/\/semmelweis.hu\/traumatologia\/wp-json\/wp\/v2\/pages\/3335\/revisions"}],"predecessor-version":[{"id":3567,"href":"https:\/\/semmelweis.hu\/traumatologia\/wp-json\/wp\/v2\/pages\/3335\/revisions\/3567"}],"up":[{"embeddable":true,"href":"https:\/\/semmelweis.hu\/traumatologia\/wp-json\/wp\/v2\/pages\/3333"}],"wp:attachment":[{"href":"https:\/\/semmelweis.hu\/traumatologia\/wp-json\/wp\/v2\/media?parent=3335"}],"wp:term":[{"taxonomy":"category","embeddable":true,"href":"https:\/\/semmelweis.hu\/traumatologia\/wp-json\/wp\/v2\/categories?post=3335"},{"taxonomy":"post_tag","embeddable":true,"href":"https:\/\/semmelweis.hu\/traumatologia\/wp-json\/wp\/v2\/tags?post=3335"}],"curies":[{"name":"wp","href":"https:\/\/api.w.org\/{rel}","templated":true}]}}