{"id":2760,"date":"2023-02-06T09:04:00","date_gmt":"2023-02-06T08:04:00","guid":{"rendered":"https:\/\/semmelweis.hu\/traumatologia\/?page_id=2760"},"modified":"2025-12-09T07:20:08","modified_gmt":"2025-12-09T06:20:08","slug":"szakdolgozat","status":"publish","type":"page","link":"https:\/\/semmelweis.hu\/traumatologia\/oktatas-uj\/gradualis-kepzes\/szakdolgozat\/","title":{"rendered":"Szakdolgozat"},"content":{"rendered":"<h1>Hasznos inform\u00e1ci\u00f3k<\/h1>\n<div class=\"keretes w-100\">\n<p style=\"text-align: left\"><strong>A hallgat\u00f3 \u00e9s a v\u00e1lasztott t\u00e9mavezet\u0151 \u00e1ltal (akin\u00e9l a szakdolgozat\u00e1t \u00edrja) al\u00e1\u00edrt jelentkez\u00e9si lapok bead\u00e1si hat\u00e1rideje a 2025\/2026. tan\u00e9vre:<\/strong> 2025. 06. 30.\u00a0<br \/>\nA jelentkez\u00e9si lapokat az al\u00e1bbi e-mail c\u00edm\u00e9re k\u00e9rj\u00fck bek\u00fcldeni: office.trauma@semmelweis.hu<\/p>\n<p><span style=\"color: #ff6600\"><strong>Egy\u00e9ni hallgat\u00f3i felk\u00e9sz\u00fcl\u00e9s mellett legal\u00e1bb 20 kontakt\u00f3ra\/konzult\u00e1ci\u00f3 sz\u00fcks\u00e9ges a t\u00e9mavezet\u0151vel.<\/strong><\/span><\/p>\n<p style=\"text-align: left\"><strong>K\u00f6telez\u0151 konzult\u00e1ci\u00f3s hat\u00e1rid\u0151k:<\/strong><\/p>\n<ul style=\"text-align: left\">\n<li>Els\u0151 konzult\u00e1ci\u00f3 hat\u00e1rideje: 2025. 10. 01.<\/li>\n<li>M\u00e1sodik konzult\u00e1ci\u00f3 \u00e9s az addig elk\u00e9sz\u00edtett dolgozat bemutat\u00e1s\u00e1nak hat\u00e1rideje: 2025. 11. 15.<\/li>\n<li>Utols\u00f3 konzult\u00e1ci\u00f3 \u00e9s az addig elk\u00e9sz\u00edtett dolgozat bemutat\u00e1s\u00e1nak hat\u00e1rideje: 2025. 12. 15. (A dolgozat 2026.01.15-ig t\u00f6rt\u00e9n\u0151 lead\u00e1sa eset\u00e9n.)<\/li>\n<li>A dolgozatot t\u00e9mavezet\u0151nek v\u00e9gs\u0151 \u00e1tolvas\u00e1sra 2026.01.05-ig kell megk\u00fcldeni. (A dolgozat 2026.01.15-ig t\u00f6rt\u00e9n\u0151 lead\u00e1sa eset\u00e9n.)<\/li>\n<\/ul>\n<p><strong>Lead\u00e1si hat\u00e1rid\u0151 m\u00f3dos\u00edt\u00e1sa eset\u00e9n:<\/strong><\/p>\n<ul style=\"text-align: left\">\n<li>Utols\u00f3 konzult\u00e1ci\u00f3 \u00e9s az addig elk\u00e9sz\u00edtett dolgozat bemutat\u00e1s\u00e1nak hat\u00e1rideje: 2025. 12. 31. (A dolgozat 2026.01.31-ig t\u00f6rt\u00e9n\u0151 lead\u00e1sa eset\u00e9n.)<\/li>\n<li>A dolgozatot t\u00e9mavezet\u0151nek v\u00e9gs\u0151 \u00e1tolvas\u00e1sra 2026.01.20-ig kell megk\u00fcldeni.\u00a0 (A dolgozat 2026.01.31-ig t\u00f6rt\u00e9n\u0151 lead\u00e1sa eset\u00e9n.)<\/li>\n<\/ul>\n<p style=\"text-align: left\"><strong>V\u00e9d\u00e9s v\u00e1rhat\u00f3 ideje:<\/strong> 2026. m\u00e1rcius v\u00e9ge<\/p>\n<\/div>\n<p><strong>A dolgozat formai k\u00f6vetelm\u00e9nyei \u00e9s egy\u00e9b inform\u00e1ci\u00f3k:<\/strong><\/p>\n<ul>\n<li><a href=\"https:\/\/semmelweis.hu\/aok\/oktatas\/szakdolgozat\/\">https:\/\/semmelweis.hu\/aok\/oktatas\/szakdolgozat\/<\/a><\/li>\n<li>Tov\u00e1bbi inform\u00e1ci\u00f3k a Tanulm\u00e1nyi \u00e9s Vizsgaszab\u00e1lyzatban olvashat\u00f3k!<\/li>\n<\/ul>\n<h1>Traumatol\u00f3giai tansz\u00e9k \u00e1ltal javasolt szakdolgozati t\u00e9m\u00e1k<\/h1>\n<div class=\"responsive-tabs\">\n<h2 class=\"tabtitle\">SE Traumatol\u00f3giai Klinika<\/h2>\n<div class=\"tabcontent\">\n\n<p>A szakdolgozati t\u00e9m\u00e1k megegyeznek a TDK t\u00e9m\u00e1ival: <a href=\"https:\/\/semmelweis.hu\/traumatologia\/kutatas\/meghirdetett-tdk-temak\/\">https:\/\/semmelweis.hu\/traumatologia\/kutatas\/meghirdetett-tdk-temak\/<\/a><\/p>\n\n<\/div><h2 class=\"tabtitle\">Uzsoki Utcai K\u00f3rh\u00e1z<\/h2>\n<div class=\"tabcontent\">\n\n<p><strong><span data-olk-copy-source=\"MessageBody\">A v\u00e1ll\u00f6v s\u00e9r\u00fcl\u00e9sei \u00e9s kezel\u00e9si lehet\u0151s\u00e9gei<\/span><\/strong><\/p>\n<p>Konzulens: Dr. Szigeti Istv\u00e1n<\/p>\n<p><strong><br \/>\nKeresztszalagp\u00f3tl\u00e1sra haszn\u00e1lhat\u00f3 \u00ednallograftok vizsg\u00e1lata<\/strong><\/p>\n<p>Konzulens: Dr. Pap K\u00e1roly<\/p>\n<p><strong><br \/>\nSportexpoz\u00edci\u00f3 hat\u00e1sa a sports\u00e9r\u00fcl\u00e9sek kialakul\u00e1s\u00e1ra<\/strong><\/p>\n<p>Konzulens: Dr. P\u00e1nics Gergely<\/p>\n<p><strong><br \/>\nKeresztszalag p\u00f3tl\u00e1s chondroprotektiv hat\u00e1s\u00e1nak hossz\u00fat\u00e1v\u00fa meg\u00edt\u00e9l\u00e9s\u00e9)<\/strong><\/p>\n<p>Konzulens: Dr. P\u00e1nics Gergely<\/p>\n<p><strong><br \/>\nA k\u00fcl\u00f6nb\u00f6z\u0151 k\u00e9palkot\u00f3 elj\u00e1r\u00e1sok \u00f6sszehasonl\u00edt\u00e1sa a boka szalags\u00e9r\u00fcl\u00e9seinek diagnosztik\u00e1j\u00e1ban<\/strong><\/p>\n<p>Konzulens: Dr. Kocsis Kopp\u00e1ny P\u00e9ter<\/p>\n<p><strong><br \/>\nLEAT haszn\u00e1lata az LCA p\u00f3tl\u00e1s sor\u00e1n<\/strong><\/p>\n<p>Konzulens: Dr. de Jonge R\u00f3bert<\/p>\n<p><strong><br \/>\nAz el\u00fcls\u0151 keresztszalag p\u00f3tl\u00e1s hat\u00e1sai a gonarthrosis kialakul\u00e1s\u00e1ra<\/strong><\/p>\n<p>Konzulens: Dr. M\u00e1t\u00e9 Mikl\u00f3s<\/p>\n\n<\/div><h2 class=\"tabtitle\">Budapesti Dr. Manninger Jen\u0151 Baleseti K\u00f6zpont<\/h2>\n<div class=\"tabcontent\">\n\n<p>A szakdolgozati t\u00e9m\u00e1k megegyeznek a TDK t\u00e9m\u00e1ival: <a href=\"https:\/\/semmelweis.hu\/traumatologia\/kutatas\/meghirdetett-tdk-temak\/\">https:\/\/semmelweis.hu\/traumatologia\/kutatas\/meghirdetett-tdk-temak\/<\/a><\/p>\n<\/div><\/div>\n","protected":false},"excerpt":{"rendered":"<p>Hasznos inform\u00e1ci\u00f3k A hallgat\u00f3 \u00e9s a v\u00e1lasztott t\u00e9mavezet\u0151 \u00e1ltal (akin\u00e9l a szakdolgozat\u00e1t \u00edrja) al\u00e1\u00edrt jelentkez\u00e9si lapok bead\u00e1si hat\u00e1rideje a 2025\/2026. tan\u00e9vre: 2025. 06. 30.\u00a0 A jelentkez\u00e9si lapokat az al\u00e1bbi e-mail c\u00edm\u00e9re k\u00e9rj\u00fck bek\u00fcldeni: office.trauma@semmelweis.hu Egy\u00e9ni hallgat\u00f3i felk\u00e9sz\u00fcl\u00e9s mellett legal\u00e1bb 20 kontakt\u00f3ra\/konzult\u00e1ci\u00f3 sz\u00fcks\u00e9ges a t\u00e9mavezet\u0151vel. K\u00f6telez\u0151 konzult\u00e1ci\u00f3s hat\u00e1rid\u0151k: Els\u0151 konzult\u00e1ci\u00f3 hat\u00e1rideje: 2025. 10. 01. M\u00e1sodik konzult\u00e1ci\u00f3 &hellip;<\/p>\n","protected":false},"author":101217,"featured_media":0,"parent":3391,"menu_order":0,"comment_status":"closed","ping_status":"closed","template":"","meta":{"_acf_changed":false,"footnotes":""},"categories":[],"tags":[],"class_list":["post-2760","page","type-page","status-publish","hentry"],"acf":[],"_links":{"self":[{"href":"https:\/\/semmelweis.hu\/traumatologia\/wp-json\/wp\/v2\/pages\/2760","targetHints":{"allow":["GET"]}}],"collection":[{"href":"https:\/\/semmelweis.hu\/traumatologia\/wp-json\/wp\/v2\/pages"}],"about":[{"href":"https:\/\/semmelweis.hu\/traumatologia\/wp-json\/wp\/v2\/types\/page"}],"author":[{"embeddable":true,"href":"https:\/\/semmelweis.hu\/traumatologia\/wp-json\/wp\/v2\/users\/101217"}],"replies":[{"embeddable":true,"href":"https:\/\/semmelweis.hu\/traumatologia\/wp-json\/wp\/v2\/comments?post=2760"}],"version-history":[{"count":10,"href":"https:\/\/semmelweis.hu\/traumatologia\/wp-json\/wp\/v2\/pages\/2760\/revisions"}],"predecessor-version":[{"id":3871,"href":"https:\/\/semmelweis.hu\/traumatologia\/wp-json\/wp\/v2\/pages\/2760\/revisions\/3871"}],"up":[{"embeddable":true,"href":"https:\/\/semmelweis.hu\/traumatologia\/wp-json\/wp\/v2\/pages\/3391"}],"wp:attachment":[{"href":"https:\/\/semmelweis.hu\/traumatologia\/wp-json\/wp\/v2\/media?parent=2760"}],"wp:term":[{"taxonomy":"category","embeddable":true,"href":"https:\/\/semmelweis.hu\/traumatologia\/wp-json\/wp\/v2\/categories?post=2760"},{"taxonomy":"post_tag","embeddable":true,"href":"https:\/\/semmelweis.hu\/traumatologia\/wp-json\/wp\/v2\/tags?post=2760"}],"curies":[{"name":"wp","href":"https:\/\/api.w.org\/{rel}","templated":true}]}}

<h1>Hasznos információk</h1>
<div class="keretes w-100">
<p style="text-align: left"><strong>A hallgató és a választott témavezető által (akinél a szakdolgozatát írja) aláírt jelentkezési lapok beadási határideje a 2025/2026. tanévre:</strong> 2025. 06. 30. <br />
A jelentkezési lapokat az alábbi e-mail címére kérjük beküldeni: office.trauma@semmelweis.hu</p>
<p><span style="color: #ff6600"><strong>Egyéni hallgatói felkészülés mellett legalább 20 kontaktóra/konzultáció szükséges a témavezetővel.</strong></span></p>
<p style="text-align: left"><strong>Kötelező konzultációs határidők:</strong></p>
<ul style="text-align: left">
<li>Első konzultáció határideje: 2025. 10. 01.</li>
<li>Második konzultáció és az addig elkészített dolgozat bemutatásának határideje: 2025. 11. 15.</li>
<li>Utolsó konzultáció és az addig elkészített dolgozat bemutatásának határideje: 2025. 12. 15. (A dolgozat 2026.01.15-ig történő leadása esetén.)</li>
<li>A dolgozatot témavezetőnek végső átolvasásra 2026.01.05-ig kell megküldeni. (A dolgozat 2026.01.15-ig történő leadása esetén.)</li>
</ul>
<p><strong>Leadási határidő módosítása esetén:</strong></p>
<ul style="text-align: left">
<li>Utolsó konzultáció és az addig elkészített dolgozat bemutatásának határideje: 2025. 12. 31. (A dolgozat 2026.01.31-ig történő leadása esetén.)</li>
<li>A dolgozatot témavezetőnek végső átolvasásra 2026.01.20-ig kell megküldeni.  (A dolgozat 2026.01.31-ig történő leadása esetén.)</li>
</ul>
<p style="text-align: left"><strong>Védés várható ideje:</strong> 2026. március vége</p>
</div>
<p><strong>A dolgozat formai követelményei és egyéb információk:</strong></p>
<ul>
<li><a href="https://semmelweis.hu/aok/oktatas/szakdolgozat/">https://semmelweis.hu/aok/oktatas/szakdolgozat/</a></li>
<li>További információk a Tanulmányi és Vizsgaszabályzatban olvashatók!</li>
</ul>
<h1>Traumatológiai tanszék által javasolt szakdolgozati témák</h1>
<div class="responsive-tabs">
<h2 class="tabtitle">SE Traumatológiai Klinika</h2>
<div class="tabcontent">

<p>A szakdolgozati témák megegyeznek a TDK témáival: <a href="https://semmelweis.hu/traumatologia/kutatas/meghirdetett-tdk-temak/">https://semmelweis.hu/traumatologia/kutatas/meghirdetett-tdk-temak/</a></p>

</div><h2 class="tabtitle">Uzsoki Utcai Kórház</h2>
<div class="tabcontent">

<p><strong><span data-olk-copy-source="MessageBody">A vállöv sérülései és kezelési lehetőségei</span></strong></p>
<p>Konzulens: Dr. Szigeti István</p>
<p><strong><br />
Keresztszalagpótlásra használható ínallograftok vizsgálata</strong></p>
<p>Konzulens: Dr. Pap Károly</p>
<p><strong><br />
Sportexpozíció hatása a sportsérülések kialakulására</strong></p>
<p>Konzulens: Dr. Pánics Gergely</p>
<p><strong><br />
Keresztszalag pótlás chondroprotektiv hatásának hosszútávú megítélésé)</strong></p>
<p>Konzulens: Dr. Pánics Gergely</p>
<p><strong><br />
A különböző képalkotó eljárások összehasonlítása a boka szalagsérüléseinek diagnosztikájában</strong></p>
<p>Konzulens: Dr. Kocsis Koppány Péter</p>
<p><strong><br />
LEAT használata az LCA pótlás során</strong></p>
<p>Konzulens: Dr. de Jonge Róbert</p>
<p><strong><br />
Az elülső keresztszalag pótlás hatásai a gonarthrosis kialakulására</strong></p>
<p>Konzulens: Dr. Máté Miklós</p>

</div><h2 class="tabtitle">Budapesti Dr. Manninger Jenő Baleseti Központ</h2>
<div class="tabcontent">

<p>A szakdolgozati témák megegyeznek a TDK témáival: <a href="https://semmelweis.hu/traumatologia/kutatas/meghirdetett-tdk-temak/">https://semmelweis.hu/traumatologia/kutatas/meghirdetett-tdk-temak/</a></p>
</div></div>

<p>Hasznos információk A hallgató és a választott témavezető által (akinél a szakdolgozatát írja) aláírt jelentkezési lapok beadási határideje a 2025/2026. tanévre: 2025. 06. 30.  A jelentkezési lapokat az alábbi e-mail címére kérjük beküldeni: office.trauma@semmelweis.hu Egyéni hallgatói felkészülés mellett legalább 20 kontaktóra/konzultáció szükséges a témavezetővel. Kötelező konzultációs határidők: Első konzultáció határideje: 2025. 10. 01. Második konzultáció &hellip;</p>
