{"id":2718,"date":"2022-12-07T13:03:26","date_gmt":"2022-12-07T12:03:26","guid":{"rendered":"https:\/\/semmelweis.hu\/traumatologia\/?page_id=2718"},"modified":"2025-04-15T13:16:57","modified_gmt":"2025-04-15T11:16:57","slug":"klinikai-munka","status":"publish","type":"page","link":"https:\/\/semmelweis.hu\/traumatologia\/oktatas-uj\/gradualis-kepzes\/klinikai-munka\/","title":{"rendered":"Klinikai munka"},"content":{"rendered":"<p><span style=\"color: #0000ff\"><b>Klinikai Munka &#8211;<span style=\"color: #000000\"> k\u00f6telez\u0151en v\u00e1laszthat\u00f3 t\u00e1rgy<\/span><\/b><\/span><\/p>\n<p style=\"text-align: justify\">A Traumatol\u00f3giai Klinik\u00e1n a \u201e<strong>Klinikai munka<\/strong>\u201d nev\u0171 k\u00f6telez\u0151en v\u00e1laszthat\u00f3 t\u00e1rgy f\u0151 c\u00e9lja, hogy a hallgat\u00f3k betekint\u00e9st nyerhessenek a traumatol\u00f3giai ell\u00e1t\u00e1s mindennapjaiba \u00e9s ez\u00e1ltal r\u00e1l\u00e1t\u00e1st kapjanak a szakma klinikai, gyakorlati oldal\u00e1ra \u00e9s specialit\u00e1saira. Els\u0151sorban az akut, \u00fcgyeleti ell\u00e1t\u00e1sban val\u00f3 r\u00e9szv\u00e9telre biztos\u00edtunk lehet\u0151s\u00e9get, az alapvet\u0151 diagnosztikai vizsg\u00e1latok megismer\u00e9s\u00e9re, k\u00e9palkot\u00f3k \u00e9rt\u00e9kel\u00e9s\u00e9re, alapszint\u0171 manu\u00e1lis technik\u00e1k gyakorl\u00e1s\u00e1ra ny\u00edlik lehet\u0151s\u00e9g egy-egy trauma munkacsoporthoz csatlakozva a szemeszter sor\u00e1n (esztjtv. jogviszonnyal nem j\u00e1r\u00f3 klinikai munka).<\/p>\n<p><strong>SE \u00c1OK Traumatol\u00f3giai Klinika \u00e9s Budapesti Dr. Manninger Jen\u0151 Baleseti K\u00f6zpont:<br \/>\n<\/strong>A hallgat\u00f3nak lehet\u0151s\u00e9ge ny\u00edlik megismerni a legmagasabb progresszivit\u00e1s\u00fa traumatol\u00f3giai ell\u00e1t\u00e1s mind az ambul\u00e1ns, mind az oszt\u00e1lyos munka sor\u00e1n.<\/p>\n<p><strong>Budapesti Uzsoki Utcai K\u00f3rh\u00e1z:<br \/>\n<\/strong>A hallgat\u00f3 megismerheti az ortop\u00e9diai-traumatol\u00f3giai szakma soksz\u00edn\u0171s\u00e9g\u00e9t a nagy sz\u00e1m\u00fa nagy\u00edz\u00fcleti protetiz\u00e1l\u00e1son \u00e9s a sportseb\u00e9szeti beavatkoz\u00e1son \u00e1t a v\u00e9gtagtraum\u00e1s esetek ell\u00e1t\u00e1s\u00e1ig.<\/p>\n<div class=\"keretes w-100\">\n<ul>\n<li style=\"text-align: justify\">Jelentkezni lehet a Neptunon kereszt\u00fcl.<\/li>\n<li>Minden jelentkez\u0151 vegye fel a kapcsolatot a Neptunban megjel\u00f6lt e-mail c\u00edmen a v\u00e1lasztott int\u00e9zm\u00e9nnyel.<\/li>\n<\/ul>\n<\/div>\n<p><span style=\"color: #0000ff\"><strong>SEMMELWEIS DI\u00c1KMUNKA PLATFORM<\/strong><\/span> &#8211;<strong> eszjtv. szerint v\u00e1llalhat\u00f3 klinikai munka<\/strong><\/p>\n<p>\u201e<i>A klinikai munk\u00e1ra val\u00f3 jelentkez\u00e9s a Semmelweis Egyetem hivatalos Di\u00e1kmunka Platformj\u00e1n kereszt\u00fcl t\u00f6rt\u00e9nik. A fel\u00fcleten kiz\u00e1r\u00f3lag a Klinikai K\u00f6zpont \u00e1ltal j\u00f3v\u00e1hagyott, aktu\u00e1lisan el\u00e9rhet\u0151 <strong>munkalehet\u0151s\u00e9gek<\/strong> tal\u00e1lhat\u00f3k meg, amelyekre n\u00e9h\u00e1ny kattint\u00e1ssal, egyszer\u0171en lehet jelentkezni. A platform biztos\u00edtja a jelentkez\u00e9sek nyomon k\u00f6vethet\u0151s\u00e9g\u00e9t \u00e9s a hallgat\u00f3i adminisztr\u00e1ci\u00f3 \u00e1tl\u00e1that\u00f3s\u00e1g\u00e1t is. Az aktu\u00e1lisan el\u00e9rhet\u0151 lehet\u0151s\u00e9gek \u00e9s jelentkez\u00e9si felt\u00e9telek a\u00a0<\/i><i><u><a id=\"OWA41af0033-1108-5427-e885-12455518f6b2\" class=\"x_OWAAutoLink\" href=\"https:\/\/diakmunka.semmelweis.hu\/\" target=\"_blank\" rel=\"noopener noreferrer\">https:\/\/diakmunka.semmelweis.hu<\/a><\/u><\/i><i>\u00a0oldalon tal\u00e1lhat\u00f3k<\/i>.&#8221;<\/p>\n","protected":false},"excerpt":{"rendered":"<p>Klinikai Munka &#8211; k\u00f6telez\u0151en v\u00e1laszthat\u00f3 t\u00e1rgy A Traumatol\u00f3giai Klinik\u00e1n a \u201eKlinikai munka\u201d nev\u0171 k\u00f6telez\u0151en v\u00e1laszthat\u00f3 t\u00e1rgy f\u0151 c\u00e9lja, hogy a hallgat\u00f3k betekint\u00e9st nyerhessenek a traumatol\u00f3giai ell\u00e1t\u00e1s mindennapjaiba \u00e9s ez\u00e1ltal r\u00e1l\u00e1t\u00e1st kapjanak a szakma klinikai, gyakorlati oldal\u00e1ra \u00e9s specialit\u00e1saira. Els\u0151sorban az akut, \u00fcgyeleti ell\u00e1t\u00e1sban val\u00f3 r\u00e9szv\u00e9telre biztos\u00edtunk lehet\u0151s\u00e9get, az alapvet\u0151 diagnosztikai vizsg\u00e1latok megismer\u00e9s\u00e9re, k\u00e9palkot\u00f3k \u00e9rt\u00e9kel\u00e9s\u00e9re, alapszint\u0171 &hellip;<\/p>\n","protected":false},"author":101217,"featured_media":0,"parent":3391,"menu_order":0,"comment_status":"closed","ping_status":"closed","template":"","meta":{"_acf_changed":false,"footnotes":""},"categories":[],"tags":[],"class_list":["post-2718","page","type-page","status-publish","hentry"],"acf":[],"_links":{"self":[{"href":"https:\/\/semmelweis.hu\/traumatologia\/wp-json\/wp\/v2\/pages\/2718","targetHints":{"allow":["GET"]}}],"collection":[{"href":"https:\/\/semmelweis.hu\/traumatologia\/wp-json\/wp\/v2\/pages"}],"about":[{"href":"https:\/\/semmelweis.hu\/traumatologia\/wp-json\/wp\/v2\/types\/page"}],"author":[{"embeddable":true,"href":"https:\/\/semmelweis.hu\/traumatologia\/wp-json\/wp\/v2\/users\/101217"}],"replies":[{"embeddable":true,"href":"https:\/\/semmelweis.hu\/traumatologia\/wp-json\/wp\/v2\/comments?post=2718"}],"version-history":[{"count":10,"href":"https:\/\/semmelweis.hu\/traumatologia\/wp-json\/wp\/v2\/pages\/2718\/revisions"}],"predecessor-version":[{"id":3700,"href":"https:\/\/semmelweis.hu\/traumatologia\/wp-json\/wp\/v2\/pages\/2718\/revisions\/3700"}],"up":[{"embeddable":true,"href":"https:\/\/semmelweis.hu\/traumatologia\/wp-json\/wp\/v2\/pages\/3391"}],"wp:attachment":[{"href":"https:\/\/semmelweis.hu\/traumatologia\/wp-json\/wp\/v2\/media?parent=2718"}],"wp:term":[{"taxonomy":"category","embeddable":true,"href":"https:\/\/semmelweis.hu\/traumatologia\/wp-json\/wp\/v2\/categories?post=2718"},{"taxonomy":"post_tag","embeddable":true,"href":"https:\/\/semmelweis.hu\/traumatologia\/wp-json\/wp\/v2\/tags?post=2718"}],"curies":[{"name":"wp","href":"https:\/\/api.w.org\/{rel}","templated":true}]}}

<p><span style="color: #0000ff"><b>Klinikai Munka &#8211;<span style="color: #000000"> kötelezően választható tárgy</span></b></span></p>
<p style="text-align: justify">A Traumatológiai Klinikán a „<strong>Klinikai munka</strong>” nevű kötelezően választható tárgy fő célja, hogy a hallgatók betekintést nyerhessenek a traumatológiai ellátás mindennapjaiba és ezáltal rálátást kapjanak a szakma klinikai, gyakorlati oldalára és specialitásaira. Elsősorban az akut, ügyeleti ellátásban való részvételre biztosítunk lehetőséget, az alapvető diagnosztikai vizsgálatok megismerésére, képalkotók értékelésére, alapszintű manuális technikák gyakorlására nyílik lehetőség egy-egy trauma munkacsoporthoz csatlakozva a szemeszter során (esztjtv. jogviszonnyal nem járó klinikai munka).</p>
<p><strong>SE ÁOK Traumatológiai Klinika és Budapesti Dr. Manninger Jenő Baleseti Központ:<br />
</strong>A hallgatónak lehetősége nyílik megismerni a legmagasabb progresszivitású traumatológiai ellátás mind az ambuláns, mind az osztályos munka során.</p>
<p><strong>Budapesti Uzsoki Utcai Kórház:<br />
</strong>A hallgató megismerheti az ortopédiai-traumatológiai szakma sokszínűségét a nagy számú nagyízületi protetizáláson és a sportsebészeti beavatkozáson át a végtagtraumás esetek ellátásáig.</p>
<div class="keretes w-100">
<ul>
<li style="text-align: justify">Jelentkezni lehet a Neptunon keresztül.</li>
<li>Minden jelentkező vegye fel a kapcsolatot a Neptunban megjelölt e-mail címen a választott intézménnyel.</li>
</ul>
</div>
<p><span style="color: #0000ff"><strong>SEMMELWEIS DIÁKMUNKA PLATFORM</strong></span> &#8211;<strong> eszjtv. szerint vállalható klinikai munka</strong></p>
<p>„<i>A klinikai munkára való jelentkezés a Semmelweis Egyetem hivatalos Diákmunka Platformján keresztül történik. A felületen kizárólag a Klinikai Központ által jóváhagyott, aktuálisan elérhető <strong>munkalehetőségek</strong> találhatók meg, amelyekre néhány kattintással, egyszerűen lehet jelentkezni. A platform biztosítja a jelentkezések nyomon követhetőségét és a hallgatói adminisztráció átláthatóságát is. Az aktuálisan elérhető lehetőségek és jelentkezési feltételek a </i><i><u><a id="OWA41af0033-1108-5427-e885-12455518f6b2" class="x_OWAAutoLink" href="https://diakmunka.semmelweis.hu/" target="_blank" rel="noopener noreferrer">https://diakmunka.semmelweis.hu</a></u></i><i> oldalon találhatók</i>.&#8221;</p>

<p>Klinikai Munka &#8211; kötelezően választható tárgy A Traumatológiai Klinikán a „Klinikai munka” nevű kötelezően választható tárgy fő célja, hogy a hallgatók betekintést nyerhessenek a traumatológiai ellátás mindennapjaiba és ezáltal rálátást kapjanak a szakma klinikai, gyakorlati oldalára és specialitásaira. Elsősorban az akut, ügyeleti ellátásban való részvételre biztosítunk lehetőséget, az alapvető diagnosztikai vizsgálatok megismerésére, képalkotók értékelésére, alapszintű &hellip;</p>
