{"id":2412,"date":"2022-09-21T15:01:07","date_gmt":"2022-09-21T13:01:07","guid":{"rendered":"https:\/\/semmelweis.hu\/traumatologia\/?page_id=2412"},"modified":"2026-03-23T13:56:39","modified_gmt":"2026-03-23T12:56:39","slug":"iv-evfolyam","status":"publish","type":"page","link":"https:\/\/semmelweis.hu\/traumatologia\/oktatas-uj\/gradualis-kepzes\/iv-evfolyam\/","title":{"rendered":"IV. \u00e9vfolyam"},"content":{"rendered":"<p style=\"text-align: center\">A traumatol\u00f3gia tant\u00e1rgy 2025\/2026-\u00f6s tan\u00e9vt\u0151l \u00faj kurzusk\u00f3d alatt (AOKTRA1115_1M) ker\u00fcl meghirdet\u00e9sre, mivel a traumatol\u00f3gia \u00e9s ortop\u00e9dia t\u00e1rgyak \u00f6sszevon\u00e1sra ker\u00fcltek.<\/p>\n<p><strong>K\u00f6vetelm\u00e9nyrendszer: <a href=\"https:\/\/semmelweis.hu\/traumatologia\/files\/2025\/09\/Traumatologia-es-ortopedia.pdf\">Traumatol\u00f3gia \u00e9s Ortop\u00e9dia<\/a><\/strong><\/p>\n<p><strong>T\u00c1J\u00c9KOZTAT\u00d3<\/strong><\/p>\n<p><strong>Traumatol\u00f3gia \u00e9s Ortop\u00e9dia IV. \u00e9ves blokk gyakorlat let\u00f6lt\u00e9s\u00e9r\u0151l<\/strong><\/p>\n<p><strong>Jelentkez\u00e9s helye:<\/strong><\/p>\n<ul>\n<li>A blokk els\u0151 oktat\u00e1si napj\u00e1n <strong>08:30<\/strong>-kor a SE Traumatol\u00f3giai Klinik\u00e1n (Budapest 1083 Kor\u00e1nyi S\u00e1ndor u. 2.) II. emelet, Traumatol\u00f3giai Oszt\u00e1ly, t\u00e1rsalg\u00f3.<\/li>\n<li>A blokk tov\u00e1bbi oktat\u00e1si napjainak \u00e9s az elm\u00e9leti vizsga helysz\u00edn\u00e9t az els\u0151 napon fogjuk ismertetni.<\/li>\n<\/ul>\n<p><strong>Sz\u00fcks\u00e9ges dokumentumok: <\/strong><\/p>\n<ul>\n<li>Hallgat\u00f3i-jogviszonyigazol\u00e1s vagy, di\u00e1k igazolv\u00e1ny.<\/li>\n<li>Eg\u00e9szs\u00e9g\u00fcgyi alkalmass\u00e1gi vizsg\u00e1latr\u00f3l sz\u00f3l\u00f3 igazol\u00e1s.<\/li>\n<\/ul>\n<p><strong>Munkaruha:<\/strong><\/p>\n<ul>\n<li>A gyakorlati napokra k\u00e9rem, k\u00f6penyt vagy munkaruh\u00e1t hozzanak magukkal.<\/li>\n<\/ul>\n<p><strong>Tov\u00e1bbi inform\u00e1ci\u00f3k:<\/strong><\/p>\n<p>A blokk teljes id\u0151tartama 4 h\u00e9t, melyb\u0151l az utols\u00f3 h\u00e9t az elm\u00e9leti vizsgah\u00e9t.<\/p>\n<p>A blokk traum\u00e1val kezd\u0151dik, majd ortop\u00e9dia oktat\u00e1ssal folytat\u00f3dik \u00e9s a teljes blokk elm\u00e9leti online tesztvizsg\u00e1val z\u00e1rul.<\/p>\n<p><strong>Traumatol\u00f3giai Elm\u00e9leti \u00d3rarend:<\/strong><\/p>\n<h1 id=\"yui_3_18_1_1_1739860361139_38\" class=\"h2 mb-0\"><span style=\"font-size: 14pt;color: #ff0000\">az elm\u00e9leti napokon elhangz\u00f3 Traumatol\u00f3gia El\u0151ad\u00e1sok:<\/span><\/h1>\n<p><a href=\"https:\/\/itc.semmelweis.hu\/moodle\/course\/view.php?id=10204\">https:\/\/itc.semmelweis.hu\/moodle\/course\/view.php?id=10204<\/a>\u00a0<\/p>\n<table style=\"width: 80.8023%\" width=\"62%\">\n<tbody>\n<tr>\n<td style=\"text-align: center;width: 10.8899%\" width=\"40\">\n<p><strong>\u00a0<\/strong><\/p>\n<\/td>\n<td style=\"text-align: center;width: 20.3747%\" width=\"75\">\n<p><strong>Id\u0151pont<\/strong><\/p>\n<\/td>\n<td style=\"text-align: center;width: 102.01%\" width=\"253\">\n<p><strong>H\u00e9tf\u0151<br \/>\n(1. h\u00e9t)<\/strong><\/p>\n<p><strong>1. nap<\/strong><\/p>\n<p><strong>SE Traumatol\u00f3giai Klinika\u00a0<\/strong><\/p>\n<\/td>\n<\/tr>\n<tr>\n<td style=\"text-align: center;width: 10.8899%\" width=\"40\">\n<p>1. \u00f3ra<\/p>\n<\/td>\n<td style=\"text-align: center;width: 20.3747%\" width=\"75\">\n<p>08:45-09:30<\/p>\n<\/td>\n<td style=\"text-align: center;width: 102.01%\" width=\"253\">\n<p>Bevezet\u00e9s a traumatol\u00f3gi\u00e1ba; L\u00e1gyr\u00e9sz s\u00e9r\u00fcl\u00e9s, sebgy\u00f3gyul\u00e1s, csontgy\u00f3gyul\u00e1s<\/p>\n<\/td>\n<\/tr>\n<tr>\n<td style=\"text-align: center;width: 10.8899%\" width=\"40\">\n<p>&nbsp;<\/p>\n<\/td>\n<td style=\"text-align: center;width: 20.3747%\" width=\"75\">\n<p>10 perc<\/p>\n<\/td>\n<td style=\"text-align: center;width: 102.01%\" width=\"253\">\n<p>Sz\u00fcnet<\/p>\n<\/td>\n<\/tr>\n<tr>\n<td style=\"text-align: center;width: 10.8899%\" width=\"40\">\n<p>2. \u00f3ra<\/p>\n<\/td>\n<td style=\"text-align: center;width: 20.3747%\" width=\"75\">\n<p>09:40-10:25<\/p>\n<\/td>\n<td style=\"text-align: center;width: 102.01%\" width=\"253\">\n<p>Polytrauma; Mellkas, bordat\u00f6r\u00e9sek, has trauma; Neurotrauma<\/p>\n<\/td>\n<\/tr>\n<tr>\n<td style=\"text-align: center;width: 10.8899%\" width=\"40\">\n<p>&nbsp;<\/p>\n<\/td>\n<td style=\"text-align: center;width: 20.3747%\" width=\"75\">\n<p>10 perc<\/p>\n<\/td>\n<td style=\"text-align: center;width: 102.01%\" width=\"253\">\n<p>Sz\u00fcnet<\/p>\n<\/td>\n<\/tr>\n<tr>\n<td style=\"text-align: center;width: 10.8899%\" width=\"40\">\n<p>3. \u00f3ra<\/p>\n<\/td>\n<td style=\"text-align: center;width: 20.3747%\" width=\"75\">\n<p>10:35-11:20<\/p>\n<\/td>\n<td style=\"text-align: center;width: 102.01%\" width=\"253\">\n<p>Medence \u00e9s femur t\u00f6r\u00e9sek; L\u00e1bsz\u00e1r \u00e9s boka t\u00f6r\u00e9sek; Fels\u0151, als\u00f3 ugr\u00f3iz\u00fclet \u00e9s a l\u00e1b s\u00e9r\u00fcl\u00e9sei<\/p>\n<\/td>\n<\/tr>\n<tr>\n<td style=\"text-align: center;width: 10.8899%\" width=\"40\">\n<p>&nbsp;<\/p>\n<\/td>\n<td style=\"text-align: center;width: 20.3747%\" width=\"75\">\n<p>10 perc<\/p>\n<\/td>\n<td style=\"text-align: center;width: 102.01%\" width=\"253\">\n<p>Sz\u00fcnet<\/p>\n<\/td>\n<\/tr>\n<tr>\n<td style=\"text-align: center;width: 10.8899%\" width=\"40\">\n<p>4. \u00f3ra<\/p>\n<\/td>\n<td style=\"text-align: center;width: 20.3747%\" width=\"75\">\n<p>11:30-12:15<\/p>\n<\/td>\n<td style=\"text-align: center;width: 102.01%\" width=\"253\">\n<p>Rtg, implant\u00e1tum \u00e9s t\u00f6r\u00e9sek p\u00e1ros\u00edt\u00e1sa<\/p>\n<\/td>\n<\/tr>\n<\/tbody>\n<\/table>\n<p>&nbsp;<\/p>\n<table style=\"width: 80.8907%\" width=\"57%\">\n<tbody>\n<tr>\n<td style=\"text-align: center;width: 11.7197%\" width=\"40\">\n<p><strong>\u00a0<\/strong><\/p>\n<\/td>\n<td style=\"text-align: center;width: 21.9108%\" width=\"75\">\n<p><strong>Id\u0151pont<\/strong><\/p>\n<\/td>\n<td style=\"text-align: center;width: 108.153%\" width=\"226\">\n<p><strong>Kedd<br \/>\n(1. h\u00e9t)<\/strong><\/p>\n<p><strong>2. nap<\/strong><\/p>\n<p><strong>SE Traumatol\u00f3giai Klinika\u00a0<\/strong><\/p>\n<\/td>\n<\/tr>\n<tr>\n<td style=\"text-align: center;width: 11.7197%\" width=\"40\">\n<p>1. \u00f3ra<\/p>\n<\/td>\n<td style=\"text-align: center;width: 21.9108%\" width=\"75\">\n<p>08:45-09:30<\/p>\n<\/td>\n<td style=\"text-align: center;width: 108.153%\" width=\"226\">\n<p>V\u00e1ll, kar k\u00f6ny\u00f6k s\u00e9r\u00fcl\u00e9sei; Alkar, csukl\u00f3 s\u00e9r\u00fcl\u00e9sei; K\u00e9z s\u00e9r\u00fcl\u00e9sei<\/p>\n<\/td>\n<\/tr>\n<tr>\n<td style=\"text-align: center;width: 11.7197%\" width=\"40\">\n<p>&nbsp;<\/p>\n<\/td>\n<td style=\"text-align: center;width: 21.9108%\" width=\"75\">\n<p>10 perc<\/p>\n<\/td>\n<td style=\"text-align: center;width: 108.153%\" width=\"226\">\n<p>Sz\u00fcnet<\/p>\n<\/td>\n<\/tr>\n<tr>\n<td style=\"text-align: center;width: 11.7197%\" width=\"40\">\n<p>2. \u00f3ra<\/p>\n<\/td>\n<td style=\"text-align: center;width: 21.9108%\" width=\"75\">\n<p>09:40-10:25<\/p>\n<\/td>\n<td style=\"text-align: center;width: 108.153%\" width=\"226\">\n<p>Gyermektrauma<\/p>\n<\/td>\n<\/tr>\n<tr>\n<td style=\"text-align: center;width: 11.7197%\" width=\"40\">\n<p>&nbsp;<\/p>\n<\/td>\n<td style=\"text-align: center;width: 21.9108%\" width=\"75\">\n<p>10 perc<\/p>\n<\/td>\n<td style=\"text-align: center;width: 108.153%\" width=\"226\">\n<p>Sz\u00fcnet<\/p>\n<\/td>\n<\/tr>\n<tr>\n<td style=\"text-align: center;width: 11.7197%\" width=\"40\">\n<p>3. \u00f3ra<\/p>\n<\/td>\n<td style=\"text-align: center;width: 21.9108%\" width=\"75\">\n<p>10:35-11:20<\/p>\n<\/td>\n<td style=\"text-align: center;width: 108.153%\" width=\"226\">\n<p>Ny\u00edlt t\u00f6r\u00e9sek, szeptikus \u00e9s nem szeptikus sz\u00f6v\u0151dm\u00e9nyek<\/p>\n<\/td>\n<\/tr>\n<tr>\n<td style=\"text-align: center;width: 11.7197%\" width=\"40\">\n<p>&nbsp;<\/p>\n<\/td>\n<td style=\"text-align: center;width: 21.9108%\" width=\"75\">\n<p>10 perc<\/p>\n<\/td>\n<td style=\"text-align: center;width: 108.153%\" width=\"226\">\n<p>Sz\u00fcnet<\/p>\n<\/td>\n<\/tr>\n<tr>\n<td style=\"text-align: center;width: 11.7197%\" width=\"40\">\n<p>4. \u00f3ra<\/p>\n<\/td>\n<td style=\"text-align: center;width: 21.9108%\" width=\"75\">\n<p>11:30-12:15<\/p>\n<\/td>\n<td style=\"text-align: center;width: 108.153%\" width=\"226\">\n<p>OSCE: vizsga felk\u00e9sz\u00edt\u00e9s<\/p>\n<\/td>\n<\/tr>\n<\/tbody>\n<\/table>\n<p><strong>Traumatol\u00f3gia Gyakorlati \u00d3rarend:<\/strong><\/p>\n<p>&nbsp;<\/p>\n<table width=\"85%\">\n<tbody>\n<tr>\n<td style=\"text-align: center\" width=\"15%\">\n<p><strong>Id\u0151pont<\/strong><\/p>\n<\/td>\n<td style=\"text-align: center\" width=\"20%\">\n<p><strong>Cs\u00fct\u00f6rt\u00f6k<br \/>\n(1. h\u00e9t)<\/strong><\/p>\n<\/td>\n<td style=\"text-align: center\" width=\"20%\">\n<p><strong>P\u00e9ntek<br \/>\n(1. h\u00e9t)<\/strong><\/p>\n<\/td>\n<td style=\"text-align: center\" width=\"20%\">\n<p><strong>H\u00e9tf\u0151<br \/>\n(2. h\u00e9t)<\/strong><\/p>\n<\/td>\n<td style=\"text-align: center\" width=\"92%\">\n<p><strong>Kedd<br \/>\n(2. h\u00e9t)<\/strong><\/p>\n<\/td>\n<\/tr>\n<tr>\n<td style=\"text-align: center\" width=\"15%\">\n<p>&nbsp;<\/p>\n<\/td>\n<td style=\"text-align: center\" width=\"20%\">\n<p><strong>3. nap<\/strong><\/p>\n<p><strong>Gyakorlati nap<\/strong><\/p>\n<\/td>\n<td style=\"text-align: center\" width=\"20%\">\n<p><strong>4. nap<\/strong><\/p>\n<p><strong>Gyakorlati nap<\/strong><\/p>\n<\/td>\n<td style=\"text-align: center\" width=\"20%\">\n<p><strong>5. nap<\/strong><\/p>\n<p><strong>Gyakorlati nap<\/strong><\/p>\n<\/td>\n<td style=\"text-align: center\" width=\"92%\">\n<p><strong>6. nap<\/strong><\/p>\n<p><strong>Gyakorlati Vizsganap<br \/>\nSE Traumatol\u00f3giai Klinika<\/strong><\/p>\n<\/td>\n<\/tr>\n<tr>\n<td style=\"text-align: center\" rowspan=\"3\" width=\"15%\">\n<p>08:30-16:00<\/p>\n<\/td>\n<td style=\"text-align: center\" width=\"20%\">\n<p>A csop: Trauma Klin.<\/p>\n<\/td>\n<td style=\"text-align: center\" width=\"20%\">\n<p>A csop: Baleseti K.<\/p>\n<\/td>\n<td style=\"text-align: center\" width=\"20%\">\n<p>A csop: Uzsoki Kh.<\/p>\n<\/td>\n<td style=\"text-align: center\" rowspan=\"3\" width=\"92%\">\n<p>Konzult\u00e1ci\u00f3s lehet\u0151s\u00e9g \u00e9s<br \/>\nGyakorlati Vizsga<\/p>\n<\/td>\n<\/tr>\n<tr>\n<td style=\"text-align: center\" width=\"20%\">\n<p>B csop: Baleseti K.<\/p>\n<\/td>\n<td style=\"text-align: center\" width=\"20%\">\n<p>B csop: Uzsoki Kh.<\/p>\n<\/td>\n<td style=\"text-align: center\" width=\"20%\">\n<p>B csop: Trauma Klin.<\/p>\n<\/td>\n<\/tr>\n<tr>\n<td style=\"text-align: center\" width=\"20%\">\n<p>C csop: Uzsoki Kh.<\/p>\n<\/td>\n<td style=\"text-align: center\" width=\"20%\">\n<p>C csop: Trauma Klin.<\/p>\n<\/td>\n<td style=\"text-align: center\" width=\"20%\">\n<p>C csop: Baleseti K.<\/p>\n<\/td>\n<\/tr>\n<tr>\n<td style=\"text-align: center\" width=\"15%\">\n<p>Eb\u00e9dsz\u00fcnet<\/p>\n<\/td>\n<td style=\"text-align: center\" width=\"20%\">\n<p>11:30-12:30<\/p>\n<\/td>\n<td style=\"text-align: center\" width=\"20%\">\n<p>11:30-12:30<\/p>\n<\/td>\n<td style=\"text-align: center\" width=\"20%\">\n<p>11:30-12:30<\/p>\n<\/td>\n<td style=\"text-align: center\" width=\"92%\">\n<p>11:30-12:30<\/p>\n<\/td>\n<\/tr>\n<\/tbody>\n<\/table>\n<p>A Traumatol\u00f3giai Klinika fenntartja azon jog\u00e1t, hogy a tan\u00e9v k\u00f6zben v\u00e1ltoztathat az elm\u00e9leti ill. gyakorlati \u00f3rarenden.<\/p>\n<p><strong>Ortop\u00e9dia \u00d3rarend:<\/strong><\/p>\n<p>&nbsp;<\/p>\n<table style=\"width: 90.4621%\" width=\"601\">\n<tbody>\n<tr>\n<td style=\"width: 13.3111%;text-align: center\" width=\"80\">\n<p><strong>Id\u0151pont<\/strong><\/p>\n<\/td>\n<td style=\"width: 17.3045%;text-align: center\" width=\"104\">\n<p><strong>Cs\u00fct\u00f6rt\u00f6k<br \/>\n(2. h\u00e9t)<br \/>\n<\/strong><\/p>\n<\/td>\n<td style=\"width: 17.3045%;text-align: center\" width=\"104\">\n<p><strong>P\u00e9ntek<br \/>\n(2. h\u00e9t)<br \/>\n<\/strong><\/p>\n<\/td>\n<td style=\"width: 17.3045%;text-align: center\" width=\"104\">\n<p><strong>H\u00e9tf\u0151<br \/>\n(3. h\u00e9t)<br \/>\n<\/strong><\/p>\n<\/td>\n<td style=\"width: 17.4709%;text-align: center\" width=\"105\">\n<p><strong>Kedd<br \/>\n(3. h\u00e9t)<br \/>\n<\/strong><\/p>\n<\/td>\n<td style=\"width: 98.0033%;text-align: center\" width=\"103\">\n<p><strong>Cs\u00fct\u00f6rt\u00f6k<br \/>\n(3. h\u00e9t)<br \/>\n<\/strong><\/p>\n<\/td>\n<\/tr>\n<tr>\n<td style=\"width: 13.3111%;text-align: center\" width=\"80\">\n<p>&nbsp;<\/p>\n<\/td>\n<td style=\"width: 17.3045%;text-align: center\" width=\"104\">\n<p><strong>6. nap<\/strong><strong>\u00a0<\/strong><\/p>\n<\/td>\n<td style=\"width: 17.3045%;text-align: center\" width=\"104\">\n<p><strong>7. nap<\/strong><strong>\u00a0<\/strong><\/p>\n<\/td>\n<td style=\"width: 17.3045%;text-align: center\" width=\"104\">\n<p><strong>8. nap<\/strong><\/p>\n<\/td>\n<td style=\"width: 17.4709%;text-align: center\" width=\"105\">\n<p><strong>9. nap<\/strong><\/p>\n<\/td>\n<td style=\"width: 98.0033%;text-align: center\" width=\"103\">\n<p><strong>10. nap<\/strong><\/p>\n<\/td>\n<\/tr>\n<tr>\n<td style=\"width: 13.3111%;text-align: center\" width=\"80\">\n<p>09:00-10:20<\/p>\n<\/td>\n<td style=\"width: 17.3045%;text-align: center\" width=\"104\">\n<p>El\u0151ad\u00e1s<\/p>\n<\/td>\n<td style=\"width: 17.3045%;text-align: center\" width=\"104\">\n<p>El\u0151ad\u00e1s<\/p>\n<\/td>\n<td style=\"width: 17.3045%;text-align: center\" width=\"104\">\n<p>El\u0151ad\u00e1s<\/p>\n<\/td>\n<td style=\"width: 17.4709%;text-align: center\" width=\"105\">\n<p>El\u0151ad\u00e1s<\/p>\n<\/td>\n<td style=\"width: 98.0033%;text-align: center\" rowspan=\"4\" width=\"103\">\n<p>Gyakorlati vizsga<\/p>\n<\/td>\n<\/tr>\n<tr>\n<td style=\"width: 13.3111%;text-align: center\" width=\"80\">\n<p>10:30-12:15<\/p>\n<\/td>\n<td style=\"width: 17.3045%;text-align: center\" width=\"104\">\n<p>Gyakorlat<\/p>\n<\/td>\n<td style=\"width: 17.3045%;text-align: center\" width=\"104\">\n<p>Gyakorlat<\/p>\n<\/td>\n<td style=\"width: 17.3045%;text-align: center\" width=\"104\">\n<p>Gyakorlat<\/p>\n<\/td>\n<td style=\"width: 17.4709%;text-align: center\" width=\"105\">\n<p>Gyakorlat<\/p>\n<\/td>\n<\/tr>\n<tr>\n<td style=\"width: 13.3111%;text-align: center\" width=\"80\">\n<p>12:15-13:00<\/p>\n<\/td>\n<td style=\"width: 17.3045%;text-align: center\" width=\"104\">\n<p>Eb\u00e9dsz\u00fcnet<\/p>\n<\/td>\n<td style=\"width: 17.3045%;text-align: center\" width=\"104\">\n<p>Eb\u00e9dsz\u00fcnet<\/p>\n<\/td>\n<td style=\"width: 17.3045%;text-align: center\" width=\"104\">\n<p>Eb\u00e9dsz\u00fcnet<\/p>\n<\/td>\n<td style=\"width: 17.4709%;text-align: center\" width=\"105\">\n<p>Eb\u00e9dsz\u00fcnet<\/p>\n<\/td>\n<\/tr>\n<tr>\n<td style=\"width: 13.3111%;text-align: center\" width=\"80\">\n<p>13:00-15:15<\/p>\n<\/td>\n<td style=\"width: 17.3045%;text-align: center\" width=\"104\">\n<p>Gyakorlat<\/p>\n<\/td>\n<td style=\"width: 17.3045%;text-align: center\" width=\"104\">\n<p>Gyakorlat<\/p>\n<\/td>\n<td style=\"width: 17.3045%;text-align: center\" width=\"104\">\n<p>Gyakorlat<\/p>\n<\/td>\n<td style=\"width: 17.4709%;text-align: center\" width=\"105\">\n<p>Gyakorlat<\/p>\n<\/td>\n<\/tr>\n<\/tbody>\n<\/table>\n<p>&nbsp;<\/p>\n<p>Az Ortop\u00e9diai Klinika fenntartja azon jog\u00e1t, hogy a tan\u00e9v k\u00f6zben v\u00e1ltoztathat az elm\u00e9leti ill. gyakorlati \u00f3rarenden.<\/p>\n<p><a href=\"https:\/\/semmelweis.hu\/traumatologia\/files\/2026\/03\/Intezkedesi-terv-2025_2026_I.-szemeszter.pdf\">Int\u00e9zked\u00e9si terv 2025_2026_I. szemeszter<\/a><\/p>\n","protected":false},"excerpt":{"rendered":"<p>A traumatol\u00f3gia tant\u00e1rgy 2025\/2026-\u00f6s tan\u00e9vt\u0151l \u00faj kurzusk\u00f3d alatt (AOKTRA1115_1M) ker\u00fcl meghirdet\u00e9sre, mivel a traumatol\u00f3gia \u00e9s ortop\u00e9dia t\u00e1rgyak \u00f6sszevon\u00e1sra ker\u00fcltek. K\u00f6vetelm\u00e9nyrendszer: <a href=\"https:\/\/semmelweis.hu\/traumatologia\/files\/2025\/09\/Traumatologia-es-ortopedia.pdf\">Traumatol\u00f3gia \u00e9s Ortop\u00e9dia<\/a> T\u00c1J\u00c9KOZTAT\u00d3 Traumatol\u00f3gia \u00e9s Ortop\u00e9dia IV. \u00e9ves blokk gyakorlat let\u00f6lt\u00e9s\u00e9r\u0151l Jelentkez\u00e9s helye: A blokk els\u0151 oktat\u00e1si napj\u00e1n 08:30-kor a SE Traumatol\u00f3giai Klinik\u00e1n (Budapest 1083 Kor\u00e1nyi S\u00e1ndor u. 2.) II. emelet, Traumatol\u00f3giai Oszt\u00e1ly, t\u00e1rsalg\u00f3. A blokk tov\u00e1bbi &hellip;<\/p>\n","protected":false},"author":12,"featured_media":0,"parent":3391,"menu_order":1,"comment_status":"closed","ping_status":"closed","template":"","meta":{"_acf_changed":false,"footnotes":""},"categories":[],"tags":[],"class_list":["post-2412","page","type-page","status-publish","hentry"],"acf":[],"_links":{"self":[{"href":"https:\/\/semmelweis.hu\/traumatologia\/wp-json\/wp\/v2\/pages\/2412","targetHints":{"allow":["GET"]}}],"collection":[{"href":"https:\/\/semmelweis.hu\/traumatologia\/wp-json\/wp\/v2\/pages"}],"about":[{"href":"https:\/\/semmelweis.hu\/traumatologia\/wp-json\/wp\/v2\/types\/page"}],"author":[{"embeddable":true,"href":"https:\/\/semmelweis.hu\/traumatologia\/wp-json\/wp\/v2\/users\/12"}],"replies":[{"embeddable":true,"href":"https:\/\/semmelweis.hu\/traumatologia\/wp-json\/wp\/v2\/comments?post=2412"}],"version-history":[{"count":10,"href":"https:\/\/semmelweis.hu\/traumatologia\/wp-json\/wp\/v2\/pages\/2412\/revisions"}],"predecessor-version":[{"id":3934,"href":"https:\/\/semmelweis.hu\/traumatologia\/wp-json\/wp\/v2\/pages\/2412\/revisions\/3934"}],"up":[{"embeddable":true,"href":"https:\/\/semmelweis.hu\/traumatologia\/wp-json\/wp\/v2\/pages\/3391"}],"wp:attachment":[{"href":"https:\/\/semmelweis.hu\/traumatologia\/wp-json\/wp\/v2\/media?parent=2412"}],"wp:term":[{"taxonomy":"category","embeddable":true,"href":"https:\/\/semmelweis.hu\/traumatologia\/wp-json\/wp\/v2\/categories?post=2412"},{"taxonomy":"post_tag","embeddable":true,"href":"https:\/\/semmelweis.hu\/traumatologia\/wp-json\/wp\/v2\/tags?post=2412"}],"curies":[{"name":"wp","href":"https:\/\/api.w.org\/{rel}","templated":true}]}}