{"id":7904,"date":"2025-09-05T13:15:30","date_gmt":"2025-09-05T11:15:30","guid":{"rendered":"https:\/\/semmelweis.hu\/tmk\/?page_id=7904"},"modified":"2026-01-30T09:42:46","modified_gmt":"2026-01-30T08:42:46","slug":"dokumentumok-2","status":"publish","type":"page","link":"https:\/\/semmelweis.hu\/tmk\/dokumentumok-2\/","title":{"rendered":"Dokumentumok"},"content":{"rendered":"<div class=\"keretes w-100\">\n<p>A Transzl\u00e1ci\u00f3s Medicina K\u00f6zpont k\u00e9pz\u00e9sei nemzetk\u00f6zi k\u00f6rnyezetben, angol nyelven zajlanak, ez\u00e9rt a kapcsol\u00f3d\u00f3 dokumentumok is kiz\u00e1r\u00f3lag angol nyelven \u00e9rhet\u0151k el. K\u00f6sz\u00f6nj\u00fck meg\u00e9rt\u00e9sed!<\/p>\n<\/div>\n<p><!--\u2013\u2013\u2013\u2013\u2013\u2013\u2013\u2013\u2013\u2013\u2013\u2013\u2013\u2013\u2013\u2013  TMK \u2013 dokumentumok  \u2013\u2013\u2013\u2013\u2013\u2013\u2013\u2013\u2013\u2013\u2013\u2013\u2013\u2013\u2013\u2013--><\/p>\n<div id=\"infolinks-container\" class=\"container pt-2 mt-1 mb-0\"><!-- Szekci\u00f3c\u00edm --><\/p>\n<div class=\"section-row row mt-2 mb-4 mx-0\">\n<div class=\"col-md-auto section-title\">a<\/p>\n<h2>K\u00e9pz\u00e9ssel \u00f6sszef\u00fcgg\u0151 dokumentumok<\/h2>\n<\/div>\n<\/div>\n<p><!-- K\u00e1rtyar\u00e1cs --><\/p>\n<div class=\"row card mt-2 mb-2 mx-0 flex-row\"><!-- 1. Rules &amp; regulations --><\/p>\n<div class=\"col-md-6 col-12 px-normal pr-md-0 mb-3\">\n<div class=\"row mr-1\">\n<div class=\"col-md-1 col-2 card-icon col-header-normal px-2 pt-3\">\u00a0<\/div>\n<div class=\"col-md-11 col-10 card-body col-header-pale px-1 pt-3\">\n<h5><a href=\"https:\/\/semmelweis.hu\/tmk\/files\/2026\/01\/CTM_academic_yaer_details_v6_0723.pdf\" target=\"_blank\" rel=\"noopener\">Rules and regulations <\/a><\/h5>\n<div class=\"card-text\">Rules, regulations and other important information about the Translational Medicine program <i class=\"fa-solid fa-angle-right\" aria-hidden=\"true\"><\/i><\/div>\n<\/div>\n<\/div>\n<\/div>\n<p><!-- 2. Authorship policy --><\/p>\n<div class=\"col-md-6 col-12 px-normal pr-md-0 mb-3\">\n<div class=\"row mr-1\">\n<div class=\"col-md-1 col-2 card-icon col-header-normal px-2 pt-3\">\u00a0<\/div>\n<div class=\"col-md-11 col-10 card-body col-header-pale px-1 pt-3\">\n<h5><a href=\"https:\/\/semmelweis.hu\/tmk\/files\/2024\/07\/CTM-authorship-policy_v2.pdf\" target=\"_blank\" rel=\"noopener\">Authorship policy <\/a><\/h5>\n<div class=\"card-text\">The criteria for authorship eligibility <i class=\"fa-solid fa-angle-right\" aria-hidden=\"true\"><\/i><\/div>\n<\/div>\n<\/div>\n<\/div>\n<p><!-- 3. Journal Selection Policy --><\/p>\n<div class=\"col-md-6 col-12 px-normal pr-md-0 mb-3\">\n<div class=\"row mr-1\">\n<div class=\"col-md-1 col-2 card-icon col-header-normal px-2 pt-3\">\u00a0<\/div>\n<div class=\"col-md-11 col-10 card-body col-header-pale px-1 pt-3\">\n<h5><a href=\"https:\/\/semmelweis.hu\/tmk\/files\/2024\/07\/2022-10-27-CTM-journal-selection-policy-1.pdf\" target=\"_blank\" rel=\"noopener\">Journal Selection Policy <\/a><\/h5>\n<div class=\"card-text\">Requirement to submit manuscripts first to D1-level journals <i class=\"fa-solid fa-angle-right\" aria-hidden=\"true\"><\/i><\/div>\n<\/div>\n<\/div>\n<\/div>\n<\/div>\n<p><!-- \/row card --><\/div>\n<p><!-- \/infolinks-container --><\/p>\n<p>&nbsp;<\/p>\n<p><!--\u2013\u2013\u2013\u2013\u2013\u2013\u2013\u2013\u2013\u2013\u2013\u2013\u2013\u2013\u2013\u2013\u2013\u2013  MUNKAT\u00c1RSAKNAK SZ\u00d3L\u00d3 MUNKAUTAS\u00cdT\u00c1SOK  \u2013\u2013\u2013\u2013\u2013\u2013\u2013\u2013\u2013\u2013\u2013\u2013\u2013\u2013\u2013\u2013\u2013\u2013--><!-- Szekci\u00f3c\u00edm --><\/p>\n<div class=\"section-row row mt-5 mb-4 mx-0\">\n<div class=\"col-md-auto section-title\">\n<h2>Munkat\u00e1rsaknak sz\u00f3l\u00f3 munkautas\u00edt\u00e1sok<\/h2>\n<\/div>\n<\/div>\n<p><!-- K\u00e1rtyar\u00e1cs \u2013 MUNKAUTAS\u00cdT\u00c1SOK --><\/p>\n<div class=\"row card mt-2 mb-2 mx-0 flex-row\"><!-- MU-01 Brainstorming meeting --><\/p>\n<div class=\"col-md-6 col-12 px-normal pr-md-0 mb-3\">\n<div class=\"row mr-1\">\n<div class=\"col-md-1 col-2 card-icon col-header-normal px-2 pt-3\">\u00a0<\/div>\n<div class=\"col-md-11 col-10 card-body col-header-pale px-1 pt-3\">\n<h5><a href=\"https:\/\/semmelweis.hu\/tmk\/files\/2025\/08\/SE-TMK-MU-01-Brainstorming-meeting.docx\" target=\"_blank\" rel=\"noopener\">Brainstorming meeting<\/a><\/h5>\n<\/div>\n<\/div>\n<\/div>\n<p><!-- MU-02 \u00c9vnyit\u00f3 rendezv\u00e9ny --><\/p>\n<div class=\"col-md-6 col-12 px-normal pr-md-0 mb-3\">\n<div class=\"row mr-1\">\n<div class=\"col-md-1 col-2 card-icon col-header-normal px-2 pt-3\">\u00a0<\/div>\n<div class=\"col-md-11 col-10 card-body col-header-pale px-1 pt-3\">\n<h5><a href=\"https:\/\/semmelweis.hu\/tmk\/files\/2025\/08\/SE-TMK-MU-02-Evnyito-rendezveny.docx\" target=\"_blank\" rel=\"noopener\">\u00c9vnyit\u00f3 rendezv\u00e9ny<\/a><\/h5>\n<\/div>\n<\/div>\n<\/div>\n<p><!-- MU-03 Kar\u00e1csonyi vacsora --><\/p>\n<div class=\"col-md-6 col-12 px-normal pr-md-0 mb-3\">\n<div class=\"row mr-1\">\n<div class=\"col-md-1 col-2 card-icon col-header-normal px-2 pt-3\">\u00a0<\/div>\n<div class=\"col-md-11 col-10 card-body col-header-pale px-1 pt-3\">\n<h5><a href=\"https:\/\/semmelweis.hu\/tmk\/files\/2025\/08\/SE-TMK-MU-03-Karacsonyi-vacsora.docx\" target=\"_blank\" rel=\"noopener\">Kar\u00e1csonyi vacsora<\/a><\/h5>\n<\/div>\n<\/div>\n<\/div>\n<p><!-- MU-04 Progress Report I\u2013V --><\/p>\n<div class=\"col-md-6 col-12 px-normal pr-md-0 mb-3\">\n<div class=\"row mr-1\">\n<div class=\"col-md-1 col-2 card-icon col-header-normal px-2 pt-3\">\u00a0<\/div>\n<div class=\"col-md-11 col-10 card-body col-header-pale px-1 pt-3\">\n<h5><a href=\"https:\/\/semmelweis.hu\/tmk\/files\/2025\/08\/SE-TMK-MU-04_Progress-Report_I-V.docx\" target=\"_blank\" rel=\"noopener\">Progress Report I\u2013V<\/a><\/h5>\n<\/div>\n<\/div>\n<\/div>\n<p><!-- MU-05 Progress Report VI\u2013VIII --><\/p>\n<div class=\"col-md-6 col-12 px-normal pr-md-0 mb-3\">\n<div class=\"row mr-1\">\n<div class=\"col-md-1 col-2 card-icon col-header-normal px-2 pt-3\">\u00a0<\/div>\n<div class=\"col-md-11 col-10 card-body col-header-pale px-1 pt-3\">\n<h5><a href=\"https:\/\/semmelweis.hu\/tmk\/files\/2025\/08\/SE-TMK-MU-05_ProgressReport_VI_VIII.docx\" target=\"_blank\" rel=\"noopener\">Progress Report VI\u2013VIII<\/a><\/h5>\n<\/div>\n<\/div>\n<\/div>\n<p><!-- MU-06 Seminar \/ Lecture --><\/p>\n<div class=\"col-md-6 col-12 px-normal pr-md-0 mb-3\">\n<div class=\"row mr-1\">\n<div class=\"col-md-1 col-2 card-icon col-header-normal px-2 pt-3\">\u00a0<\/div>\n<div class=\"col-md-11 col-10 card-body col-header-pale px-1 pt-3\">\n<h5><a href=\"https:\/\/semmelweis.hu\/tmk\/files\/2025\/08\/SE-TMK-MU-06-Seminare-Lecture.docx\" target=\"_blank\" rel=\"noopener\">Seminar \/ Lecture<\/a><\/h5>\n<\/div>\n<\/div>\n<\/div>\n<p><!-- MU-07 Challenge day --><\/p>\n<div class=\"col-md-6 col-12 px-normal pr-md-0 mb-3\">\n<div class=\"row mr-1\">\n<div class=\"col-md-1 col-2 card-icon col-header-normal px-2 pt-3\">\u00a0<\/div>\n<div class=\"col-md-11 col-10 card-body col-header-pale px-1 pt-3\">\n<h5><a href=\"https:\/\/semmelweis.hu\/tmk\/files\/2025\/08\/SE-TMK-MU-07-Challenge-day.docx\" target=\"_blank\" rel=\"noopener\">Challenge day<\/a><\/h5>\n<\/div>\n<\/div>\n<\/div>\n<p><!-- MU-08 Feln\u0151ttk\u00e9pz\u00e9sek szervez\u00e9s\u00e9r\u0151l --><\/p>\n<div class=\"col-md-6 col-12 px-normal pr-md-0 mb-3\">\n<div class=\"row mr-1\">\n<div class=\"col-md-1 col-2 card-icon col-header-normal px-2 pt-3\">\u00a0<\/div>\n<div class=\"col-md-11 col-10 card-body col-header-pale px-1 pt-3\">\n<h5><a href=\"https:\/\/semmelweis.hu\/tmk\/files\/2025\/08\/SE-TMK-MU-08-Felnottkepzesek-szervezeserol.docx\" target=\"_blank\" rel=\"noopener\">Feln\u0151ttk\u00e9pz\u00e9sek szervez\u00e9s\u00e9r\u0151l<\/a><\/h5>\n<\/div>\n<\/div>\n<\/div>\n<p><!-- MU-09 Kommunik\u00e1ci\u00f3s \u00e9s h\u00e1l\u00f3zatfejleszt\u00e9si r\u00e9szleg m\u0171k\u00f6d\u00e9s\u00e9r\u0151l --><\/p>\n<div class=\"col-md-6 col-12 px-normal pr-md-0 mb-3\">\n<div class=\"row mr-1\">\n<div class=\"col-md-1 col-2 card-icon col-header-normal px-2 pt-3\">\u00a0<\/div>\n<div class=\"col-md-11 col-10 card-body col-header-pale px-1 pt-3\">\n<h5><a href=\"https:\/\/semmelweis.hu\/tmk\/files\/2025\/08\/SE-TMK-MU-09-Kommunikacios-es-halozatfejlesztesi-reszleg-mukodeserol.docx\" target=\"_blank\" rel=\"noopener\">Kommunik\u00e1ci\u00f3s \u00e9s h\u00e1l\u00f3zatfejleszt\u00e9si r\u00e9szleg m\u0171k\u00f6d\u00e9s\u00e9r\u0151l<\/a><\/h5>\n<\/div>\n<\/div>\n<\/div>\n<p><!-- MU-10 TM k\u00e9pz\u00e9si program szervez\u00e9s\u00e9r\u0151l --><\/p>\n<div class=\"col-md-6 col-12 px-normal pr-md-0 mb-3\">\n<div class=\"row mr-1\">\n<div class=\"col-md-1 col-2 card-icon col-header-normal px-2 pt-3\">\u00a0<\/div>\n<div class=\"col-md-11 col-10 card-body col-header-pale px-1 pt-3\">\n<h5><a href=\"https:\/\/semmelweis.hu\/tmk\/files\/2025\/08\/SE-TMK-MU-10-Transzlacios-Medicina-Kepzesi-Program-szervezeserol.docx\" target=\"_blank\" rel=\"noopener\">Transzl\u00e1ci\u00f3s Medicina K\u00e9pz\u00e9si Program szervez\u00e9s\u00e9r\u0151l<\/a><\/h5>\n<\/div>\n<\/div>\n<\/div>\n<p><!-- MU-11 Mesterk\u00e9pz\u00e9s --><\/p>\n<div class=\"col-md-6 col-12 px-normal pr-md-0 mb-3\">\n<div class=\"row mr-1\">\n<div class=\"col-md-1 col-2 card-icon col-header-normal px-2 pt-3\">\u00a0<\/div>\n<div class=\"col-md-11 col-10 card-body col-header-pale px-1 pt-3\">\n<h5><a href=\"https:\/\/semmelweis.hu\/tmk\/files\/2025\/08\/SE-TMK-MU-11-mesterkepzes_.docx\" target=\"_blank\" rel=\"noopener\">Mesterk\u00e9pz\u00e9s<\/a><\/h5>\n<\/div>\n<\/div>\n<\/div>\n<p><!-- MU-12 SMS-csoport m\u0171k\u00f6d\u00e9s\u00e9r\u0151l --><\/p>\n<div class=\"col-md-6 col-12 px-normal pr-md-0 mb-3\">\n<div class=\"row mr-1\">\n<div class=\"col-md-1 col-2 card-icon col-header-normal px-2 pt-3\">\u00a0<\/div>\n<div class=\"col-md-11 col-10 card-body col-header-pale px-1 pt-3\">\n<h5><a href=\"https:\/\/semmelweis.hu\/tmk\/files\/2025\/08\/SE-TMK-MU-12-SMS-csoport-mukodeserol_v3NR.docx\" target=\"_blank\" rel=\"noopener\">SMS-csoport m\u0171k\u00f6d\u00e9s\u00e9r\u0151l<\/a><\/h5>\n<\/div>\n<\/div>\n<\/div>\n<p><!-- MU-13 Titk\u00e1rs\u00e1gr\u00f3l --><\/p>\n<div class=\"col-md-6 col-12 px-normal pr-md-0 mb-3\">\n<div class=\"row mr-1\">\n<div class=\"col-md-1 col-2 card-icon col-header-normal px-2 pt-3\">\u00a0<\/div>\n<div class=\"col-md-11 col-10 card-body col-header-pale px-1 pt-3\">\n<h5><a href=\"https:\/\/semmelweis.hu\/tmk\/files\/2025\/08\/SE-TMK-MU-13_titkarsagrol.docx\" target=\"_blank\" rel=\"noopener\">Titk\u00e1rs\u00e1gr\u00f3l<\/a><\/h5>\n<\/div>\n<\/div>\n<\/div>\n<p><!-- MU-14 Workshopok szervez\u00e9s\u00e9r\u0151l --><\/p>\n<div class=\"col-md-6 col-12 px-normal pr-md-0 mb-3\">\n<div class=\"row mr-1\">\n<div class=\"col-md-1 col-2 card-icon col-header-normal px-2 pt-3\">\u00a0<\/div>\n<div class=\"col-md-11 col-10 card-body col-header-pale px-1 pt-3\">\n<h5><a href=\"https:\/\/semmelweis.hu\/tmk\/files\/2025\/08\/SE-TMK-MU-14-workshopok-szervezeserol.docx\" target=\"_blank\" rel=\"noopener\">Workshopok szervez\u00e9s\u00e9r\u0151l<\/a><\/h5>\n<\/div>\n<\/div>\n<\/div>\n<\/div>\n<p><!-- \/row card \u2013 MUNKAUTAS\u00cdT\u00c1SOK --><\/p>\n<p>&nbsp;<\/p>\n<p><!-- \/infolinks-container --><\/p>\n","protected":false},"excerpt":{"rendered":"<p>A Transzl\u00e1ci\u00f3s Medicina K\u00f6zpont k\u00e9pz\u00e9sei nemzetk\u00f6zi k\u00f6rnyezetben, angol nyelven zajlanak, ez\u00e9rt a kapcsol\u00f3d\u00f3 dokumentumok is kiz\u00e1r\u00f3lag angol nyelven \u00e9rhet\u0151k el. K\u00f6sz\u00f6nj\u00fck meg\u00e9rt\u00e9sed! a K\u00e9pz\u00e9ssel \u00f6sszef\u00fcgg\u0151 dokumentumok \u00a0 <a href=\"https:\/\/semmelweis.hu\/tmk\/files\/2026\/01\/CTM_academic_yaer_details_v6_0723.pdf\" target=\"_blank\" rel=\"noopener\">Rules and regulations <\/a> Rules, regulations and other important information about the Translational Medicine program \u00a0 <a href=\"https:\/\/semmelweis.hu\/tmk\/files\/2024\/07\/CTM-authorship-policy_v2.pdf\" target=\"_blank\" rel=\"noopener\">Authorship policy <\/a> The criteria for authorship eligibility \u00a0 <a href=\"https:\/\/semmelweis.hu\/tmk\/files\/2024\/07\/2022-10-27-CTM-journal-selection-policy-1.pdf\" target=\"_blank\" rel=\"noopener\">Journal Selection Policy <\/a> Requirement to submit manuscripts first to D1-level journals &nbsp; Munkat\u00e1rsaknak &hellip;<\/p>\n","protected":false},"author":101929,"featured_media":0,"parent":0,"menu_order":0,"comment_status":"closed","ping_status":"closed","template":"","meta":{"_acf_changed":false,"footnotes":""},"categories":[],"tags":[],"class_list":["post-7904","page","type-page","status-publish","hentry"],"acf":[],"_links":{"self":[{"href":"https:\/\/semmelweis.hu\/tmk\/wp-json\/wp\/v2\/pages\/7904","targetHints":{"allow":["GET"]}}],"collection":[{"href":"https:\/\/semmelweis.hu\/tmk\/wp-json\/wp\/v2\/pages"}],"about":[{"href":"https:\/\/semmelweis.hu\/tmk\/wp-json\/wp\/v2\/types\/page"}],"author":[{"embeddable":true,"href":"https:\/\/semmelweis.hu\/tmk\/wp-json\/wp\/v2\/users\/101929"}],"replies":[{"embeddable":true,"href":"https:\/\/semmelweis.hu\/tmk\/wp-json\/wp\/v2\/comments?post=7904"}],"version-history":[{"count":2,"href":"https:\/\/semmelweis.hu\/tmk\/wp-json\/wp\/v2\/pages\/7904\/revisions"}],"predecessor-version":[{"id":9128,"href":"https:\/\/semmelweis.hu\/tmk\/wp-json\/wp\/v2\/pages\/7904\/revisions\/9128"}],"wp:attachment":[{"href":"https:\/\/semmelweis.hu\/tmk\/wp-json\/wp\/v2\/media?parent=7904"}],"wp:term":[{"taxonomy":"category","embeddable":true,"href":"https:\/\/semmelweis.hu\/tmk\/wp-json\/wp\/v2\/categories?post=7904"},{"taxonomy":"post_tag","embeddable":true,"href":"https:\/\/semmelweis.hu\/tmk\/wp-json\/wp\/v2\/tags?post=7904"}],"curies":[{"name":"wp","href":"https:\/\/api.w.org\/{rel}","templated":true}]}}