{"id":7894,"date":"2025-09-03T13:06:23","date_gmt":"2025-09-03T11:06:23","guid":{"rendered":"https:\/\/semmelweis.hu\/tmk\/?page_id=7894"},"modified":"2025-09-03T13:21:36","modified_gmt":"2025-09-03T11:21:36","slug":"2025-26-tanev-fontos-informaciok","status":"publish","type":"page","link":"https:\/\/semmelweis.hu\/tmk\/oktatas\/2025-26-tanev-fontos-informaciok\/","title":{"rendered":"2025\/26 tan\u00e9v fontos inform\u00e1ci\u00f3k"},"content":{"rendered":"<p><strong>Els\u0151\u00e9ves group meetingek id\u0151pontjai:<\/strong><\/p>\n<table border=\"1\" cellpadding=\"10\">\n<thead>\n<tr>\n<th>Csoport<\/th>\n<th>Nap<\/th>\n<th>Kezd\u00e9si d\u00e1tum<\/th>\n<th>Id\u0151pont<\/th>\n<\/tr>\n<\/thead>\n<tbody>\n<tr>\n<td>Critical Care (1. csoport)<\/td>\n<td>H\u00e9tf\u0151<\/td>\n<td>Szept. 1.<\/td>\n<td>11:00\u201313:30<\/td>\n<\/tr>\n<tr>\n<td>Dentistry (2. csoport)<\/td>\n<td>H\u00e9tf\u0151<\/td>\n<td>Szept. 1.<\/td>\n<td>16:00\u201319:30<\/td>\n<\/tr>\n<tr>\n<td>Gyne-Uro (3. csoport)<\/td>\n<td>Kedd<\/td>\n<td>Szept. 2.<\/td>\n<td>14:00\u201316:30<\/td>\n<\/tr>\n<tr>\n<td>Gastro (4. csoport)<\/td>\n<td>Kedd<\/td>\n<td>Szept. 2.<\/td>\n<td>17:00\u201319:30<\/td>\n<\/tr>\n<tr>\n<td>Pedi (5. csoport)<\/td>\n<td>Szerda<\/td>\n<td>Szept. 3.<\/td>\n<td>14:00\u201316:30<\/td>\n<\/tr>\n<tr>\n<td>Cardio-sport-radio-ortop (6. csoport)<\/td>\n<td>Szerda<\/td>\n<td>Szept. 3.<\/td>\n<td>17:00\u201319:30<\/td>\n<\/tr>\n<tr>\n<td>Misc (7. csoport)<\/td>\n<td>Cs\u00fct\u00f6rt\u00f6k<\/td>\n<td>Szept. 4.<\/td>\n<td>10:00\u201312:30<\/td>\n<\/tr>\n<\/tbody>\n<\/table>\n<p>A csoportokat classokba (A, B, C) soroljuk. A workshopokat ezen oszt\u00e1lyok alapj\u00e1n szervezz\u00fck, \u00e9s azokat kedden, szerd\u00e1n, illetve cs\u00fct\u00f6rt\u00f6k\u00f6n tartjuk 08:00\u201314:00 k\u00f6z\u00f6tt. Kiv\u00e9teles esetekben a workshop id\u0151pontja m\u00f3dosulhat (pl. nemzetk\u00f6zi vend\u00e9gel\u0151ad\u00f3 eset\u00e9n), err\u0151l el\u0151zetesen \u00e9rtes\u00edt\u00e9st kaptok.<\/p>\n<table border=\"1\" cellpadding=\"10\">\n<thead>\n<tr>\n<th>OSZT\u00c1LY<\/th>\n<th>CSOPORTOK<\/th>\n<th>WORKSHOP NAPJA<\/th>\n<\/tr>\n<\/thead>\n<tbody>\n<tr>\n<td>A<\/td>\n<td>Critical Care + Dentistry<\/td>\n<td>Kedd<\/td>\n<\/tr>\n<tr>\n<td>B<\/td>\n<td>Gyne-Uro + Gastro + Misc<\/td>\n<td>Szerda<\/td>\n<\/tr>\n<tr>\n<td>C<\/td>\n<td>Pedi + Cardio-sport-radio-ortop<\/td>\n<td>Cs\u00fct\u00f6rt\u00f6k<\/td>\n<\/tr>\n<\/tbody>\n<\/table>\n<p>&nbsp;<\/p>\n","protected":false},"excerpt":{"rendered":"<p>Els\u0151\u00e9ves group meetingek id\u0151pontjai: Csoport Nap Kezd\u00e9si d\u00e1tum Id\u0151pont Critical Care (1. csoport) H\u00e9tf\u0151 Szept. 1. 11:00\u201313:30 Dentistry (2. csoport) H\u00e9tf\u0151 Szept. 1. 16:00\u201319:30 Gyne-Uro (3. csoport) Kedd Szept. 2. 14:00\u201316:30 Gastro (4. csoport) Kedd Szept. 2. 17:00\u201319:30 Pedi (5. csoport) Szerda Szept. 3. 14:00\u201316:30 Cardio-sport-radio-ortop (6. csoport) Szerda Szept. 3. 17:00\u201319:30 Misc (7. csoport) &hellip;<\/p>\n","protected":false},"author":101929,"featured_media":0,"parent":2799,"menu_order":0,"comment_status":"closed","ping_status":"closed","template":"","meta":{"_acf_changed":false,"footnotes":""},"categories":[],"tags":[],"class_list":["post-7894","page","type-page","status-publish","hentry"],"acf":[],"_links":{"self":[{"href":"https:\/\/semmelweis.hu\/tmk\/wp-json\/wp\/v2\/pages\/7894","targetHints":{"allow":["GET"]}}],"collection":[{"href":"https:\/\/semmelweis.hu\/tmk\/wp-json\/wp\/v2\/pages"}],"about":[{"href":"https:\/\/semmelweis.hu\/tmk\/wp-json\/wp\/v2\/types\/page"}],"author":[{"embeddable":true,"href":"https:\/\/semmelweis.hu\/tmk\/wp-json\/wp\/v2\/users\/101929"}],"replies":[{"embeddable":true,"href":"https:\/\/semmelweis.hu\/tmk\/wp-json\/wp\/v2\/comments?post=7894"}],"version-history":[{"count":2,"href":"https:\/\/semmelweis.hu\/tmk\/wp-json\/wp\/v2\/pages\/7894\/revisions"}],"predecessor-version":[{"id":7900,"href":"https:\/\/semmelweis.hu\/tmk\/wp-json\/wp\/v2\/pages\/7894\/revisions\/7900"}],"up":[{"embeddable":true,"href":"https:\/\/semmelweis.hu\/tmk\/wp-json\/wp\/v2\/pages\/2799"}],"wp:attachment":[{"href":"https:\/\/semmelweis.hu\/tmk\/wp-json\/wp\/v2\/media?parent=7894"}],"wp:term":[{"taxonomy":"category","embeddable":true,"href":"https:\/\/semmelweis.hu\/tmk\/wp-json\/wp\/v2\/categories?post=7894"},{"taxonomy":"post_tag","embeddable":true,"href":"https:\/\/semmelweis.hu\/tmk\/wp-json\/wp\/v2\/tags?post=7894"}],"curies":[{"name":"wp","href":"https:\/\/api.w.org\/{rel}","templated":true}]}}