{"id":5126,"date":"2025-07-22T15:13:33","date_gmt":"2025-07-22T13:13:33","guid":{"rendered":"https:\/\/semmelweis.hu\/tmk\/?page_id=5126"},"modified":"2025-08-08T09:04:53","modified_gmt":"2025-08-08T07:04:53","slug":"iii-iv-eves-hallgatok","status":"publish","type":"page","link":"https:\/\/semmelweis.hu\/tmk\/oktatas\/phd-hallgatok\/iii-iv-eves-hallgatok\/","title":{"rendered":"III.-IV.-V. \u00e9ves hallgat\u00f3k"},"content":{"rendered":"<h2 class=\"lead\">III\u2013IV.-V. \u00e9v \u2013 a doktori k\u00e9pz\u00e9s m\u00e1sodik szakasza<\/h2>\n<p>Azok a hallgat\u00f3k, akik sikeresen teljes\u00edtett\u00e9k a VI. Progress Reportot (Komplex vizsga), folytathatj\u00e1k a TM PhD-k\u00e9pz\u00e9st. Az el\u0151z\u0151 progress reportok minim\u00e1lis k\u00f6vetelm\u00e9nye alapj\u00e1n minden hallgat\u00f3nak legal\u00e1bb egy beny\u00fajtott k\u00e9zirattal kell rendelkeznie, \u00e9s a legt\u00f6bb esetben a m\u00e1sodik projektnek is el\u0151rehaladott f\u00e1zisban kell lennie.<\/p>\n<p><!-- \u25b8 EL\u0150REHALAD\u00c1SI CSOPORTOK - --><\/p>\n<p>A hallgat\u00f3kat k\u00fcl\u00f6nb\u00f6z\u0151 el\u0151rehalad\u00e1si csoportokba sorolj\u00e1k:<\/p>\n<ul>\n<li><strong>Graduate csoport<\/strong> \u2013 tagjai megkezdhetik a disszert\u00e1ci\u00f3 \u00edr\u00e1s\u00e1t.<\/li>\n<li><strong>Completed csoport<\/strong> \u2013 tagjai tov\u00e1bbi projekteken dolgozhatnak, vagy elkezdhetik a disszert\u00e1ci\u00f3 \u00edr\u00e1s\u00e1t eg\u00e9szen addig, am\u00edg mindk\u00e9t cikk\u00fck hivatalosan elfogad\u00e1sra nem ker\u00fcl.<\/li>\n<\/ul>\n<p><!-- \u25b8 PHD-V\u00c9D\u00c9S F\u00c1ZISAI - --><\/p>\n<h3 class=\"lead\">PhD-v\u00e9d\u00e9s<\/h3>\n<p>A PhD-v\u00e9d\u00e9s k\u00e9t szakaszb\u00f3l \u00e1ll az al\u00e1bbiak szerint.<\/p>\n<ul>\n<li><strong>VII. SZAKASZ<\/strong> \u2013 int\u00e9zm\u00e9nyi PhD-v\u00e9d\u00e9s (helyi int\u00e9zm\u00e9ny)<\/li>\n<li><strong>VIII. SZAKASZ<\/strong> \u2013 k\u00f6zponti PhD-v\u00e9d\u00e9s (CTM)<\/li>\n<\/ul>\n<style>\n           #page-grid .card-body > .line-clamp-box.excerpt{\n        width: inherit;\n        max-width: inherit;\n        display:flex;\n        min-height: 2.4em;\n        flex-direction: column;\n        justify-content: space-around;\n        background-color: #D6E4EA;\n        min-height: 3.4rem;\n        font-family: \"Montserrat\", sans-serif;\n    }\n\n    #page-grid a:hover .card-body > .line-clamp-box.excerpt {\n        background-color: #fff;\n        color: #313B40;\n    }\n\n    #page-grid .card-body .line-clamp-box.excerpt section{\n        max-width: inherit;\n        display: -webkit-box;\n        -webkit-line-clamp: 2;\n        -webkit-box-orient: vertical;\n        overflow: hidden;\n        text-overflow: ellipsis;\n        hyphens: auto;\n        margin: auto;\n        \n    }\n    .line-clamp-box.excerpt section, .line-clamp-box.excerpt section p{\n        font-size:0.8em;\n    }\n    \n<\/style>\n    <section id=\"page-grid\">\n        \n        <div class=\"row row-cols-1 row-cols-md-2 row-cols-lg-4 no-gutters mx-0 \">    <div class =\"col  mb-2 card-wrapper\">\n        <a class=\"d-flex flex-fill card-link-warapper m-md-1\" href=\"https:\/\/semmelweis.hu\/tmk\/oktatas\/phd-hallgatok\/iii-iv-eves-hallgatok\/critical-care-cardiology\/\">\n            <div class=\"card border border-secondary se-border flex-fill\">\n                <div class=\"row no-gutters mx-0 d-flex flex-nowrap flex-md-wrap align-items-center\">\n                    <div class =\"  col-5 col-md-12   card-image justify-content-center\">\n                        <img loading=\"lazy\" decoding=\"async\" width=\"600\" height=\"400\" src=\"https:\/\/semmelweis.hu\/tmk\/files\/2025\/07\/3.png\" class=\"landscape wp-post-image\" alt=\"\" srcset=\"https:\/\/semmelweis.hu\/tmk\/files\/2025\/07\/3.png 600w, https:\/\/semmelweis.hu\/tmk\/files\/2025\/07\/3-400x267.png 400w, https:\/\/semmelweis.hu\/tmk\/files\/2025\/07\/3-203x135.png 203w\" sizes=\"auto, (max-width: 600px) 100vw, 600px\" \/>\n                    <\/div>\n                    <div class=\"card-body  col flex-column  col-md-12 p-0\">\n                        <div class=\"line-clamp-box p-3\">\n                            <h5 class=\"ml-0 ml-sm-1 mt-2 align-items-center\"  >Critical Care &amp; Cardiology<\/h5>\n                        <\/div>\n                        \n                    <\/div>\n                <\/div>\n\n            <\/div>\n        <\/a>\n    <\/div>    <div class =\"col  mb-2 card-wrapper\">\n        <a class=\"d-flex flex-fill card-link-warapper m-md-1\" href=\"https:\/\/semmelweis.hu\/tmk\/oktatas\/phd-hallgatok\/iii-iv-eves-hallgatok\/dentistry\/\">\n            <div class=\"card border border-secondary se-border flex-fill\">\n                <div class=\"row no-gutters mx-0 d-flex flex-nowrap flex-md-wrap align-items-center\">\n                    <div class =\"  col-5 col-md-12   card-image justify-content-center\">\n                        <img loading=\"lazy\" decoding=\"async\" width=\"600\" height=\"400\" src=\"https:\/\/semmelweis.hu\/tmk\/files\/2025\/07\/4.png\" class=\"landscape wp-post-image\" alt=\"\" srcset=\"https:\/\/semmelweis.hu\/tmk\/files\/2025\/07\/4.png 600w, https:\/\/semmelweis.hu\/tmk\/files\/2025\/07\/4-400x267.png 400w, https:\/\/semmelweis.hu\/tmk\/files\/2025\/07\/4-203x135.png 203w\" sizes=\"auto, (max-width: 600px) 100vw, 600px\" \/>\n                    <\/div>\n                    <div class=\"card-body  col flex-column  col-md-12 p-0\">\n                        <div class=\"line-clamp-box p-3\">\n                            <h5 class=\"ml-0 ml-sm-1 mt-2 align-items-center\"  >Dentistry<\/h5>\n                        <\/div>\n                        \n                    <\/div>\n                <\/div>\n\n            <\/div>\n        <\/a>\n    <\/div>    <div class =\"col  mb-2 card-wrapper\">\n        <a class=\"d-flex flex-fill card-link-warapper m-md-1\" href=\"https:\/\/semmelweis.hu\/tmk\/oktatas\/phd-hallgatok\/iii-iv-eves-hallgatok\/gastroenterology\/\">\n            <div class=\"card border border-secondary se-border flex-fill\">\n                <div class=\"row no-gutters mx-0 d-flex flex-nowrap flex-md-wrap align-items-center\">\n                    <div class =\"  col-5 col-md-12   card-image justify-content-center\">\n                        <img loading=\"lazy\" decoding=\"async\" width=\"600\" height=\"400\" src=\"https:\/\/semmelweis.hu\/tmk\/files\/2025\/07\/8.png\" class=\"landscape wp-post-image\" alt=\"\" srcset=\"https:\/\/semmelweis.hu\/tmk\/files\/2025\/07\/8.png 600w, https:\/\/semmelweis.hu\/tmk\/files\/2025\/07\/8-400x267.png 400w, https:\/\/semmelweis.hu\/tmk\/files\/2025\/07\/8-203x135.png 203w\" sizes=\"auto, (max-width: 600px) 100vw, 600px\" \/>\n                    <\/div>\n                    <div class=\"card-body  col flex-column  col-md-12 p-0\">\n                        <div class=\"line-clamp-box p-3\">\n                            <h5 class=\"ml-0 ml-sm-1 mt-2 align-items-center\"  >Gastroenterology<\/h5>\n                        <\/div>\n                        \n                    <\/div>\n                <\/div>\n\n            <\/div>\n        <\/a>\n    <\/div>    <div class =\"col  mb-2 card-wrapper\">\n        <a class=\"d-flex flex-fill card-link-warapper m-md-1\" href=\"https:\/\/semmelweis.hu\/tmk\/oktatas\/phd-hallgatok\/iii-iv-eves-hallgatok\/gynecology-urology\/\">\n            <div class=\"card border border-secondary se-border flex-fill\">\n                <div class=\"row no-gutters mx-0 d-flex flex-nowrap flex-md-wrap align-items-center\">\n                    <div class =\"  col-5 col-md-12   card-image justify-content-center\">\n                        <img loading=\"lazy\" decoding=\"async\" width=\"600\" height=\"400\" src=\"https:\/\/semmelweis.hu\/tmk\/files\/2025\/07\/7.png\" class=\"landscape wp-post-image\" alt=\"\" srcset=\"https:\/\/semmelweis.hu\/tmk\/files\/2025\/07\/7.png 600w, https:\/\/semmelweis.hu\/tmk\/files\/2025\/07\/7-400x267.png 400w, https:\/\/semmelweis.hu\/tmk\/files\/2025\/07\/7-203x135.png 203w\" sizes=\"auto, (max-width: 600px) 100vw, 600px\" \/>\n                    <\/div>\n                    <div class=\"card-body  col flex-column  col-md-12 p-0\">\n                        <div class=\"line-clamp-box p-3\">\n                            <h5 class=\"ml-0 ml-sm-1 mt-2 align-items-center\"  >Gynecology-Urology<\/h5>\n                        <\/div>\n                        \n                    <\/div>\n                <\/div>\n\n            <\/div>\n        <\/a>\n    <\/div>    <div class =\"col  mb-2 card-wrapper\">\n        <a class=\"d-flex flex-fill card-link-warapper m-md-1\" href=\"https:\/\/semmelweis.hu\/tmk\/oktatas\/phd-hallgatok\/iii-iv-eves-hallgatok\/ortho-neuro-misc\/\">\n            <div class=\"card border border-secondary se-border flex-fill\">\n                <div class=\"row no-gutters mx-0 d-flex flex-nowrap flex-md-wrap align-items-center\">\n                    <div class =\"  col-5 col-md-12   card-image justify-content-center\">\n                        <img loading=\"lazy\" decoding=\"async\" width=\"600\" height=\"400\" src=\"https:\/\/semmelweis.hu\/tmk\/files\/2025\/07\/12.png\" class=\"landscape wp-post-image\" alt=\"\" srcset=\"https:\/\/semmelweis.hu\/tmk\/files\/2025\/07\/12.png 600w, https:\/\/semmelweis.hu\/tmk\/files\/2025\/07\/12-400x267.png 400w, https:\/\/semmelweis.hu\/tmk\/files\/2025\/07\/12-203x135.png 203w\" sizes=\"auto, (max-width: 600px) 100vw, 600px\" \/>\n                    <\/div>\n                    <div class=\"card-body  col flex-column  col-md-12 p-0\">\n                        <div class=\"line-clamp-box p-3\">\n                            <h5 class=\"ml-0 ml-sm-1 mt-2 align-items-center\"  >Ortho-Neuro-Misc<\/h5>\n                        <\/div>\n                        \n                    <\/div>\n                <\/div>\n\n            <\/div>\n        <\/a>\n    <\/div>    <div class =\"col  mb-2 card-wrapper\">\n        <a class=\"d-flex flex-fill card-link-warapper m-md-1\" href=\"https:\/\/semmelweis.hu\/tmk\/oktatas\/phd-hallgatok\/iii-iv-eves-hallgatok\/pediatrics\/\">\n            <div class=\"card border border-secondary se-border flex-fill\">\n                <div class=\"row no-gutters mx-0 d-flex flex-nowrap flex-md-wrap align-items-center\">\n                    <div class =\"  col-5 col-md-12   card-image justify-content-center\">\n                        <img loading=\"lazy\" decoding=\"async\" width=\"600\" height=\"400\" src=\"https:\/\/semmelweis.hu\/tmk\/files\/2025\/07\/11.png\" class=\"landscape wp-post-image\" alt=\"\" srcset=\"https:\/\/semmelweis.hu\/tmk\/files\/2025\/07\/11.png 600w, https:\/\/semmelweis.hu\/tmk\/files\/2025\/07\/11-400x267.png 400w, https:\/\/semmelweis.hu\/tmk\/files\/2025\/07\/11-203x135.png 203w\" sizes=\"auto, (max-width: 600px) 100vw, 600px\" \/>\n                    <\/div>\n                    <div class=\"card-body  col flex-column  col-md-12 p-0\">\n                        <div class=\"line-clamp-box p-3\">\n                            <h5 class=\"ml-0 ml-sm-1 mt-2 align-items-center\"  >Pediatrics<\/h5>\n                        <\/div>\n                        \n                    <\/div>\n                <\/div>\n\n            <\/div>\n        <\/a>\n    <\/div>    <div class =\"col  mb-2 card-wrapper\">\n        <a class=\"d-flex flex-fill card-link-warapper m-md-1\" href=\"https:\/\/semmelweis.hu\/tmk\/oktatas\/phd-hallgatok\/iii-iv-eves-hallgatok\/pharma-derma-immuno\/\">\n            <div class=\"card border border-secondary se-border flex-fill\">\n                <div class=\"row no-gutters mx-0 d-flex flex-nowrap flex-md-wrap align-items-center\">\n                    <div class =\"  col-5 col-md-12   card-image justify-content-center\">\n                        <img loading=\"lazy\" decoding=\"async\" width=\"600\" height=\"400\" src=\"https:\/\/semmelweis.hu\/tmk\/files\/2025\/07\/12.png\" class=\"landscape wp-post-image\" alt=\"\" srcset=\"https:\/\/semmelweis.hu\/tmk\/files\/2025\/07\/12.png 600w, https:\/\/semmelweis.hu\/tmk\/files\/2025\/07\/12-400x267.png 400w, https:\/\/semmelweis.hu\/tmk\/files\/2025\/07\/12-203x135.png 203w\" sizes=\"auto, (max-width: 600px) 100vw, 600px\" \/>\n                    <\/div>\n                    <div class=\"card-body  col flex-column  col-md-12 p-0\">\n                        <div class=\"line-clamp-box p-3\">\n                            <h5 class=\"ml-0 ml-sm-1 mt-2 align-items-center\"  >Pharma &amp; Derma &amp; Immuno<\/h5>\n                        <\/div>\n                        \n                    <\/div>\n                <\/div>\n\n            <\/div>\n        <\/a>\n    <\/div>    <div class =\"col  mb-2 card-wrapper\">\n        <a class=\"d-flex flex-fill card-link-warapper m-md-1\" href=\"https:\/\/semmelweis.hu\/tmk\/oktatas\/phd-hallgatok\/iii-iv-eves-hallgatok\/sport-space-science\/\">\n            <div class=\"card border border-secondary se-border flex-fill\">\n                <div class=\"row no-gutters mx-0 d-flex flex-nowrap flex-md-wrap align-items-center\">\n                    <div class =\"  col-5 col-md-12   card-image justify-content-center\">\n                        <img loading=\"lazy\" decoding=\"async\" width=\"600\" height=\"400\" src=\"https:\/\/semmelweis.hu\/tmk\/files\/2025\/08\/sportspace.png\" class=\"landscape wp-post-image\" alt=\"\" srcset=\"https:\/\/semmelweis.hu\/tmk\/files\/2025\/08\/sportspace.png 600w, https:\/\/semmelweis.hu\/tmk\/files\/2025\/08\/sportspace-400x267.png 400w, https:\/\/semmelweis.hu\/tmk\/files\/2025\/08\/sportspace-203x135.png 203w\" sizes=\"auto, (max-width: 600px) 100vw, 600px\" \/>\n                    <\/div>\n                    <div class=\"card-body  col flex-column  col-md-12 p-0\">\n                        <div class=\"line-clamp-box p-3\">\n                            <h5 class=\"ml-0 ml-sm-1 mt-2 align-items-center\"  >Sport &amp; Space Science<\/h5>\n                        <\/div>\n                        \n                    <\/div>\n                <\/div>\n\n            <\/div>\n        <\/a>\n    <\/div>        <\/div>\n    <\/section>\n","protected":false},"excerpt":{"rendered":"<p>III\u2013IV.-V. \u00e9v \u2013 a doktori k\u00e9pz\u00e9s m\u00e1sodik szakasza Azok a hallgat\u00f3k, akik sikeresen teljes\u00edtett\u00e9k a VI. Progress Reportot (Komplex vizsga), folytathatj\u00e1k a TM PhD-k\u00e9pz\u00e9st. Az el\u0151z\u0151 progress reportok minim\u00e1lis k\u00f6vetelm\u00e9nye alapj\u00e1n minden hallgat\u00f3nak legal\u00e1bb egy beny\u00fajtott k\u00e9zirattal kell rendelkeznie, \u00e9s a legt\u00f6bb esetben a m\u00e1sodik projektnek is el\u0151rehaladott f\u00e1zisban kell lennie. A hallgat\u00f3kat k\u00fcl\u00f6nb\u00f6z\u0151 el\u0151rehalad\u00e1si &hellip;<\/p>\n","protected":false},"author":101929,"featured_media":0,"parent":2001,"menu_order":0,"comment_status":"closed","ping_status":"closed","template":"","meta":{"_acf_changed":false,"footnotes":""},"categories":[],"tags":[],"class_list":["post-5126","page","type-page","status-publish","hentry"],"acf":[],"_links":{"self":[{"href":"https:\/\/semmelweis.hu\/tmk\/wp-json\/wp\/v2\/pages\/5126","targetHints":{"allow":["GET"]}}],"collection":[{"href":"https:\/\/semmelweis.hu\/tmk\/wp-json\/wp\/v2\/pages"}],"about":[{"href":"https:\/\/semmelweis.hu\/tmk\/wp-json\/wp\/v2\/types\/page"}],"author":[{"embeddable":true,"href":"https:\/\/semmelweis.hu\/tmk\/wp-json\/wp\/v2\/users\/101929"}],"replies":[{"embeddable":true,"href":"https:\/\/semmelweis.hu\/tmk\/wp-json\/wp\/v2\/comments?post=5126"}],"version-history":[{"count":8,"href":"https:\/\/semmelweis.hu\/tmk\/wp-json\/wp\/v2\/pages\/5126\/revisions"}],"predecessor-version":[{"id":7484,"href":"https:\/\/semmelweis.hu\/tmk\/wp-json\/wp\/v2\/pages\/5126\/revisions\/7484"}],"up":[{"embeddable":true,"href":"https:\/\/semmelweis.hu\/tmk\/wp-json\/wp\/v2\/pages\/2001"}],"wp:attachment":[{"href":"https:\/\/semmelweis.hu\/tmk\/wp-json\/wp\/v2\/media?parent=5126"}],"wp:term":[{"taxonomy":"category","embeddable":true,"href":"https:\/\/semmelweis.hu\/tmk\/wp-json\/wp\/v2\/categories?post=5126"},{"taxonomy":"post_tag","embeddable":true,"href":"https:\/\/semmelweis.hu\/tmk\/wp-json\/wp\/v2\/tags?post=5126"}],"curies":[{"name":"wp","href":"https:\/\/api.w.org\/{rel}","templated":true}]}}