{"id":4345,"date":"2025-02-21T10:23:04","date_gmt":"2025-02-21T09:23:04","guid":{"rendered":"https:\/\/semmelweis.hu\/tmk\/?page_id=4345"},"modified":"2025-07-22T12:55:11","modified_gmt":"2025-07-22T10:55:11","slug":"evkonyvek","status":"publish","type":"page","link":"https:\/\/semmelweis.hu\/tmk\/oktatas\/evkonyvek\/","title":{"rendered":"\u00c9vk\u00f6nyvek"},"content":{"rendered":"<p><span style=\"font-size: 1rem\">A Transzl\u00e1ci\u00f3s Medicina K\u00f6zpont \u00e9vr\u0151l \u00e9vre \u00f6ssze\u00e1ll\u00edtja a <\/span><strong style=\"font-size: 1rem\" data-start=\"99\" data-end=\"115\">Project Book<\/strong><span style=\"font-size: 1rem\"> kiadv\u00e1nyt, amelyben bemutatjuk hallgat\u00f3ink legfrissebb kutat\u00e1sait, innovat\u00edv projektjeit \u00e9s tudom\u00e1nyos eredm\u00e9nyeiket. Ez az oldal az elm\u00falt \u00e9vek <\/span><strong style=\"font-size: 1rem\" data-start=\"251\" data-end=\"273\">Project Bookjainak<\/strong><span style=\"font-size: 1rem\"> gy\u0171jtem\u00e9nye, lehet\u0151s\u00e9get adva az \u00e9rdekl\u0151d\u0151knek, hogy betekint\u00e9st nyerjenek k\u00f6zpontunk munk\u00e1j\u00e1ba \u00e9s a transzl\u00e1ci\u00f3s medicina ter\u00fclet\u00e9nek fejl\u0151d\u00e9s\u00e9be.<\/span><\/p>\n<p data-start=\"424\" data-end=\"643\">A kiadv\u00e1nyok \u00e1tlapoz\u00e1s\u00e1val k\u00f6vethet\u0151, hogyan alakultak kutat\u00e1si ir\u00e1nyaink, milyen \u00faj m\u00f3dszereket \u00e9s technol\u00f3gi\u00e1kat alkalmaztunk, valamint hogy milyen eredm\u00e9nyeket \u00e9rt\u00fcnk el a klinikai gyakorlatba val\u00f3 \u00e1t\u00fcltet\u00e9s ter\u00e9n.<\/p>\n<div class=\"container\"><script type=\"text\/javascript\" src=\"https:\/\/semmelweis.hu\/tmk\/wp-content\/themes\/se18\/dist\/scripts\/carousel.js\"><\/script>        <div class=\"post-slide row px-0\">\r\n                            <div class=\"owl-carousel col-12 px-0 mt-2 mb-4\">\r\n                                            <div class=\"card card-img\">\r\n                            <a class=\"item-1\" href=\"#\">\r\n                                <img loading=\"lazy\" decoding=\"async\" width=\"600\" height=\"400\" src=\"https:\/\/semmelweis.hu\/tmk\/files\/2025\/07\/1.png\" class=\"landscape wp-post-image\" alt=\"\" srcset=\"https:\/\/semmelweis.hu\/tmk\/files\/2025\/07\/1.png 600w, https:\/\/semmelweis.hu\/tmk\/files\/2025\/07\/1-400x267.png 400w, https:\/\/semmelweis.hu\/tmk\/files\/2025\/07\/1-203x135.png 203w\" sizes=\"auto, (max-width: 600px) 100vw, 600px\" \/>                            <\/a>\r\n                        <\/div>\r\n                                                <div class=\"card card-img\">\r\n                            <a class=\"item-2\" href=\"#\">\r\n                                <img loading=\"lazy\" decoding=\"async\" width=\"600\" height=\"400\" src=\"https:\/\/semmelweis.hu\/tmk\/files\/2025\/07\/2.png\" class=\"landscape wp-post-image\" alt=\"\" srcset=\"https:\/\/semmelweis.hu\/tmk\/files\/2025\/07\/2.png 600w, https:\/\/semmelweis.hu\/tmk\/files\/2025\/07\/2-400x267.png 400w, https:\/\/semmelweis.hu\/tmk\/files\/2025\/07\/2-203x135.png 203w\" sizes=\"auto, (max-width: 600px) 100vw, 600px\" \/>                            <\/a>\r\n                        <\/div>\r\n                                                <div class=\"card card-img\">\r\n                            <a class=\"item-3\" href=\"#\">\r\n                                <img loading=\"lazy\" decoding=\"async\" width=\"600\" height=\"400\" src=\"https:\/\/semmelweis.hu\/tmk\/files\/2025\/07\/3-1.png\" class=\"landscape wp-post-image\" alt=\"\" srcset=\"https:\/\/semmelweis.hu\/tmk\/files\/2025\/07\/3-1.png 600w, https:\/\/semmelweis.hu\/tmk\/files\/2025\/07\/3-1-400x267.png 400w, https:\/\/semmelweis.hu\/tmk\/files\/2025\/07\/3-1-203x135.png 203w\" sizes=\"auto, (max-width: 600px) 100vw, 600px\" \/>                            <\/a>\r\n                        <\/div>\r\n                                                <div class=\"card card-img\">\r\n                            <a class=\"item-4\" href=\"#\">\r\n                                <img loading=\"lazy\" decoding=\"async\" width=\"600\" height=\"400\" src=\"https:\/\/semmelweis.hu\/tmk\/files\/2025\/07\/4-1.png\" class=\"landscape wp-post-image\" alt=\"\" srcset=\"https:\/\/semmelweis.hu\/tmk\/files\/2025\/07\/4-1.png 600w, https:\/\/semmelweis.hu\/tmk\/files\/2025\/07\/4-1-400x267.png 400w, https:\/\/semmelweis.hu\/tmk\/files\/2025\/07\/4-1-203x135.png 203w\" sizes=\"auto, (max-width: 600px) 100vw, 600px\" \/>                            <\/a>\r\n                        <\/div>\r\n                                                <div class=\"card card-img\">\r\n                            <a class=\"item-5\" href=\"#\">\r\n                                <img loading=\"lazy\" decoding=\"async\" width=\"600\" height=\"400\" src=\"https:\/\/semmelweis.hu\/tmk\/files\/2025\/11\/Project-Book-202-1.png\" class=\"landscape wp-post-image\" alt=\"\" srcset=\"https:\/\/semmelweis.hu\/tmk\/files\/2025\/11\/Project-Book-202-1.png 600w, https:\/\/semmelweis.hu\/tmk\/files\/2025\/11\/Project-Book-202-1-400x267.png 400w, https:\/\/semmelweis.hu\/tmk\/files\/2025\/11\/Project-Book-202-1-203x135.png 203w\" sizes=\"auto, (max-width: 600px) 100vw, 600px\" \/>                            <\/a>\r\n                        <\/div>\r\n                                    \r\n                <\/div>\r\n                <div class=\"captions w-100\">\r\n                                            <div class=\"caption item-1 mx-0 my-2 px-normal\">\r\n                                                                <div class=\"caption-sign\">\r\n                                        <div class=\"post-slide-title\">\r\n                                            <h3>\r\n                                                Students &amp; Projects 2021\/2022                                            <\/h3>\r\n                                        <\/div>\r\n                                    <\/div>\r\n                                                                \r\n                            <h6 class=\"counter col-2 col-md-1\">\r\n                                <span class=\"bold\">1<\/span> \/ 5                            <\/h6>\r\n                            <!-- <div class=\"caption-text col-12 col-md-11 offset-md-1 col-lg-9 offset-lg-3  pt-3 px-normal\">                         -->\r\n                            <div class=\"caption-text col-12 offset-md-1   pt-3 p-0 m-0 ml-2 \">\r\n                                    <p><a href=\"https:\/\/semmelweis.hu\/tmk\/files\/2025\/02\/22-0216122854.pdf\" target=\"_blank\" rel=\"noopener\" type=\"application\/pdf; length=12958219\">Students &amp; Projects 2021\/2022<\/a><\/p>                            <\/div>\r\n\r\n                        <\/div>\r\n                                            <div class=\"caption item-2 mx-0 my-2 px-normal\">\r\n                                                                <div class=\"caption-sign\">\r\n                                        <div class=\"post-slide-title\">\r\n                                            <h3>\r\n                                                Students &amp; Projects 2022\/2023                                            <\/h3>\r\n                                        <\/div>\r\n                                    <\/div>\r\n                                                                \r\n                            <h6 class=\"counter col-2 col-md-1\">\r\n                                <span class=\"bold\">2<\/span> \/ 5                            <\/h6>\r\n                            <!-- <div class=\"caption-text col-12 col-md-11 offset-md-1 col-lg-9 offset-lg-3  pt-3 px-normal\">                         -->\r\n                            <div class=\"caption-text col-12 offset-md-1   pt-3 p-0 m-0 ml-2 \">\r\n                                    <p><a href=\"https:\/\/semmelweis.hu\/tmk\/files\/2022\/12\/pb2223-0109075011.pdf\" target=\"_blank\" rel=\"noopener\" type=\"application\/pdf; length=9282878\">Students &amp; Projects 2022\/2023<\/a><\/p>                            <\/div>\r\n\r\n                        <\/div>\r\n                                            <div class=\"caption item-3 mx-0 my-2 px-normal\">\r\n                                                                <div class=\"caption-sign\">\r\n                                        <div class=\"post-slide-title\">\r\n                                            <h3>\r\n                                                Students &amp; Projects 2023\/2024                                            <\/h3>\r\n                                        <\/div>\r\n                                    <\/div>\r\n                                                                \r\n                            <h6 class=\"counter col-2 col-md-1\">\r\n                                <span class=\"bold\">3<\/span> \/ 5                            <\/h6>\r\n                            <!-- <div class=\"caption-text col-12 col-md-11 offset-md-1 col-lg-9 offset-lg-3  pt-3 px-normal\">                         -->\r\n                            <div class=\"caption-text col-12 offset-md-1   pt-3 p-0 m-0 ml-2 \">\r\n                                    <p><a href=\"https:\/\/semmelweis.hu\/tmk\/files\/2023\/12\/PROJECT_BOOK_2324_COMPRESSED.pdf\" target=\"_blank\" rel=\"noopener\" type=\"application\/pdf; length=9275920\">Students &amp; Projects 2023\/2024<\/a><\/p>                            <\/div>\r\n\r\n                        <\/div>\r\n                                            <div class=\"caption item-4 mx-0 my-2 px-normal\">\r\n                                                                <div class=\"caption-sign\">\r\n                                        <div class=\"post-slide-title\">\r\n                                            <h3>\r\n                                                Students &amp; Projects 2024\/2025                                            <\/h3>\r\n                                        <\/div>\r\n                                    <\/div>\r\n                                                                \r\n                            <h6 class=\"counter col-2 col-md-1\">\r\n                                <span class=\"bold\">4<\/span> \/ 5                            <\/h6>\r\n                            <!-- <div class=\"caption-text col-12 col-md-11 offset-md-1 col-lg-9 offset-lg-3  pt-3 px-normal\">                         -->\r\n                            <div class=\"caption-text col-12 offset-md-1   pt-3 p-0 m-0 ml-2 \">\r\n                                    <p><a href=\"https:\/\/semmelweis.hu\/tmk\/files\/2025\/08\/PROJECT-BOOK-2425_compressed-3.pdf\" target=\"_blank\" rel=\"noopener\" type=\"application\/pdf; length=11544565\">Students &amp; Projects 2024\/2025<\/a><\/p>                            <\/div>\r\n\r\n                        <\/div>\r\n                                            <div class=\"caption item-5 mx-0 my-2 px-normal\">\r\n                                                                <div class=\"caption-sign\">\r\n                                        <div class=\"post-slide-title\">\r\n                                            <h3>\r\n                                                Students &amp; Projects 2025\/2026                                            <\/h3>\r\n                                        <\/div>\r\n                                    <\/div>\r\n                                                                \r\n                            <h6 class=\"counter col-2 col-md-1\">\r\n                                <span class=\"bold\">5<\/span> \/ 5                            <\/h6>\r\n                            <!-- <div class=\"caption-text col-12 col-md-11 offset-md-1 col-lg-9 offset-lg-3  pt-3 px-normal\">                         -->\r\n                            <div class=\"caption-text col-12 offset-md-1   pt-3 p-0 m-0 ml-2 \">\r\n                                    <p><a href=\"https:\/\/semmelweis.hu\/tmk\/files\/2026\/01\/project-book-2526-compressed_3_compressed.pdf\" target=\"_blank\" rel=\"noopener\" type=\"application\/pdf; length=11544565\">Students &amp; Projects 2025\/2026<\/a><\/p>                            <\/div>\r\n\r\n                        <\/div>\r\n                                    <\/div>\r\n                        <\/div>\r\n\r\n\r\n        <\/div>\n","protected":false},"excerpt":{"rendered":"<p><a href=\"https:\/\/semmelweis.hu\/tmk\/files\/2026\/01\/project-book-2526-compressed_3_compressed.pdf\" target=\"_blank\" rel=\"noopener\" type=\"application\/pdf; length=11544565\">Students &amp; Projects 2025\/2026<\/a><\/p>\n","protected":false},"author":101929,"featured_media":0,"parent":2799,"menu_order":0,"comment_status":"closed","ping_status":"closed","template":"","meta":{"_acf_changed":false,"footnotes":""},"categories":[],"tags":[],"class_list":["post-4345","page","type-page","status-publish","hentry"],"acf":[],"_links":{"self":[{"href":"https:\/\/semmelweis.hu\/tmk\/wp-json\/wp\/v2\/pages\/4345","targetHints":{"allow":["GET"]}}],"collection":[{"href":"https:\/\/semmelweis.hu\/tmk\/wp-json\/wp\/v2\/pages"}],"about":[{"href":"https:\/\/semmelweis.hu\/tmk\/wp-json\/wp\/v2\/types\/page"}],"author":[{"embeddable":true,"href":"https:\/\/semmelweis.hu\/tmk\/wp-json\/wp\/v2\/users\/101929"}],"replies":[{"embeddable":true,"href":"https:\/\/semmelweis.hu\/tmk\/wp-json\/wp\/v2\/comments?post=4345"}],"version-history":[{"count":9,"href":"https:\/\/semmelweis.hu\/tmk\/wp-json\/wp\/v2\/pages\/4345\/revisions"}],"predecessor-version":[{"id":5101,"href":"https:\/\/semmelweis.hu\/tmk\/wp-json\/wp\/v2\/pages\/4345\/revisions\/5101"}],"up":[{"embeddable":true,"href":"https:\/\/semmelweis.hu\/tmk\/wp-json\/wp\/v2\/pages\/2799"}],"wp:attachment":[{"href":"https:\/\/semmelweis.hu\/tmk\/wp-json\/wp\/v2\/media?parent=4345"}],"wp:term":[{"taxonomy":"category","embeddable":true,"href":"https:\/\/semmelweis.hu\/tmk\/wp-json\/wp\/v2\/categories?post=4345"},{"taxonomy":"post_tag","embeddable":true,"href":"https:\/\/semmelweis.hu\/tmk\/wp-json\/wp\/v2\/tags?post=4345"}],"curies":[{"name":"wp","href":"https:\/\/api.w.org\/{rel}","templated":true}]}}