{"id":4254,"date":"2025-02-19T09:27:55","date_gmt":"2025-02-19T08:27:55","guid":{"rendered":"https:\/\/semmelweis.hu\/tmk\/?page_id=4254"},"modified":"2025-07-31T14:59:58","modified_gmt":"2025-07-31T12:59:58","slug":"seminar-lectures","status":"publish","type":"page","link":"https:\/\/semmelweis.hu\/tmk\/tudomanyos-rendezvenyek\/seminar-lectures\/","title":{"rendered":"Seminar Lectures"},"content":{"rendered":"<div class=\"fontos_div\">\n<p data-start=\"55\" data-end=\"305\">A TMK minden \u00e9vben t\u00f6bb szemin\u00e1riumot szervez hallgat\u00f3ink sz\u00e1m\u00e1ra, ahol kiemelked\u0151 kutat\u00f3kat l\u00e1tunk vend\u00e9g\u00fcl. Megh\u00edvott el\u0151ad\u00f3ink nemcsak tudom\u00e1nyos eredm\u00e9nyeiket mutatj\u00e1k be, hanem p\u00e1lyafut\u00e1sukkal is inspir\u00e1ci\u00f3t ny\u00fajtanak a fiatal kutat\u00f3k sz\u00e1m\u00e1ra.<\/p>\n<p data-start=\"307\" data-end=\"412\" data-is-last-node=\"\">A szemin\u00e1riumok minden \u00e9rdekl\u0151d\u0151 sz\u00e1m\u00e1ra nyitottak, azonban PhD hallgat\u00f3ink sz\u00e1m\u00e1ra a r\u00e9szv\u00e9tel k\u00f6telez\u0151.<\/p>\n<\/div>\n<p data-start=\"307\" data-end=\"412\" data-is-last-node=\"\"><div id=\"myModal\" class=\"modal fade single-modal-csekk\" tabindex=\"-1\" role=\"dialog\" \r\n     aria-labelledby=\"myModalLabel\" aria-hidden=\"true\">\r\n    <div class=\"modal-dialog\">\r\n        <div class=\"modal-content\">\r\n            <div class=\"modal-body\">\r\n                <button type=\"button\" class=\"close\" data-dismiss=\"modal\" aria-label=\"Close\" aria-hidden=\"true\">&times;<\/button>\r\n                <div class=\"modal-video\">\r\n                    <div class=\"embed-responsive embed-responsive-16by9\">\r\n                        <iframe sandbox=\"allow-scripts allow-same-origin allow-presentation\" id=\"ytplayer\" class=\"embed-responsive-item\" frameborder=\"0\" allow=\"encrypted-media;autoplay\" allowfullscreen><\/iframe>\r\n                    <\/div>\r\n                <\/div>\r\n            <\/div>\r\n        <\/div>\r\n    <\/div>\r\n<\/div>\r\n\r\n<script>\r\n    jQuery(document).ready(function(){\r\n        jQuery('.modal-backdrop').click(function () {\r\n            jQuery('#myModal').modal('hide');\r\n        });\r\n        \/\/ONLY ALLOW ONE MODAL WITH THIS ID!\r\n        $('#myModal').each(function (i) {\r\n                $('[id=\"' + this.id + '\"]').slice(1).remove();\r\n        });\r\n    });\r\n    jQuery('#myModal').on('hidden.bs.modal', function (e) {\r\n        jQuery('#myModal iframe').removeAttr('src');            \r\n    });\r\n\r\n<\/script>\r\n\r\n<section style=\"background-color: white !important\">\r\n    <style>\r\n    .yt-slider .section-link h5:after {\r\n        color: unset !important;\r\n    }\r\n\r\n\r\n\r\n    body:not(.sidebar-primary) videosav .owl-item:not(.center) {\r\n        \/* padding: 0.3%; *\/\r\n    }\r\n\r\n    videosav .owl-item:not(.center) {\r\n        padding: 15px;\r\n    }\r\n\r\n\r\n    videosav .owl-item.center .card {\r\n        \/* margin-left: -40px;\r\n                margin-right: -40px; *\/\r\n    }\r\n\r\n    videosav .card-body {\r\n        background-color:\r\n             white \r\n        ;\r\n        min-height: 0px;\r\n        padding: 0 !important;\r\n\r\n    }\r\n\r\n    .yt-cim-feher {\r\n        line-height: 25px;\r\n        background: rgb(28 49 90 \/ 50%);\r\n        color: #fff;\r\n        position: absolute;\r\n        left: 0;\r\n        top: -45px;\r\n        min-height: 45px;\r\n        font-size: 14px;\r\n        display: -webkit-box !important;\r\n        -webkit-line-clamp: 2;\r\n        overflow: hidden;\r\n        -webkit-box-orient: vertical;\r\n        min-width: 100%;\r\n        padding-left: 5px;\r\n        padding-right: 5px;\r\n        ;\r\n    }\r\n\r\n    .yt-cim-kek {\r\n        line-height: 25px;\r\n        color: #fff;\r\n        min-height: 45px;\r\n        font-size: 16px;\r\n        display: -webkit-box !important;\r\n        -webkit-line-clamp: 2;\r\n        overflow: hidden;\r\n\r\n        -webkit-box-orient: vertical;\r\n    }\r\n\r\n    videosav.yt-slider .owl-item:not(.center) .yt-cim {\r\n        display: none !important;\r\n    }\r\n\r\n    videosav.yt-slider .owl-item.center .yt-cim {\r\n        padding: 15px !important;\r\n        top: -80px;\r\n        min-height: 80px;\r\n\r\n\r\n    }\r\n\r\n    videosav.yt-slider .owl-item.center {\r\n        margin-top: 0;\r\n    }\r\n\r\n    videosav.yt-slider .owl-item.center a:hover {\r\n        background-color: transparent;\r\n    }\r\n\r\n    videosav.yt-slider .owl-item.center .card .counter {\r\n        display: flex;\r\n        align-content: flex-start;\r\n        justify-content: center;\r\n        align-items: flex-end;\r\n        min-height: 28px;\r\n    }\r\n\r\n    videosav.yt-slider .owl-nav {\r\n        padding-top: 1.5rem;\r\n\r\n\r\n    }\r\n\r\n    videosav.yt-slider .owl-nav button {\r\n        height: calc(100% - 35px);\r\n        margin: 0;\r\n\r\n\r\n    }\r\n\r\n    videosav.yt-slider .owl-item a.videolink.ready {\r\n        height: inherit !important;\r\n        padding-top: unset !important;\r\n        aspect-ratio: 16 \/ 9;\r\n        padding-top: 1%;\r\n        padding-bottom: 1%;\r\n\r\n    }\r\n\r\n    videosav.yt-slider .owl-item .videolink:after {\r\n        \/* top: -30px; *\/\r\n        \/* background-position-y: calc(50% - 28px); *\/\r\n        aspect-ratio: 16 \/ 9;\r\n        height: inherit !important;\r\n    }\r\n\r\n    videosav.yt-slider .owl-item.active.center .videolink:after {\r\n        \/* top: -30px; *\/\r\n        \/* background-position-y: calc(50% - 28px); *\/\r\n        background-position-y: calc(50% + 5px);\r\n\r\n    }\r\n<\/style>\r\n    <div class=\"yt-slider videosav \">\r\n                    <!-- <div class=\"section-row row <?= mt-2 ?> <?php (mt-2 == \"mt-0\" ? \"pt-0\" : \"pt-3\") ?> pl-0 pr-0 mx-lg-0\"\r\n            style=\"background-color: <?= white ?>; padding-top: 10px;\"> -->\r\n            <div class=\"section-row row  mt-2 pt-3  pl-0 pr-0 mx-lg-0\"\r\n            style=\"background-color:  white; padding-top: 10px;\">\r\n            <div class=\"col-md-auto section-title\" style=\"background-color: #1C315A;\">\r\n                <h2 style=\"color: white ;\"> Seminar Lecture vide\u00f3ink <\/h2>\r\n            <\/div>\r\n            <div class=\"col section-divider px-0 mx-2 d-none d-md-block\"\r\n                style=\"background-color: #1C315A;\"><\/div>\r\n\r\n            <div class=\"col col-md-auto section-link text-uppercase px-0 d-none d-md-block\" style=\"margin-right: 5px;\">\r\n                <h5 class=\"m-0 After-text-white\" style=\"color:  #1C315A  !important;\">\r\n    <a href=\"https:\/\/www.youtube.com\/playlist?list=PLRKA1an--trf9uW0eUcEWgcspnrYsrJBm\"\r\n        style=\"color: #1C315A  !important;\">\r\n            Tov\u00e1bbi vide\u00f3k\r\n    <\/a>\r\n<\/h5>\r\n            <\/div>\r\n        <\/div>\r\n        <div class=\"row px-0  mb-0 mx-lg-0\" style=\"background-color: white\">\r\n\r\n            <div class=\"owl-carousel col-12 px-0 mt-2 mb-3\">\r\n                \r\n<div class=\"card\">\r\n    <div class=\"card-img\">\r\n        <a class=\"videolink\" href=\"https:\/\/www.youtube.com\/watch?v=BUxz71DAaXw\" data-src=\"https:\/\/www.youtube.com\/embed\/BUxz71DAaXw?modestbranding=1&rel=0&controls=1&showinfo=0&html5=1&autoplay=1\"\r\n            style=\"background-image: url(https:\/\/i.ytimg.com\/vi\/BUxz71DAaXw\/maxresdefault.jpg)\">\r\n        <\/a>\r\n    <\/div>\r\n            \r\n    <h6 class=\"counter text-center  text-white\" style=\"color:  #1C315A  !important;\">\r\n        <span class=\"bold\"> 1 <\/span> \/  15\r\n    <\/h6>\r\n\r\n<\/div>\r\n<div class=\"card\">\r\n    <div class=\"card-img\">\r\n        <a class=\"videolink\" href=\"https:\/\/www.youtube.com\/watch?v=WLvd3eoXcq0\" data-src=\"https:\/\/www.youtube.com\/embed\/WLvd3eoXcq0?modestbranding=1&rel=0&controls=1&showinfo=0&html5=1&autoplay=1\"\r\n            style=\"background-image: url(https:\/\/i.ytimg.com\/vi\/WLvd3eoXcq0\/maxresdefault.jpg)\">\r\n        <\/a>\r\n    <\/div>\r\n            \r\n    <h6 class=\"counter text-center  text-white\" style=\"color:  #1C315A  !important;\">\r\n        <span class=\"bold\"> 2 <\/span> \/  15\r\n    <\/h6>\r\n\r\n<\/div>\r\n<div class=\"card\">\r\n    <div class=\"card-img\">\r\n        <a class=\"videolink\" href=\"https:\/\/www.youtube.com\/watch?v=hMEbS4ZhRDs\" data-src=\"https:\/\/www.youtube.com\/embed\/hMEbS4ZhRDs?modestbranding=1&rel=0&controls=1&showinfo=0&html5=1&autoplay=1\"\r\n            style=\"background-image: url(https:\/\/i.ytimg.com\/vi\/hMEbS4ZhRDs\/maxresdefault.jpg)\">\r\n        <\/a>\r\n    <\/div>\r\n            \r\n    <h6 class=\"counter text-center  text-white\" style=\"color:  #1C315A  !important;\">\r\n        <span class=\"bold\"> 3 <\/span> \/  15\r\n    <\/h6>\r\n\r\n<\/div>\r\n<div class=\"card\">\r\n    <div class=\"card-img\">\r\n        <a class=\"videolink\" href=\"https:\/\/www.youtube.com\/watch?v=SJTyr-Ys9Mo\" data-src=\"https:\/\/www.youtube.com\/embed\/SJTyr-Ys9Mo?modestbranding=1&rel=0&controls=1&showinfo=0&html5=1&autoplay=1\"\r\n            style=\"background-image: url(https:\/\/i.ytimg.com\/vi\/SJTyr-Ys9Mo\/maxresdefault.jpg)\">\r\n        <\/a>\r\n    <\/div>\r\n            \r\n    <h6 class=\"counter text-center  text-white\" style=\"color:  #1C315A  !important;\">\r\n        <span class=\"bold\"> 4 <\/span> \/  15\r\n    <\/h6>\r\n\r\n<\/div>\r\n<div class=\"card\">\r\n    <div class=\"card-img\">\r\n        <a class=\"videolink\" href=\"https:\/\/www.youtube.com\/watch?v=qkn_AOBq64w\" data-src=\"https:\/\/www.youtube.com\/embed\/qkn_AOBq64w?modestbranding=1&rel=0&controls=1&showinfo=0&html5=1&autoplay=1\"\r\n            style=\"background-image: url(https:\/\/i.ytimg.com\/vi\/qkn_AOBq64w\/maxresdefault.jpg)\">\r\n        <\/a>\r\n    <\/div>\r\n            \r\n    <h6 class=\"counter text-center  text-white\" style=\"color:  #1C315A  !important;\">\r\n        <span class=\"bold\"> 5 <\/span> \/  15\r\n    <\/h6>\r\n\r\n<\/div>\r\n<div class=\"card\">\r\n    <div class=\"card-img\">\r\n        <a class=\"videolink\" href=\"https:\/\/www.youtube.com\/watch?v=bvY9xhbLsbE\" data-src=\"https:\/\/www.youtube.com\/embed\/bvY9xhbLsbE?modestbranding=1&rel=0&controls=1&showinfo=0&html5=1&autoplay=1\"\r\n            style=\"background-image: url(https:\/\/i.ytimg.com\/vi\/bvY9xhbLsbE\/maxresdefault.jpg)\">\r\n        <\/a>\r\n    <\/div>\r\n            \r\n    <h6 class=\"counter text-center  text-white\" style=\"color:  #1C315A  !important;\">\r\n        <span class=\"bold\"> 6 <\/span> \/  15\r\n    <\/h6>\r\n\r\n<\/div>\r\n<div class=\"card\">\r\n    <div class=\"card-img\">\r\n        <a class=\"videolink\" href=\"https:\/\/www.youtube.com\/watch?v=iyQ92wVVsBg\" data-src=\"https:\/\/www.youtube.com\/embed\/iyQ92wVVsBg?modestbranding=1&rel=0&controls=1&showinfo=0&html5=1&autoplay=1\"\r\n            style=\"background-image: url(https:\/\/i.ytimg.com\/vi\/iyQ92wVVsBg\/maxresdefault.jpg)\">\r\n        <\/a>\r\n    <\/div>\r\n            \r\n    <h6 class=\"counter text-center  text-white\" style=\"color:  #1C315A  !important;\">\r\n        <span class=\"bold\"> 7 <\/span> \/  15\r\n    <\/h6>\r\n\r\n<\/div>\r\n<div class=\"card\">\r\n    <div class=\"card-img\">\r\n        <a class=\"videolink\" href=\"https:\/\/www.youtube.com\/watch?v=wKItwmqfqj8\" data-src=\"https:\/\/www.youtube.com\/embed\/wKItwmqfqj8?modestbranding=1&rel=0&controls=1&showinfo=0&html5=1&autoplay=1\"\r\n            style=\"background-image: url(https:\/\/i.ytimg.com\/vi\/wKItwmqfqj8\/maxresdefault.jpg)\">\r\n        <\/a>\r\n    <\/div>\r\n            \r\n    <h6 class=\"counter text-center  text-white\" style=\"color:  #1C315A  !important;\">\r\n        <span class=\"bold\"> 8 <\/span> \/  15\r\n    <\/h6>\r\n\r\n<\/div>\r\n<div class=\"card\">\r\n    <div class=\"card-img\">\r\n        <a class=\"videolink\" href=\"https:\/\/www.youtube.com\/watch?v=-IYcL0ImeIY\" data-src=\"https:\/\/www.youtube.com\/embed\/-IYcL0ImeIY?modestbranding=1&rel=0&controls=1&showinfo=0&html5=1&autoplay=1\"\r\n            style=\"background-image: url(https:\/\/i.ytimg.com\/vi\/-IYcL0ImeIY\/maxresdefault.jpg)\">\r\n        <\/a>\r\n    <\/div>\r\n            \r\n    <h6 class=\"counter text-center  text-white\" style=\"color:  #1C315A  !important;\">\r\n        <span class=\"bold\"> 9 <\/span> \/  15\r\n    <\/h6>\r\n\r\n<\/div>\r\n<div class=\"card\">\r\n    <div class=\"card-img\">\r\n        <a class=\"videolink\" href=\"https:\/\/www.youtube.com\/watch?v=x_cQIkwOKBg\" data-src=\"https:\/\/www.youtube.com\/embed\/x_cQIkwOKBg?modestbranding=1&rel=0&controls=1&showinfo=0&html5=1&autoplay=1\"\r\n            style=\"background-image: url(https:\/\/i.ytimg.com\/vi\/x_cQIkwOKBg\/maxresdefault.jpg)\">\r\n        <\/a>\r\n    <\/div>\r\n            \r\n    <h6 class=\"counter text-center  text-white\" style=\"color:  #1C315A  !important;\">\r\n        <span class=\"bold\"> 10 <\/span> \/  15\r\n    <\/h6>\r\n\r\n<\/div>\r\n<div class=\"card\">\r\n    <div class=\"card-img\">\r\n        <a class=\"videolink\" href=\"https:\/\/www.youtube.com\/watch?v=wfb1XDuvywI\" data-src=\"https:\/\/www.youtube.com\/embed\/wfb1XDuvywI?modestbranding=1&rel=0&controls=1&showinfo=0&html5=1&autoplay=1\"\r\n            style=\"background-image: url(https:\/\/i.ytimg.com\/vi\/wfb1XDuvywI\/maxresdefault.jpg)\">\r\n        <\/a>\r\n    <\/div>\r\n            \r\n    <h6 class=\"counter text-center  text-white\" style=\"color:  #1C315A  !important;\">\r\n        <span class=\"bold\"> 11 <\/span> \/  15\r\n    <\/h6>\r\n\r\n<\/div>\r\n<div class=\"card\">\r\n    <div class=\"card-img\">\r\n        <a class=\"videolink\" href=\"https:\/\/www.youtube.com\/watch?v=g6ekQVC0rAw\" data-src=\"https:\/\/www.youtube.com\/embed\/g6ekQVC0rAw?modestbranding=1&rel=0&controls=1&showinfo=0&html5=1&autoplay=1\"\r\n            style=\"background-image: url(https:\/\/i.ytimg.com\/vi\/g6ekQVC0rAw\/maxresdefault.jpg)\">\r\n        <\/a>\r\n    <\/div>\r\n            \r\n    <h6 class=\"counter text-center  text-white\" style=\"color:  #1C315A  !important;\">\r\n        <span class=\"bold\"> 12 <\/span> \/  15\r\n    <\/h6>\r\n\r\n<\/div>\r\n<div class=\"card\">\r\n    <div class=\"card-img\">\r\n        <a class=\"videolink\" href=\"https:\/\/www.youtube.com\/watch?v=KAc8MbwzKZA\" data-src=\"https:\/\/www.youtube.com\/embed\/KAc8MbwzKZA?modestbranding=1&rel=0&controls=1&showinfo=0&html5=1&autoplay=1\"\r\n            style=\"background-image: url(https:\/\/i.ytimg.com\/vi\/KAc8MbwzKZA\/maxresdefault.jpg)\">\r\n        <\/a>\r\n    <\/div>\r\n            \r\n    <h6 class=\"counter text-center  text-white\" style=\"color:  #1C315A  !important;\">\r\n        <span class=\"bold\"> 13 <\/span> \/  15\r\n    <\/h6>\r\n\r\n<\/div>\r\n<div class=\"card\">\r\n    <div class=\"card-img\">\r\n        <a class=\"videolink\" href=\"https:\/\/www.youtube.com\/watch?v=EgevF21K-cI\" data-src=\"https:\/\/www.youtube.com\/embed\/EgevF21K-cI?modestbranding=1&rel=0&controls=1&showinfo=0&html5=1&autoplay=1\"\r\n            style=\"background-image: url(https:\/\/i.ytimg.com\/vi\/EgevF21K-cI\/maxresdefault.jpg)\">\r\n        <\/a>\r\n    <\/div>\r\n            \r\n    <h6 class=\"counter text-center  text-white\" style=\"color:  #1C315A  !important;\">\r\n        <span class=\"bold\"> 14 <\/span> \/  15\r\n    <\/h6>\r\n\r\n<\/div>\r\n<div class=\"card\">\r\n    <div class=\"card-img\">\r\n        <a class=\"videolink\" href=\"https:\/\/www.youtube.com\/watch?v=oGNWxtW2QMk\" data-src=\"https:\/\/www.youtube.com\/embed\/oGNWxtW2QMk?modestbranding=1&rel=0&controls=1&showinfo=0&html5=1&autoplay=1\"\r\n            style=\"background-image: url(https:\/\/i.ytimg.com\/vi\/oGNWxtW2QMk\/maxresdefault.jpg)\">\r\n        <\/a>\r\n    <\/div>\r\n            \r\n    <h6 class=\"counter text-center  text-white\" style=\"color:  #1C315A  !important;\">\r\n        <span class=\"bold\"> 15 <\/span> \/  15\r\n    <\/h6>\r\n\r\n<\/div>\r\n            <\/div>\r\n            <div class=\"col col-md-auto section-link text-uppercase px-2 d-md-none flex-row-reverse d-flex\"\r\n                style=\"margin: -14px 12px 10px 8px;\">\r\n                    <h5 class=\"m-0 After-text-white\" style=\"color:  #1C315A  !important;\">\r\n    <a href=\"https:\/\/www.youtube.com\/playlist?list=PLRKA1an--trf9uW0eUcEWgcspnrYsrJBm\"\r\n        style=\"color: #1C315A  !important;\">\r\n            Tov\u00e1bbi vide\u00f3k\r\n    <\/a>\r\n<\/h5>\r\n                <div class=\"col section-divider px-0 mx-2\" style=\"margin-top: 7px;\"><\/div>\r\n            <\/div>\r\n        <\/div>\r\n    <\/div>\r\n<\/section><\/p>\n<pre>\u00a0<\/pre>\n","protected":false},"excerpt":{"rendered":"<p>A TMK minden \u00e9vben t\u00f6bb szemin\u00e1riumot szervez hallgat\u00f3ink sz\u00e1m\u00e1ra, ahol kiemelked\u0151 kutat\u00f3kat l\u00e1tunk vend\u00e9g\u00fcl. Megh\u00edvott el\u0151ad\u00f3ink nemcsak tudom\u00e1nyos eredm\u00e9nyeiket mutatj\u00e1k be, hanem p\u00e1lyafut\u00e1sukkal is inspir\u00e1ci\u00f3t ny\u00fajtanak a fiatal kutat\u00f3k sz\u00e1m\u00e1ra.<br \/>\nA szemin\u00e1riumok minden \u00e9rdekl\u0151d\u0151 sz\u00e1m\u00e1ra nyitottak, azonban PhD hallgat\u00f3ink sz\u00e1m\u00e1ra a r\u00e9szv\u00e9tel k\u00f6telez\u0151.<\/p>\n<p>\u00a0<\/p>\n","protected":false},"author":101929,"featured_media":5567,"parent":2668,"menu_order":0,"comment_status":"closed","ping_status":"closed","template":"","meta":{"_acf_changed":false,"footnotes":""},"categories":[19],"tags":[],"class_list":["post-4254","page","type-page","status-publish","has-post-thumbnail","hentry","category-esemeny"],"acf":[],"_links":{"self":[{"href":"https:\/\/semmelweis.hu\/tmk\/wp-json\/wp\/v2\/pages\/4254","targetHints":{"allow":["GET"]}}],"collection":[{"href":"https:\/\/semmelweis.hu\/tmk\/wp-json\/wp\/v2\/pages"}],"about":[{"href":"https:\/\/semmelweis.hu\/tmk\/wp-json\/wp\/v2\/types\/page"}],"author":[{"embeddable":true,"href":"https:\/\/semmelweis.hu\/tmk\/wp-json\/wp\/v2\/users\/101929"}],"replies":[{"embeddable":true,"href":"https:\/\/semmelweis.hu\/tmk\/wp-json\/wp\/v2\/comments?post=4254"}],"version-history":[{"count":5,"href":"https:\/\/semmelweis.hu\/tmk\/wp-json\/wp\/v2\/pages\/4254\/revisions"}],"predecessor-version":[{"id":4274,"href":"https:\/\/semmelweis.hu\/tmk\/wp-json\/wp\/v2\/pages\/4254\/revisions\/4274"}],"up":[{"embeddable":true,"href":"https:\/\/semmelweis.hu\/tmk\/wp-json\/wp\/v2\/pages\/2668"}],"wp:featuredmedia":[{"embeddable":true,"href":"https:\/\/semmelweis.hu\/tmk\/wp-json\/wp\/v2\/media\/5567"}],"wp:attachment":[{"href":"https:\/\/semmelweis.hu\/tmk\/wp-json\/wp\/v2\/media?parent=4254"}],"wp:term":[{"taxonomy":"category","embeddable":true,"href":"https:\/\/semmelweis.hu\/tmk\/wp-json\/wp\/v2\/categories?post=4254"},{"taxonomy":"post_tag","embeddable":true,"href":"https:\/\/semmelweis.hu\/tmk\/wp-json\/wp\/v2\/tags?post=4254"}],"curies":[{"name":"wp","href":"https:\/\/api.w.org\/{rel}","templated":true}]}}