{"id":1386,"date":"2022-10-25T10:29:16","date_gmt":"2022-10-25T08:29:16","guid":{"rendered":"https:\/\/semmelweis.hu\/tmk\/?page_id=1386"},"modified":"2025-08-11T11:17:06","modified_gmt":"2025-08-11T09:17:06","slug":"tdk","status":"publish","type":"page","link":"https:\/\/semmelweis.hu\/tmk\/tdk\/","title":{"rendered":"TDK"},"content":{"rendered":"<h3 style=\"text-align: center\">L\u00e9pj be a kutat\u00e1s vil\u00e1g\u00e1ba! &#8211; Csatlakozz a Transzl\u00e1ci\u00f3s Medicina TDK Programj\u00e1hoz<\/h3>\n<p>A Transzl\u00e1ci\u00f3s Medicina K\u00f6zpont TDK-programja kutat\u00e1si lehet\u0151s\u00e9g orvostanhallgat\u00f3knak \u00e9s eg\u00e9szs\u00e9gtudom\u00e1nyi k\u00e9pz\u00e9sben r\u00e9szt vev\u0151k sz\u00e1m\u00e1ra. A program elk\u00f6telezett amellett, hogy m\u00e1r hallgat\u00f3k\u00e9nt lehet\u0151s\u00e9get biztos\u00edtson a <strong>gyakorlatorient\u00e1lt tudom\u00e1nyos munk\u00e1ba val\u00f3 bekapcsol\u00f3d\u00e1sra<\/strong>. A program c\u00e9lja, hogy a r\u00e9sztvev\u0151k m\u00e1r tanulm\u00e1nyaik alatt tapasztalatot szerezzenek a <strong>kutat\u00e1s \u00e9s klinikum \u00f6sszekapcsol\u00e1s\u00e1nak gyakorlat\u00e1ban<\/strong>, \u00e9s felk\u00e9sz\u00fcljenek a tudom\u00e1nyos \u00e9letp\u00e1ly\u00e1ra \u2013 ak\u00e1r doktori (PhD) k\u00e9pz\u00e9s ir\u00e1ny\u00e1ba is.<\/p>\n<div class=\"exp-col-content-holder\"><a class=\"expand-cnt-link\" href=\"#\">Mi\u00e9rt \u00e9rdemes projekthallgat\u00f3v\u00e1 v\u00e1lni? <\/a><\/p>\n<div class=\"hidden-content\">\n<p class=\"hiddenContentp\">A Transzl\u00e1ci\u00f3s Medicina program keret\u00e9ben lehet\u0151s\u00e9ged ny\u00edlik arra, hogy <strong>val\u00f3di klinikai \u00e9s kutat\u00e1si tapasztalatot szerezz m\u00e1r hallgat\u00f3k\u00e9nt<\/strong> \u2013 olyan k\u00f6rnyezetben, ahol az orvostudom\u00e1ny leg\u00fajabb eredm\u00e9nyei sz\u00fcletnek.<\/p>\n<\/div>\n<\/div>\n<div class=\"exp-col-content-holder\"><a class=\"expand-cnt-link\" href=\"#\">Amit ny\u00fajtunk<\/a><\/p>\n<div class=\"hidden-content\">\n<p class=\"hiddenContentp\">\u2022 <strong>Gyakorlati tapasztalat:<\/strong> akt\u00edv r\u00e9szv\u00e9tel klinikai \u00e9s kutat\u00e1si projektekben<\/p>\n<p class=\"hiddenContentp\">\u2022 <strong>Szabad t\u00e9mav\u00e1laszt\u00e1s:<\/strong> sz\u00e1mos kutat\u00e1si ter\u00fclet k\u00f6z\u00fcl v\u00e1laszthatsz, vagy ak\u00e1r \u00faj t\u00e9m\u00e1t is javasolhatsz<\/p>\n<p class=\"hiddenContentp\">\u2022 <strong>T\u00e1rsszerz\u0151s\u00e9g lehet\u0151s\u00e9ge:<\/strong> amennyiben jelent\u0151s a hozz\u00e1j\u00e1rul\u00e1sod a projekthez<\/p>\n<p class=\"hiddenContentp\">\u2022<strong> Konferenciar\u00e9szv\u00e9tel:<\/strong> saj\u00e1t projektedet bemutathatod a projekt\u00achallgat\u00f3i konferenci\u00e1n<\/p>\n<p class=\"hiddenContentp\">\u2022 <strong>Kapcsolat\u00e9p\u00edt\u00e9s:<\/strong> tal\u00e1lkoz\u00e1si lehet\u0151s\u00e9g az orvostudom\u00e1ny vezet\u0151 szakembereivel<\/p>\n<p class=\"hiddenContentp\">\u2022 <strong>K\u00f6z\u00f6ss\u00e9gi \u00e9lm\u00e9nyek:<\/strong> exkluz\u00edv szakmai \u00e9s k\u00f6z\u00f6ss\u00e9gi esem\u00e9nyek<\/p>\n<p class=\"hiddenContentp\">\u2022 <strong>Oktat\u00e1si hozz\u00e1f\u00e9r\u00e9s:<\/strong> e-learning tananyagok, el\u0151ad\u00e1sok, nemzetk\u00f6zi tud\u00e1sanyag<\/p>\n<p class=\"hiddenContentp\">\u2022 <strong>Els\u0151 szerz\u0151s projekt<\/strong>: kiemelked\u0151en teljes\u00edt\u0151 hallgat\u00f3ink \u00f6n\u00e1ll\u00f3 kutat\u00e1st is ind\u00edthatnak<\/p>\n<\/div>\n<\/div>\n<div class=\"exp-col-content-holder\"><a class=\"expand-cnt-link\" href=\"#\">R\u00e9szv\u00e9teli felt\u00e9telek<\/a><\/p>\n<div class=\"hidden-content\">\n<p class=\"hiddenContentp\"><strong>1. Nyelvtud\u00e1s <\/strong><\/p>\n<p class=\"hiddenContentp\">\u2022 Minimum <strong>B2 szint\u0171 angol nyelvtud\u00e1s<\/strong> sz\u00fcks\u00e9ges a nemzetk\u00f6zi k\u00f6zeghez \u00e9s a projektkommunik\u00e1ci\u00f3hoz<\/p>\n<p class=\"hiddenContentp\"><strong>2. R\u00e9szv\u00e9teli elv\u00e1r\u00e1sok <\/strong><\/p>\n<p class=\"hiddenContentp\">\u2022 <strong>Progress reportokon val\u00f3 r\u00e9szv\u00e9tel:<\/strong> k\u00f6telez\u0151, 3 havonta<\/p>\n<p class=\"hiddenContentp\">\u2022 <strong>Csoportmegbesz\u00e9l\u00e9sek:<\/strong> aj\u00e1nlott, kiemelked\u0151 teljes\u00edtm\u00e9nyhez minimum 50%-os r\u00e9szv\u00e9tel sz\u00fcks\u00e9ges<\/p>\n<p class=\"hiddenContentp\">\u2022 <strong>Projektmeetingek:<\/strong> t\u00e1rsszerz\u0151s\u00e9g felt\u00e9tele minimum 50%-os r\u00e9szv\u00e9tel, kiemelked\u0151 eredm\u00e9nyhez 75%<\/p>\n<p class=\"hiddenContentp\">\u2022 <strong>El\u0151ad\u00e1sok:<\/strong> nem k\u00f6telez\u0151, de er\u0151sen aj\u00e1nlott \u2013 \u00e9ljetek a lehet\u0151s\u00e9ggel!<\/p>\n<p class=\"hiddenContentp\">\u2022 <strong>Meta-anal\u00edzis e-kurzus:<\/strong> sikeres teljes\u00edt\u00e9se minden r\u00e9sztvev\u0151 sz\u00e1m\u00e1ra k\u00f6telez\u0151<\/p>\n<p class=\"hiddenContentp\">\u2022 <strong>Havi ut\u00e1nk\u00f6vet\u00e9s:<\/strong> a rendszeres st\u00e1tuszk\u00e9rd\u0151\u00edv kit\u00f6lt\u00e9se k\u00f6telez\u0151<\/p>\n<\/div>\n<\/div>\n<div class=\"exp-col-content-holder\"><a class=\"expand-cnt-link\" href=\"#\">A jelentkez\u00e9s menete <\/a><\/p>\n<div class=\"hidden-content\">\n<div class=\"keretes w-100\" style=\"width: 80% !important;margin-left: 10% !important;border-left: 0px !important\">\n<h6 style=\"text-align: center\"><strong>1. l\u00e9p\u00e9s<\/strong><br \/>\n<a href=\"https:\/\/forms.gle\/8XpnMRtkSXoVpf3n8\">Online \u0171rlap kit\u00f6lt\u00e9se, r\u00f6vid \u00f6n\u00e9letrajz \u00e9s motiv\u00e1ci\u00f3s lev\u00e9l csatol\u00e1s\u00e1val.<\/a><\/h6>\n<\/div>\n<p style=\"text-align: center\"><span style=\"font-size: 18pt\"><strong>\u21d3<\/strong><\/span><\/p>\n<div class=\"keretes w-100\" style=\"width: 80% !important;margin-left: 10% !important;border-left: 0px !important;text-align: left\">\n<h6 style=\"text-align: center\"><strong>2. l\u00e9p\u00e9s<\/strong><br \/>\nOnline vagy szem\u00e9lyes besz\u00e9lget\u00e9s a TMK koordin\u00e1toraival.<\/h6>\n<\/div>\n<p style=\"text-align: center\"><span style=\"font-size: 18pt\"><strong>\u21d3<\/strong><\/span><\/p>\n<div class=\"keretes w-100\" style=\"width: 80% !important;margin-left: 10% !important;border-left: 0px !important\">\n<h6 style=\"text-align: center\"><strong>3. l\u00e9p\u00e9s<\/strong><br \/>\nProfiladatok megad\u00e1sa, hozz\u00e1f\u00e9r\u00e9s az e-learning kurzushoz.<\/h6>\n<\/div>\n<p style=\"text-align: center\"><span style=\"font-size: 18pt\"><strong>\u21d3<\/strong><\/span><\/p>\n<div class=\"keretes w-100\" style=\"width: 80% !important;margin-left: 10% !important;border-left: 0px !important\">\n<h6 style=\"text-align: center\"><strong>4. l\u00e9p\u00e9s<\/strong><br \/>\nMeta-anal\u00edzis \u00e9s kutat\u00e1sm\u00f3dszertani ismeretek elsaj\u00e1t\u00edt\u00e1sa.<\/h6>\n<\/div>\n<p style=\"text-align: center\"><span style=\"font-size: 18pt\"><strong>\u21d3<\/strong><\/span><\/p>\n<div class=\"keretes w-100\" style=\"width: 80% !important;margin-left: 10% !important;border-left: 0px !important\">\n<h6 style=\"text-align: center\"><strong>5. l\u00e9p\u00e9s<\/strong><br \/>\nBekapcsol\u00f3d\u00e1s a v\u00e1lasztott kutat\u00f3csoport munk\u00e1j\u00e1ba<\/h6>\n<\/div>\n<\/div>\n<\/div>\n<div class=\"exp-col-content-holder\"><a class=\"expand-cnt-link\" href=\"#\">Kinek aj\u00e1nljuk? <\/a><\/p>\n<div class=\"hidden-content\">\n<p class=\"hiddenContentp\">A programot olyan orvostanhallgat\u00f3k, eg\u00e9szs\u00e9gtudom\u00e1nyi k\u00e9pz\u00e9sben r\u00e9szt vev\u0151 hallgat\u00f3k \u00e9s \u00e9rdekl\u0151d\u0151k sz\u00e1m\u00e1ra aj\u00e1nljuk, akik: \u2013 hossz\u00fa t\u00e1von kutat\u00e1si vagy oktat\u00f3i p\u00e1ly\u00e1ban gondolkodnak, \u2013 szeretn\u00e9k k\u00f6zelebbr\u0151l megismerni a transzl\u00e1ci\u00f3s medicina gyakorlati m\u0171k\u00f6d\u00e9s\u00e9t, \u2013 akt\u00edvan r\u00e9szt venn\u00e9nek a tudom\u00e1nyos k\u00f6z\u00f6ss\u00e9g munk\u00e1j\u00e1ban m\u00e1r az egyetemi \u00e9vek alatt.<\/p>\n<\/div>\n<\/div>\n<div class=\"lead\" style=\"text-align: center\"><a href=\"https:\/\/forms.gle\/8XpnMRtkSXoVpf3n8\">Csatlakozz most!<\/a><\/div>\n<div style=\"text-align: center\">Ne csak szeml\u00e9l\u0151je legy\u00e9l a tudom\u00e1ny fejl\u0151d\u00e9s\u00e9nek \u2013 <strong>l\u00e9gy alak\u00edt\u00f3ja<\/strong>!<br \/>\nKezdd el m\u00e1r most tudom\u00e1nyos karriered, mik\u00f6zben val\u00f3di hat\u00e1st gyakorolsz a betegell\u00e1t\u00e1sra<\/div>\n<p style=\"text-align: center\"><a href=\"https:\/\/semmelweis.hu\/tmk\/files\/2025\/07\/PROJECT-STUDENT-PROGRAM.pdf\"><strong>R\u00e9szletes inform\u00e1ci\u00f3k\u00e9rt kattints ide!\u00a0<\/strong><\/a><\/p>\n","protected":false},"excerpt":{"rendered":"<p>L\u00e9pj be a kutat\u00e1s vil\u00e1g\u00e1ba! &#8211; Csatlakozz a Transzl\u00e1ci\u00f3s Medicina TDK Programj\u00e1hoz A Transzl\u00e1ci\u00f3s Medicina K\u00f6zpont TDK-programja kutat\u00e1si lehet\u0151s\u00e9g orvostanhallgat\u00f3knak \u00e9s eg\u00e9szs\u00e9gtudom\u00e1nyi k\u00e9pz\u00e9sben r\u00e9szt vev\u0151k sz\u00e1m\u00e1ra. A program elk\u00f6telezett amellett, hogy m\u00e1r hallgat\u00f3k\u00e9nt lehet\u0151s\u00e9get biztos\u00edtson a gyakorlatorient\u00e1lt tudom\u00e1nyos munk\u00e1ba val\u00f3 bekapcsol\u00f3d\u00e1sra. A program c\u00e9lja, hogy a r\u00e9sztvev\u0151k m\u00e1r tanulm\u00e1nyaik alatt tapasztalatot szerezzenek a kutat\u00e1s \u00e9s &hellip;<\/p>\n","protected":false},"author":101929,"featured_media":0,"parent":0,"menu_order":0,"comment_status":"closed","ping_status":"closed","template":"","meta":{"_acf_changed":false,"footnotes":""},"categories":[],"tags":[],"class_list":["post-1386","page","type-page","status-publish","hentry"],"acf":[],"_links":{"self":[{"href":"https:\/\/semmelweis.hu\/tmk\/wp-json\/wp\/v2\/pages\/1386","targetHints":{"allow":["GET"]}}],"collection":[{"href":"https:\/\/semmelweis.hu\/tmk\/wp-json\/wp\/v2\/pages"}],"about":[{"href":"https:\/\/semmelweis.hu\/tmk\/wp-json\/wp\/v2\/types\/page"}],"author":[{"embeddable":true,"href":"https:\/\/semmelweis.hu\/tmk\/wp-json\/wp\/v2\/users\/101929"}],"replies":[{"embeddable":true,"href":"https:\/\/semmelweis.hu\/tmk\/wp-json\/wp\/v2\/comments?post=1386"}],"version-history":[{"count":10,"href":"https:\/\/semmelweis.hu\/tmk\/wp-json\/wp\/v2\/pages\/1386\/revisions"}],"predecessor-version":[{"id":7806,"href":"https:\/\/semmelweis.hu\/tmk\/wp-json\/wp\/v2\/pages\/1386\/revisions\/7806"}],"wp:attachment":[{"href":"https:\/\/semmelweis.hu\/tmk\/wp-json\/wp\/v2\/media?parent=1386"}],"wp:term":[{"taxonomy":"category","embeddable":true,"href":"https:\/\/semmelweis.hu\/tmk\/wp-json\/wp\/v2\/categories?post=1386"},{"taxonomy":"post_tag","embeddable":true,"href":"https:\/\/semmelweis.hu\/tmk\/wp-json\/wp\/v2\/tags?post=1386"}],"curies":[{"name":"wp","href":"https:\/\/api.w.org\/{rel}","templated":true}]}}