{"id":9824,"date":"2024-04-30T08:52:27","date_gmt":"2024-04-30T06:52:27","guid":{"rendered":"https:\/\/semmelweis.hu\/tdk\/?page_id=9824"},"modified":"2025-07-23T10:43:00","modified_gmt":"2025-07-23T08:43:00","slug":"pankreasz-betegsegek-intezet","status":"publish","type":"page","link":"https:\/\/semmelweis.hu\/tdk\/rektori-palyazat\/rektori-palyazat-meghirdetett-temak\/pankreasz-betegsegek-intezet\/","title":{"rendered":"Pankre\u00e1sz Betegs\u00e9gek Int\u00e9zete &#8211; Rektori p\u00e1ly\u00e1zat"},"content":{"rendered":"<h4><strong>Rektori p\u00e1lyamunka 2025\/2026 tan\u00e9v<\/strong><\/h4>\n<p><strong>Fizik\u00e1lis \u00e1llapot komplex felm\u00e9r\u00e9se ciszt\u00e1s fibr\u00f3zissal \u00e9l\u0151 gyermekekben<\/strong><br \/>\nDr. Er\u0151ss B\u00e1lint\u00a0Mih\u00e1ly<\/p>\n<p><strong>Csontvel\u0151transzplant\u00e1lt gyermekek endoszk\u00f3pos vizsg\u00e1lat\u00e1nak diagnosztikus jelent\u0151s\u00e9ge<\/strong><br \/>\nDr. Er\u0151ss B\u00e1lint Mih\u00e1ly; Dr. Karoliny Anna\u00a0<\/p>\n<p><strong>A hasny\u00e1lmirigy-gyullad\u00e1s pszichol\u00f3giai vonatkoz\u00e1sai<\/strong><br \/>\nProf. Hegyi P\u00e9ter \u00e9s Dr. Nagy Rita<\/p>\n","protected":false},"excerpt":{"rendered":"<p>Rektori p\u00e1lyamunka 2025\/2026 tan\u00e9v<br \/>\nFizik\u00e1lis \u00e1llapot komplex felm\u00e9r\u00e9se ciszt\u00e1s fibr\u00f3zissal \u00e9l\u0151 gyermekekben<br \/>\nDr. Er\u0151ss B\u00e1lint\u00a0Mih\u00e1ly<br \/>\nCsontvel\u0151transzplant\u00e1lt gyermekek endoszk\u00f3pos vizsg\u00e1lat\u00e1nak diagnosztikus jelent\u0151s\u00e9ge<br \/>\nDr. Er\u0151ss B\u00e1lint Mih\u00e1ly; Dr. Karoliny Anna\u00a0<br \/>\nA hasny\u00e1lmirigy-gyullad\u00e1s pszichol\u00f3giai vonatkoz\u00e1sai<br \/>\nProf. Hegyi P\u00e9ter \u00e9s Dr. Nagy Rita<\/p>\n","protected":false},"author":101883,"featured_media":0,"parent":9092,"menu_order":0,"comment_status":"closed","ping_status":"closed","template":"","meta":{"_acf_changed":false,"footnotes":""},"categories":[],"tags":[99],"class_list":["post-9824","page","type-page","status-publish","hentry","tag-aok-rektori-palyazat"],"acf":[],"publishpress_future_action":{"enabled":false,"date":"1970-01-01 01:00:00","action":"","terms":[],"taxonomy":"","browser_timezone_offset":0},"_links":{"self":[{"href":"https:\/\/semmelweis.hu\/tdk\/wp-json\/wp\/v2\/pages\/9824","targetHints":{"allow":["GET"]}}],"collection":[{"href":"https:\/\/semmelweis.hu\/tdk\/wp-json\/wp\/v2\/pages"}],"about":[{"href":"https:\/\/semmelweis.hu\/tdk\/wp-json\/wp\/v2\/types\/page"}],"author":[{"embeddable":true,"href":"https:\/\/semmelweis.hu\/tdk\/wp-json\/wp\/v2\/users\/101883"}],"replies":[{"embeddable":true,"href":"https:\/\/semmelweis.hu\/tdk\/wp-json\/wp\/v2\/comments?post=9824"}],"version-history":[{"count":8,"href":"https:\/\/semmelweis.hu\/tdk\/wp-json\/wp\/v2\/pages\/9824\/revisions"}],"predecessor-version":[{"id":11549,"href":"https:\/\/semmelweis.hu\/tdk\/wp-json\/wp\/v2\/pages\/9824\/revisions\/11549"}],"up":[{"embeddable":true,"href":"https:\/\/semmelweis.hu\/tdk\/wp-json\/wp\/v2\/pages\/9092"}],"wp:attachment":[{"href":"https:\/\/semmelweis.hu\/tdk\/wp-json\/wp\/v2\/media?parent=9824"}],"wp:term":[{"taxonomy":"category","embeddable":true,"href":"https:\/\/semmelweis.hu\/tdk\/wp-json\/wp\/v2\/categories?post=9824"},{"taxonomy":"post_tag","embeddable":true,"href":"https:\/\/semmelweis.hu\/tdk\/wp-json\/wp\/v2\/tags?post=9824"}],"curies":[{"name":"wp","href":"https:\/\/api.w.org\/{rel}","templated":true}]}}

Pankreász Betegségek Intézete &#8211; Rektori pályázat

<h4><strong>Rektori pályamunka 2025/2026 tanév</strong></h4>
<p><strong>Fizikális állapot komplex felmérése cisztás fibrózissal élő gyermekekben</strong><br />
Dr. Erőss Bálint Mihály</p>
<p><strong>Csontvelőtranszplantált gyermekek endoszkópos vizsgálatának diagnosztikus jelentősége</strong><br />
Dr. Erőss Bálint Mihály; Dr. Karoliny Anna </p>
<p><strong>A hasnyálmirigy-gyulladás pszichológiai vonatkozásai</strong><br />
Prof. Hegyi Péter és Dr. Nagy Rita</p>

<p>Rektori pályamunka 2025/2026 tanév<br />
Fizikális állapot komplex felmérése cisztás fibrózissal élő gyermekekben<br />
Dr. Erőss Bálint Mihály<br />
Csontvelőtranszplantált gyermekek endoszkópos vizsgálatának diagnosztikus jelentősége<br />
Dr. Erőss Bálint Mihály; Dr. Karoliny Anna <br />
A hasnyálmirigy-gyulladás pszichológiai vonatkozásai<br />
Prof. Hegyi Péter és Dr. Nagy Rita</p>
