{"id":9593,"date":"2023-11-10T13:03:44","date_gmt":"2023-11-10T12:03:44","guid":{"rendered":"https:\/\/semmelweis.hu\/tdk\/?page_id=9593"},"modified":"2024-05-09T08:49:30","modified_gmt":"2024-05-09T06:49:30","slug":"semmelweis-egyetem-kivalo-tudomanyos-diakkori-neveloi-cim","status":"publish","type":"page","link":"https:\/\/semmelweis.hu\/tdk\/palyazatok\/semmelweis-egyetem-kivalo-tudomanyos-diakkori-neveloi-cim\/","title":{"rendered":"Semmelweis Egyetem Kiv\u00e1l\u00f3 Tudom\u00e1nyos Di\u00e1kk\u00f6ri Nevel\u0151i c\u00edm"},"content":{"rendered":"<p>A Szen\u00e1tus att\u00f3l a sz\u00e1nd\u00e9kt\u00f3l vez\u00e9reltetve, hogy a Semmelweis Egyetem hallgat\u00f3inak tudom\u00e1nyos<br \/>\nmunk\u00e1ra val\u00f3 nevel\u00e9s\u00e9t a tudom\u00e1nyos di\u00e1kk\u00f6r\u00f6k keret\u00e9ben magas sz\u00ednvonalon biztos\u00edtsa \u00e9s fejlessze,<br \/>\nminden \u00e9vben \u00e1tadja az arra \u00e9rdemeseknek a \u201eSemmelweis Egyetem Kiv\u00e1l\u00f3 Tudom\u00e1nyos Di\u00e1kk\u00f6ri<br \/>\nNevel\u0151je\u201d kit\u00fcntet\u00e9st. A kit\u00fcntet\u0151 c\u00edmmel 200.000 Ft jutalomd\u00edj j\u00e1r. A kit\u00fcntet\u0151 oklev\u00e9l \u00e1tad\u00e1s\u00e1ra a<br \/>\nSzen\u00e1tus d\u00f6nt\u00e9s\u00e9t k\u00f6vet\u0151en a 2024. \u00e9vi egyetemi TDK Konferenci\u00e1n ker\u00fcl sor, 2024. febru\u00e1r 7-\u00e9n.<\/p>\n<p>A javaslatok beny\u00fajt\u00e1s\u00e1nak l\u00e9p\u00e9sei:<br \/>\n1. ADATLAP (xls. form\u00e1tum) kit\u00f6lt\u00e9se, s annak e-mailben val\u00f3 megk\u00fcld\u00e9se a TDK Iroda<br \/>\nc\u00edm\u00e9re: office.se.tdk@gmail.com<br \/>\nHat\u00e1rid\u0151: 2023. november 13. 24h<\/p>\n<blockquote class=\"wp-embedded-content\" data-secret=\"Sh4Ni5mG41\"><p><a href=\"https:\/\/semmelweis.hu\/tdk\/palyazatok\/palyazat-kivalo-tudomanyos-diakkori-nevelo-kitunteto-cimre\/\">P\u00e1ly\u00e1zat Kiv\u00e1l\u00f3 Tudom\u00e1nyos Di\u00e1kk\u00f6ri Nevel\u0151 kit\u00fcntet\u0151 c\u00edmre<\/a><\/p><\/blockquote>\n<p><iframe loading=\"lazy\" class=\"wp-embedded-content\" sandbox=\"allow-scripts\" security=\"restricted\" style=\"position: absolute; clip: rect(1px, 1px, 1px, 1px);\" title=\"&#8220;P\u00e1ly\u00e1zat Kiv\u00e1l\u00f3 Tudom\u00e1nyos Di\u00e1kk\u00f6ri Nevel\u0151 kit\u00fcntet\u0151 c\u00edmre&#8221; &#8212; Tudom\u00e1nyos Di\u00e1kk\u00f6r\" src=\"https:\/\/semmelweis.hu\/tdk\/palyazatok\/palyazat-kivalo-tudomanyos-diakkori-nevelo-kitunteto-cimre\/embed\/#?secret=wDjAiGfG0p#?secret=Sh4Ni5mG41\" data-secret=\"Sh4Ni5mG41\" width=\"600\" height=\"338\" frameborder=\"0\" marginwidth=\"0\" marginheight=\"0\" scrolling=\"no\"><\/iframe><\/p>\n<p>2. M\u00c9LTAT\u00c1S a jel\u00f6lend\u0151 szem\u00e9lyr\u0151l pap\u00edr-alapon, az int\u00e9zet vezet\u0151j\u00e9nek<br \/>\nal\u00e1\u00edr\u00e1s\u00e1val,scannelve a TDK Iroda c\u00edm\u00e9re: office.se.tdk@gmail.com<br \/>\nHat\u00e1rid\u0151: 2023. november 13. 24h<\/p>\n<p>A javaslatokr\u00f3l a Tudom\u00e1nyos Di\u00e1kk\u00f6ri Tan\u00e1cs felterjeszt\u00e9s\u00e9t k\u00f6vet\u0151en a Szen\u00e1tus titkos szavaz\u00e1ssal<br \/>\nd\u00f6nt.<br \/>\nA kit\u00fcntet\u0151 c\u00edm adom\u00e1nyoz\u00e1s\u00e1nak felt\u00e9telei:<br \/>\nA kit\u00fcntet\u00e9st olyan, az egyetemmel hallgat\u00f3i jogviszonyban l\u00e9v\u0151 di\u00e1kk\u00f6r\u00f6s hallgat\u00f3kat a tudom\u00e1nyos<br \/>\nkutat\u00f3munk\u00e1ra nevel\u0151 t\u00e9mavezet\u0151 nyerheti el, aki:<br \/>\n&#8211; szakm\u00e1j\u00e1nak kiv\u00e1l\u00f3 m\u0171vel\u0151je<br \/>\n&#8211; legal\u00e1bb 10 \u00e9ven \u00e1t kiemelked\u0151 munk\u00e1t v\u00e9gzett a tudom\u00e1nyos di\u00e1kk\u00f6ri tagok<br \/>\nnevel\u00e9s\u00e9ben<br \/>\n&#8211; di\u00e1kk\u00f6r\u00f6s hallgat\u00f3inak kutat\u00f3munk\u00e1j\u00e1t eredm\u00e9nyesen ir\u00e1ny\u00edtotta \u00e9s a hallgat\u00f3kat a<br \/>\nnyilv\u00e1nos szerepl\u00e9sre sikeresen felk\u00e9sz\u00edtette, akik ennek is k\u00f6sz\u00f6nhet\u0151en az egyetemi<br \/>\n\u00e9s az Orsz\u00e1gos Tudom\u00e1nyos Di\u00e1kk\u00f6ri konferenci\u00e1n \u00e9s egy\u00e9b tudom\u00e1nyos<br \/>\nrendezv\u00e9nyeken jelent\u0151s eredm\u00e9nyeket \u00e9rtek el<br \/>\n&#8211; etikai, emberi magatart\u00e1sa p\u00e9ldak\u00e9nt \u00e1ll\u00edthat\u00f3 az ifj\u00fas\u00e1g el\u00e9<\/p>\n<p>A kit\u00fcntet\u0151 c\u00edm oda\u00edt\u00e9l\u00e9s\u00e9n\u00e9l figyelembe kell venni tov\u00e1bb\u00e1 a jel\u00f6ltek oktat\u00f3i-nevel\u0151i<br \/>\ntev\u00e9kenys\u00e9g\u00e9t, a hallgat\u00f3kkal kialak\u00edtott kapcsolat\u00e1t, valamint a TDK Konferenci\u00e1kon val\u00f3 akt\u00edv<br \/>\nr\u00e9szv\u00e9tel\u00e9t.<\/p>\n","protected":false},"excerpt":{"rendered":"<p>A Szen\u00e1tus att\u00f3l a sz\u00e1nd\u00e9kt\u00f3l vez\u00e9reltetve, hogy a Semmelweis Egyetem hallgat\u00f3inak tudom\u00e1nyos munk\u00e1ra val\u00f3 nevel\u00e9s\u00e9t a tudom\u00e1nyos di\u00e1kk\u00f6r\u00f6k keret\u00e9ben magas sz\u00ednvonalon biztos\u00edtsa \u00e9s fejlessze, minden \u00e9vben \u00e1tadja az arra \u00e9rdemeseknek a \u201eSemmelweis Egyetem Kiv\u00e1l\u00f3 Tudom\u00e1nyos Di\u00e1kk\u00f6ri Nevel\u0151je\u201d kit\u00fcntet\u00e9st. A kit\u00fcntet\u0151 c\u00edmmel 200.000 Ft jutalomd\u00edj j\u00e1r. A kit\u00fcntet\u0151 oklev\u00e9l \u00e1tad\u00e1s\u00e1ra a Szen\u00e1tus d\u00f6nt\u00e9s\u00e9t k\u00f6vet\u0151en a 2024. &hellip;<\/p>\n","protected":false},"author":101883,"featured_media":0,"parent":1146,"menu_order":0,"comment_status":"closed","ping_status":"closed","template":"","meta":{"_acf_changed":false,"footnotes":""},"categories":[26],"tags":[],"class_list":["post-9593","page","type-page","status-publish","hentry","category-hirek-hu"],"acf":[],"publishpress_future_action":{"enabled":false,"date":"1970-01-01 01:00:00","action":"","terms":[],"taxonomy":"","browser_timezone_offset":0},"_links":{"self":[{"href":"https:\/\/semmelweis.hu\/tdk\/wp-json\/wp\/v2\/pages\/9593","targetHints":{"allow":["GET"]}}],"collection":[{"href":"https:\/\/semmelweis.hu\/tdk\/wp-json\/wp\/v2\/pages"}],"about":[{"href":"https:\/\/semmelweis.hu\/tdk\/wp-json\/wp\/v2\/types\/page"}],"author":[{"embeddable":true,"href":"https:\/\/semmelweis.hu\/tdk\/wp-json\/wp\/v2\/users\/101883"}],"replies":[{"embeddable":true,"href":"https:\/\/semmelweis.hu\/tdk\/wp-json\/wp\/v2\/comments?post=9593"}],"version-history":[{"count":1,"href":"https:\/\/semmelweis.hu\/tdk\/wp-json\/wp\/v2\/pages\/9593\/revisions"}],"predecessor-version":[{"id":9594,"href":"https:\/\/semmelweis.hu\/tdk\/wp-json\/wp\/v2\/pages\/9593\/revisions\/9594"}],"up":[{"embeddable":true,"href":"https:\/\/semmelweis.hu\/tdk\/wp-json\/wp\/v2\/pages\/1146"}],"wp:attachment":[{"href":"https:\/\/semmelweis.hu\/tdk\/wp-json\/wp\/v2\/media?parent=9593"}],"wp:term":[{"taxonomy":"category","embeddable":true,"href":"https:\/\/semmelweis.hu\/tdk\/wp-json\/wp\/v2\/categories?post=9593"},{"taxonomy":"post_tag","embeddable":true,"href":"https:\/\/semmelweis.hu\/tdk\/wp-json\/wp\/v2\/tags?post=9593"}],"curies":[{"name":"wp","href":"https:\/\/api.w.org\/{rel}","templated":true}]}}