{"id":9545,"date":"2023-10-17T09:46:31","date_gmt":"2023-10-17T07:46:31","guid":{"rendered":"https:\/\/semmelweis.hu\/tdk\/?page_id=9545"},"modified":"2026-03-20T10:02:30","modified_gmt":"2026-03-20T09:02:30","slug":"rektori-palyamunka-gyogyszereszi-kemia-intezet","status":"publish","type":"page","link":"https:\/\/semmelweis.hu\/tdk\/rektori-palyazat\/rektori-palyazat-meghirdetett-temak\/rektori-palyamunka-gyogyszereszi-kemia-intezet\/","title":{"rendered":"Gy\u00f3gyszer\u00e9szi K\u00e9mia Int\u00e9zet &#8211; Rektori p\u00e1ly\u00e1zat"},"content":{"rendered":"<p><strong>Rektori P\u00e1lyamunka Gy\u00f3gyszer\u00e9szi K\u00e9mia Int\u00e9zet 2025\/2026<\/strong><\/p>\n<table style=\"border-collapse: collapse;width: 100%\">\n<tbody>\n<tr>\n<td style=\"width: 50%\">Gy\u00f3gyszerhat\u00f3anyagok hum\u00e1n sz\u00e9rum albuminhoz\u00a0val\u00f3 k\u00f6t\u0151d\u00e9s\u00e9nek jellemz\u00e9se nagyhat\u00e9konys\u00e1g\u00fa folyad\u00e9kkromatogr\u00e1fi\u00e1val\u00a0\u00e9s spektroszk\u00f3piai m\u00f3dszerekkel<\/td>\n<td style=\"width: 50%\">Dr. T\u00f3th Gerg\u0151 (docens)<\/td>\n<\/tr>\n<tr>\n<td style=\"width: 50%\">Gyullad\u00e1sos betegs\u00e9gek kezel\u00e9s\u00e9re fejlesztett szelekt\u00edv k\u00e1lium csatorna g\u00e1tl\u00f3 minifeh\u00e9rj\u00e9k konjug\u00e1tumainak stabilit\u00e1svizsg\u00e1lata<\/td>\n<td style=\"width: 50%\">Dr. Kraszni M\u00e1rta (docens), Dr. Horny\u00e1k P\u00e9ter (VRG Therapeutics)<\/td>\n<\/tr>\n<\/tbody>\n<\/table>\n","protected":false},"excerpt":{"rendered":"<p>Rektori P\u00e1lyamunka Gy\u00f3gyszer\u00e9szi K\u00e9mia Int\u00e9zet 2025\/2026<\/p>\n<p>Gy\u00f3gyszerhat\u00f3anyagok hum\u00e1n sz\u00e9rum albuminhoz\u00a0val\u00f3 k\u00f6t\u0151d\u00e9s\u00e9nek jellemz\u00e9se nagyhat\u00e9konys\u00e1g\u00fa folyad\u00e9kkromatogr\u00e1fi\u00e1val\u00a0\u00e9s spektroszk\u00f3piai m\u00f3dszerekkel<br \/>\nDr. T\u00f3th Gerg\u0151 (docens)<\/p>\n<p>Gyullad\u00e1sos betegs\u00e9gek kezel\u00e9s\u00e9re fejlesztett szelekt\u00edv k\u00e1lium csatorna g\u00e1tl\u00f3 minifeh\u00e9rj\u00e9k konjug\u00e1tumainak stabilit\u00e1svizsg\u00e1lata<br \/>\nDr. Kraszni M\u00e1rta (docens), Dr. Horny\u00e1k P\u00e9ter (VRG Therapeutics)<\/p>\n","protected":false},"author":101883,"featured_media":0,"parent":9092,"menu_order":0,"comment_status":"closed","ping_status":"closed","template":"","meta":{"_acf_changed":false,"footnotes":""},"categories":[],"tags":[103],"class_list":["post-9545","page","type-page","status-publish","hentry","tag-gytk-rektori-palyazat"],"acf":[],"publishpress_future_action":{"enabled":false,"date":"1970-01-01 01:00:00","action":"","terms":[],"taxonomy":"","browser_timezone_offset":0},"_links":{"self":[{"href":"https:\/\/semmelweis.hu\/tdk\/wp-json\/wp\/v2\/pages\/9545","targetHints":{"allow":["GET"]}}],"collection":[{"href":"https:\/\/semmelweis.hu\/tdk\/wp-json\/wp\/v2\/pages"}],"about":[{"href":"https:\/\/semmelweis.hu\/tdk\/wp-json\/wp\/v2\/types\/page"}],"author":[{"embeddable":true,"href":"https:\/\/semmelweis.hu\/tdk\/wp-json\/wp\/v2\/users\/101883"}],"replies":[{"embeddable":true,"href":"https:\/\/semmelweis.hu\/tdk\/wp-json\/wp\/v2\/comments?post=9545"}],"version-history":[{"count":5,"href":"https:\/\/semmelweis.hu\/tdk\/wp-json\/wp\/v2\/pages\/9545\/revisions"}],"predecessor-version":[{"id":12035,"href":"https:\/\/semmelweis.hu\/tdk\/wp-json\/wp\/v2\/pages\/9545\/revisions\/12035"}],"up":[{"embeddable":true,"href":"https:\/\/semmelweis.hu\/tdk\/wp-json\/wp\/v2\/pages\/9092"}],"wp:attachment":[{"href":"https:\/\/semmelweis.hu\/tdk\/wp-json\/wp\/v2\/media?parent=9545"}],"wp:term":[{"taxonomy":"category","embeddable":true,"href":"https:\/\/semmelweis.hu\/tdk\/wp-json\/wp\/v2\/categories?post=9545"},{"taxonomy":"post_tag","embeddable":true,"href":"https:\/\/semmelweis.hu\/tdk\/wp-json\/wp\/v2\/tags?post=9545"}],"curies":[{"name":"wp","href":"https:\/\/api.w.org\/{rel}","templated":true}]}}