{"id":9419,"date":"2023-09-08T08:34:40","date_gmt":"2023-09-08T06:34:40","guid":{"rendered":"https:\/\/semmelweis.hu\/tdk\/?page_id=9419"},"modified":"2025-07-16T12:44:21","modified_gmt":"2025-07-16T10:44:21","slug":"rektori-palyazat-patologiai-es-kiserleti-rakkutato-intezet","status":"publish","type":"page","link":"https:\/\/semmelweis.hu\/tdk\/rektori-palyazat\/rektori-palyazat-meghirdetett-temak\/rektori-palyazat-patologiai-es-kiserleti-rakkutato-intezet\/","title":{"rendered":"Patol\u00f3giai \u00e9s K\u00eds\u00e9rleti R\u00e1kkutat\u00f3 Int\u00e9zet &#8211; Rektori p\u00e1ly\u00e1zat"},"content":{"rendered":"<h3>Rektori p\u00e1ly\u00e1zat Patol\u00f3giai \u00e9s K\u00eds\u00e9rleti R\u00e1kkutat\u00f3 Int\u00e9zet 2025\/2026<\/h3>\n<table style=\"width: 69.6551%\" width=\"1126\">\n<tbody>\n<tr>\n<td style=\"width: 26.9504%\" width=\"304\"><strong>Konzulens\u00a0<\/strong><\/td>\n<td style=\"width: 59.4562%\" width=\"822\"><strong>P\u00e1lyat\u00e9tel c\u00edme 2024<\/strong><\/td>\n<\/tr>\n<tr>\n<td style=\"width: 26.9504%\">Dr. Alp\u00e1r Don\u00e1t<\/td>\n<td style=\"width: 59.4562%\">Gyermekkori leuk\u00e9mi\u00e1k genomikai anal\u00edzise<\/td>\n<\/tr>\n<tr>\n<td style=\"width: 26.9504%\">Dr. Baghy Korn\u00e9lia<\/td>\n<td style=\"width: 59.4562%\">A SPOCK1 proteoglik\u00e1n szerepe a daganatok kialakul\u00e1s\u00e1ban \u00e9s progresszi\u00f3j\u00e1ban.<\/td>\n<\/tr>\n<tr>\n<td style=\"width: 26.9504%\">Dr. Barna G\u00e1bor<\/td>\n<td style=\"width: 59.4562%\">Myeloma multiplex progresszi\u00f3ja plazma sejtes leuk\u00e9mi\u00e1ba<\/td>\n<\/tr>\n<tr>\n<td style=\"width: 26.9504%\">Dr. B\u00f6d\u00f6r Csaba<\/td>\n<td style=\"width: 59.4562%\">Onkohematol\u00f3giai k\u00f3rk\u00e9pek komplex genetikai jellemz\u00e9se<\/td>\n<\/tr>\n<tr>\n<td style=\"width: 26.9504%\">Dr. B\u00f6d\u00f6r Csaba \/ Dr. Bedics G\u00e1bor<\/td>\n<td style=\"width: 59.4562%\">Gyermekkori tumorok komprehenz\u00edv genomikai profiloz\u00e1sa<\/td>\n<\/tr>\n<tr>\n<td style=\"width: 26.9504%\">Dr B\u00f6d\u00f6r Csaba \/ Dr.Csonka Katalin<\/td>\n<td style=\"width: 59.4562%\">\u00d6r\u00f6kl\u0151d\u0151 kardiovaszkul\u00e1ris k\u00f3rk\u00e9pek genetikai h\u00e1tter\u00e9nek vizsg\u00e1lata<\/td>\n<\/tr>\n<tr>\n<td style=\"width: 26.9504%\">Dr. B\u00f6d\u00f6r Csaba \/ Dr. B\u00e1tai Bence<\/td>\n<td style=\"width: 59.4562%\">EZH2 mut\u00e1ci\u00f3k prognosztikus szerep\u00e9nek vizsg\u00e1lata follikul\u00e1ris limf\u00f3m\u00e1ban<\/td>\n<\/tr>\n<tr>\n<td style=\"width: 26.9504%\">Dr. B\u00f6d\u00f6r Csaba\/ Dr. L\u00e1szl\u00f3 Tam\u00e1s<\/td>\n<td style=\"width: 59.4562%\">K\u00f6penysejtes limf\u00f3ma c\u00e9lzott kezel\u00e9se sor\u00e1n kialakult molekul\u00e1ris \u00e9s genetikai v\u00e1ltoz\u00e1sok vizsg\u00e1lata<\/td>\n<\/tr>\n<tr>\n<td style=\"width: 26.9504%\">Dr. Dezs\u0151 Katalin<\/td>\n<td style=\"width: 59.4562%\">A genetikai diverzit\u00e1s jelent\u0151s\u00e9ge a hum\u00e1n m\u00e1j regener\u00e1ci\u00f3ja sor\u00e1n \u00e9s kr\u00f3nikus m\u00e1jbetegs\u00e9gekben<\/td>\n<\/tr>\n<tr>\n<td style=\"width: 26.9504%\">Dr. Fintha Attila<\/td>\n<td style=\"width: 59.4562%\">Sz\u00edvtranszplant\u00e1ci\u00f3s patol\u00f3giai vizsg\u00e1latok<\/td>\n<\/tr>\n<tr>\n<td style=\"width: 26.9504%\">Dr. Fintha Attila<\/td>\n<td style=\"width: 59.4562%\">M\u00e9hlep\u00e9ny erek sz\u00f6vettani vizsg\u00e1lata digit\u00e1lis patol\u00f3giai m\u00f3dszerekkel<\/td>\n<\/tr>\n<tr>\n<td style=\"width: 26.9504%\">Dr. F\u00f3nyad L\u00e1szl\u00f3<\/td>\n<td style=\"width: 59.4562%\">Micro-CT alkalmaz\u00e1si lehet\u0151s\u00e9gei a patol\u00f3giai diagnosztik\u00e1ban<\/td>\n<\/tr>\n<tr>\n<td style=\"width: 26.9504%\">Dr. Kiss Rich\u00e1rd<\/td>\n<td style=\"width: 59.4562%\">Gyermekkori sarcom\u00e1k korszer\u0171 patol\u00f3giai \u00e9s genetikai diagnosztik\u00e1ja<\/td>\n<\/tr>\n<tr>\n<td style=\"width: 26.9504%\">Dr. Kren\u00e1cs Tibor<\/td>\n<td style=\"width: 59.4562%\">Digit\u00e1lis k\u00e9panal\u00edzis m\u00f3dszer kidolgoz\u00e1sa L-NGFR\/CD271 expresszi\u00f3 in situ elemz\u00e9se a myelofibr\u00f3zis progresszi\u00f3j\u00e1nak meg\u00edt\u00e9l\u00e9s\u00e9re<\/td>\n<\/tr>\n<tr>\n<td style=\"width: 26.9504%\">Dr. Kren\u00e1cs Tibor<\/td>\n<td style=\"width: 59.4562%\">Immunsejt infiltr\u00e1ci\u00f3 tanulm\u00e1nyoz\u00e1sa digit\u00e1lis k\u00e9panal\u00edzissel nemkissejtes t\u00fcd\u0151r\u00e1kban (NSCLC), kapcsolata a dagant progn\u00f3zis\u00e1val<\/td>\n<\/tr>\n<tr>\n<td style=\"width: 26.9504%\">Dr. Micsik Tam\u00e1s<\/td>\n<td style=\"width: 59.4562%\">Colorectalis daganatok klinikopatologiaja, k\u00fcl\u00f6n\u00f6s tekintettel a mikrok\u00f6rnyezetre<\/td>\n<\/tr>\n<tr>\n<td style=\"width: 26.9504%\">Dr. Micsik Tam\u00e1s<\/td>\n<td style=\"width: 59.4562%\">Mell\u00e9kvesek\u00e9reg daganatok klinikopatol\u00f3gi\u00e1ja<\/td>\n<\/tr>\n<tr>\n<td style=\"width: 26.9504%\">Dr. Nagy Be\u00e1ta<\/td>\n<td style=\"width: 59.4562%\">Kardiogenetikai vizsg\u00e1latok jelent\u0151s\u00e9ge a sz\u00edvbetegs\u00e9gek komplex diagnosztik\u00e1j\u00e1ban<\/td>\n<\/tr>\n<tr>\n<td style=\"width: 26.9504%\">Dr. Nagy P\u00e9ter<\/td>\n<td style=\"width: 59.4562%\">A m\u00e1j \u0151ssejtek szerepe a m\u00e1j patol\u00f3gi\u00e1s folyamataiban<\/td>\n<\/tr>\n<tr>\n<td style=\"width: 26.9504%\">Dr. P\u00e1pay Judit<\/td>\n<td style=\"width: 59.4562%\">Ritka t\u00fcd\u0151daganatok klinikopatol\u00f3gi\u00e1ja \u00e9s anyagcsere jellegzetess\u00e9gei<\/td>\n<\/tr>\n<tr>\n<td style=\"width: 26.9504%\">Dr. Papp Gerg\u0151<\/td>\n<td style=\"width: 59.4562%\">Nem-kissejtes t\u00fcd\u0151 adenocarcinoma molekul\u00e1ris diagnosztikai vizsg\u00e1lata \u00faj gener\u00e1ci\u00f3s szekven\u00e1l\u00e1s m\u00f3dszerrel<\/td>\n<\/tr>\n<tr>\n<td style=\"width: 26.9504%\">Dr. Papp Gerg\u0151<\/td>\n<td style=\"width: 59.4562%\">EGFR mut\u00e1ns nem-kissejtes t\u00fcd\u0151 adenocarcinom\u00e1ban szenved\u0151 betegek folyad\u00e9k biopszi\u00e1s k\u00f6vet\u00e9se digit\u00e1lis droplet PCR m\u00f3dszerrel<\/td>\n<\/tr>\n<tr>\n<td style=\"width: 26.9504%\">Dr. Papp Gerg\u0151<\/td>\n<td style=\"width: 59.4562%\">BRCA1 \u00e9s BRCA2 mut\u00e1ci\u00f3k kimutat\u00e1sa \u00faj gener\u00e1ci\u00f3s szekven\u00e1l\u00e1ssal eml\u0151\/ovarium\/pancreas daganatok eset\u00e9ben<\/td>\n<\/tr>\n<tr>\n<td style=\"width: 26.9504%\">Dr. R\u00e1cz Gergely<\/td>\n<td style=\"width: 59.4562%\">COVID-19-ben elhunyt betegek k\u00f3rbonctani vizsg\u00e1lat\u00e1nak \u00f6sszehasonl\u00edt\u00f3 elemz\u00e9se<\/td>\n<\/tr>\n<tr>\n<td style=\"width: 26.9504%\">Dr. R\u00e1cz Gergely<\/td>\n<td style=\"width: 59.4562%\">Halottkonzerv\u00e1l\u00e1si technik\u00e1k<\/td>\n<\/tr>\n<tr>\n<td style=\"width: 26.9504%\">Dr. Reg\u0151s Eszter<\/td>\n<td style=\"width: 59.4562%\">Korai vet\u00e9l\u00e9sekb\u0151l sz\u00e1rmaz\u00f3 mint\u00e1k korszer\u0171 patol\u00f3giai feldolgoz\u00e1sa<\/td>\n<\/tr>\n<tr>\n<td style=\"width: 26.9504%\">Dr. Reg\u0151s Eszter<\/td>\n<td style=\"width: 59.4562%\">Anyai betegs\u00e9gek okozta sz\u00f6vettani elv\u00e1ltoz\u00e1sok vizsg\u00e1lata a m\u00e9hlep\u00e9nyben<\/td>\n<\/tr>\n<tr>\n<td style=\"width: 26.9504%\">Dr. Reg\u0151s Eszter<\/td>\n<td style=\"width: 59.4562%\">Korai vet\u00e9l\u00e9shez vezet\u0151 gyullad\u00e1s patol\u00f3giai vizsg\u00e1lata<\/td>\n<\/tr>\n<tr>\n<td style=\"width: 26.9504%\">Dr. Rajnai Hajnalka<\/td>\n<td style=\"width: 59.4562%\">Gyermekkori k\u00f6zponti idegrendszeri tumorok modern patol\u00f3giai diagnosztik\u00e1ja<\/td>\n<\/tr>\n<tr>\n<td style=\"width: 26.9504%\">Dr. Rajnai Hajnalka<\/td>\n<td style=\"width: 59.4562%\">K\u00f6zponti idegrendszeri limf\u00f3m\u00e1k patol\u00f3giai jellemz\u00e9se<\/td>\n<\/tr>\n<tr>\n<td style=\"width: 26.9504%\">Dr. R\u00f3kusz Andr\u00e1s<\/td>\n<td style=\"width: 59.4562%\">N\u0151gy\u00f3gy\u00e1szati daganatok korszer\u0171 patal\u00f3giai \u00e9s genetikai jellemz\u00e9se<\/td>\n<\/tr>\n<tr>\n<td style=\"width: 26.9504%\">Dr. R\u00f3kusz Andr\u00e1s<\/td>\n<td style=\"width: 59.4562%\">Komprehenz\u00edv genomikai profiloz\u00e1s jelent\u0151s\u00e9ge n\u0151gy\u00f3gy\u00e1szati daganatokban<\/td>\n<\/tr>\n<tr>\n<td style=\"width: 26.9504%\">Dr. S\u00e1pi Zolt\u00e1n<\/td>\n<td style=\"width: 59.4562%\">L\u00e1gyr\u00e9sztumorok korszer\u0171 patol\u00f3giai \u00e9s genetikai jellemz\u00e9se<\/td>\n<\/tr>\n<tr>\n<td style=\"width: 26.9504%\">Dr. Scheich B\u00e1lint<\/td>\n<td style=\"width: 59.4562%\">Famili\u00e1ris tumor szindr\u00f3m\u00e1k \u00e9s cs\u00edrasejtes mut\u00e1ci\u00f3k szerepe a k\u00f6zponti idegrendszeri tumorok kialakul\u00e1s\u00e1ban.<\/td>\n<\/tr>\n<tr>\n<td style=\"width: 26.9504%\">Dr. Scheich B\u00e1lint<\/td>\n<td style=\"width: 59.4562%\">Feln\u0151ttkori high-grade gliom\u00e1k komplex genomi anal\u00edzise<\/td>\n<\/tr>\n<tr>\n<td style=\"width: 26.9504%\">Dr. Sz\u00e1ll\u00e1si \u00c1rp\u00e1d<\/td>\n<td style=\"width: 59.4562%\">A vanilloid receptor TRPV1 expresszi\u00f3ja malignus tumorokban: diagnosztika, prognosztika, ter\u00e1pia<\/td>\n<\/tr>\n<tr>\n<td style=\"width: 26.9504%\">Dr. Sz\u00e1ll\u00e1si \u00c1rp\u00e1d<\/td>\n<td style=\"width: 59.4562%\">A neurog\u00e9n gyullad\u00e1s szerepe a 2-es t\u00edpus\u00fa cukorbetegs\u00e9gben: \u00faj ter\u00e1pi\u00e1s c\u00e9lpont?<\/td>\n<\/tr>\n<tr>\n<td style=\"width: 26.9504%\">Dr. Szal\u00f3ki G\u00e1bor<\/td>\n<td style=\"width: 59.4562%\">PML-RAR\u03b1 f\u00fazi\u00f3s feh\u00e9rje detekt\u00e1l\u00e1sa akut promielocit\u00e1s leuk\u00e9mi\u00e1ban \u00e1raml\u00e1si citometri\u00e1val<\/td>\n<\/tr>\n<tr>\n<td style=\"width: 26.9504%\">Dr. Tim\u00e1r Botond<\/td>\n<td style=\"width: 59.4562%\">A citogenetikai vizsg\u00e1latok diagnosztikai, prognosztikai \u00e9s ter\u00e1pi\u00e1s jelent\u0151s\u00e9ge neoplasztikus hematol\u00f3giai megbeteged\u00e9sek eset\u00e9n<\/td>\n<\/tr>\n<tr>\n<td style=\"width: 26.9504%\">Dr. Tim\u00e1r Botond<\/td>\n<td style=\"width: 59.4562%\">Alacsony malignit\u00e1s\u00fa B-sejtes lymphom\u00e1k differenci\u00e1ldiagnosztik\u00e1ja \u00e9s neh\u00e9zs\u00e9gei<\/td>\n<\/tr>\n<tr>\n<td style=\"width: 26.9504%\">Dr. Zalatnai Attila<\/td>\n<td style=\"width: 59.4562%\">FOK &#8211; A Sj\u00f6gren-szindr\u00f3ma klinikopatol\u00f3giai elemz\u00e9se<\/td>\n<\/tr>\n<tr>\n<td style=\"width: 26.9504%\">Hunyadyn\u00e9 Dr. Sebesty\u00e9n Anna<\/td>\n<td style=\"width: 59.4562%\">mTOR hiperaktivit\u00e1s szerepe a tumorsejtek metabolikus adapt\u00e1ci\u00f3j\u00e1ban<\/td>\n<\/tr>\n<tr>\n<td style=\"width: 26.9504%\">Hunyadyn\u00e9 Dr. Sebesty\u00e9n Anna<\/td>\n<td style=\"width: 59.4562%\">El\u0151sejtes 3D bionyomtat\u00e1s szerepe a biomedicin\u00e1ban, daganatbiol\u00f3giai preklinikai vizsg\u00e1latokban<\/td>\n<\/tr>\n<tr>\n<td style=\"width: 26.9504%\">Kov\u00e1csn\u00e9 Dr. M\u00e1rk \u00c1gnes<\/td>\n<td style=\"width: 59.4562%\">A sejtfelsz\u00edni CD49f expresszi\u00f3 vizsg\u00e1lata gyermekkori akut B-sejtes lymphoid leuk\u00e9mi\u00e1ban<\/td>\n<\/tr>\n<\/tbody>\n<\/table>\n","protected":false},"excerpt":{"rendered":"<p>Rektori p\u00e1ly\u00e1zat Patol\u00f3giai \u00e9s K\u00eds\u00e9rleti R\u00e1kkutat\u00f3 Int\u00e9zet 2025\/2026 Konzulens\u00a0 P\u00e1lyat\u00e9tel c\u00edme 2024 Dr. Alp\u00e1r Don\u00e1t Gyermekkori leuk\u00e9mi\u00e1k genomikai anal\u00edzise Dr. Baghy Korn\u00e9lia A SPOCK1 proteoglik\u00e1n szerepe a daganatok kialakul\u00e1s\u00e1ban \u00e9s progresszi\u00f3j\u00e1ban. Dr. Barna G\u00e1bor Myeloma multiplex progresszi\u00f3ja plazma sejtes leuk\u00e9mi\u00e1ba Dr. B\u00f6d\u00f6r Csaba Onkohematol\u00f3giai k\u00f3rk\u00e9pek komplex genetikai jellemz\u00e9se Dr. B\u00f6d\u00f6r Csaba \/ Dr. Bedics G\u00e1bor &hellip;<\/p>\n","protected":false},"author":101596,"featured_media":0,"parent":9092,"menu_order":0,"comment_status":"closed","ping_status":"closed","template":"","meta":{"_acf_changed":false,"footnotes":""},"categories":[],"tags":[99],"class_list":["post-9419","page","type-page","status-publish","hentry","tag-aok-rektori-palyazat"],"acf":[],"publishpress_future_action":{"enabled":false,"date":"1970-01-01 01:00:00","action":"","terms":[],"taxonomy":"","browser_timezone_offset":0},"_links":{"self":[{"href":"https:\/\/semmelweis.hu\/tdk\/wp-json\/wp\/v2\/pages\/9419","targetHints":{"allow":["GET"]}}],"collection":[{"href":"https:\/\/semmelweis.hu\/tdk\/wp-json\/wp\/v2\/pages"}],"about":[{"href":"https:\/\/semmelweis.hu\/tdk\/wp-json\/wp\/v2\/types\/page"}],"author":[{"embeddable":true,"href":"https:\/\/semmelweis.hu\/tdk\/wp-json\/wp\/v2\/users\/101596"}],"replies":[{"embeddable":true,"href":"https:\/\/semmelweis.hu\/tdk\/wp-json\/wp\/v2\/comments?post=9419"}],"version-history":[{"count":8,"href":"https:\/\/semmelweis.hu\/tdk\/wp-json\/wp\/v2\/pages\/9419\/revisions"}],"predecessor-version":[{"id":11527,"href":"https:\/\/semmelweis.hu\/tdk\/wp-json\/wp\/v2\/pages\/9419\/revisions\/11527"}],"up":[{"embeddable":true,"href":"https:\/\/semmelweis.hu\/tdk\/wp-json\/wp\/v2\/pages\/9092"}],"wp:attachment":[{"href":"https:\/\/semmelweis.hu\/tdk\/wp-json\/wp\/v2\/media?parent=9419"}],"wp:term":[{"taxonomy":"category","embeddable":true,"href":"https:\/\/semmelweis.hu\/tdk\/wp-json\/wp\/v2\/categories?post=9419"},{"taxonomy":"post_tag","embeddable":true,"href":"https:\/\/semmelweis.hu\/tdk\/wp-json\/wp\/v2\/tags?post=9419"}],"curies":[{"name":"wp","href":"https:\/\/api.w.org\/{rel}","templated":true}]}}