{"id":9414,"date":"2023-09-07T12:31:05","date_gmt":"2023-09-07T10:31:05","guid":{"rendered":"https:\/\/semmelweis.hu\/tdk\/?page_id=9414"},"modified":"2025-09-01T09:36:34","modified_gmt":"2025-09-01T07:36:34","slug":"anatomiai-szovet-es-fejlodestani-intezet-rektori-palyazat","status":"publish","type":"page","link":"https:\/\/semmelweis.hu\/tdk\/rektori-palyazat\/rektori-palyazat-meghirdetett-temak\/anatomiai-szovet-es-fejlodestani-intezet-rektori-palyazat\/","title":{"rendered":"Anat\u00f3miai, Sz\u00f6vet- \u00e9s Fejl\u0151d\u00e9stani Int\u00e9zet &#8211; Rektori p\u00e1ly\u00e1zat"},"content":{"rendered":"<h4><strong>Rektori p\u00e1lyamunka 2025\/2026 TAN\u00c9V<\/strong><\/h4>\n<p><strong>Rektori p\u00e1ly\u00e1zat c\u00edme: <\/strong>N\u0151st\u00e9ny patk\u00e1nyok mesothel sejteinek vizsg\u00e1lata EMT-MET sor\u00e1n, a gyullad\u00e1st k\u00f6vet\u0151 regener\u00e1ci\u00f3 nyomonk\u00f6vet\u00e9se az \u00f6sztrog\u00e9n szint f\u00fcggv\u00e9ny\u00e9ben)<br \/>\n<strong>T\u00e9mavezet\u0151: <\/strong>Dr. Zsiros Vikt\u00f3ria egyetemi adjunktus<\/p>\n<p><strong>Rektori p\u00e1ly\u00e1zat c\u00edme: <\/strong>Az MPOA oxytocinreceptor-pozit\u00edv sejtjeinek vizsg\u00e1lata h\u00edm patk\u00e1nyokban<br \/>\n<strong>T\u00e9mavezet\u0151: <\/strong>Prof. Dr. Dobolyi \u00c1rp\u00e1d<\/p>\n","protected":false},"excerpt":{"rendered":"<p>Rektori p\u00e1lyamunka 2025\/2026 TAN\u00c9V<br \/>\nRektori p\u00e1ly\u00e1zat c\u00edme: N\u0151st\u00e9ny patk\u00e1nyok mesothel sejteinek vizsg\u00e1lata EMT-MET sor\u00e1n, a gyullad\u00e1st k\u00f6vet\u0151 regener\u00e1ci\u00f3 nyomonk\u00f6vet\u00e9se az \u00f6sztrog\u00e9n szint f\u00fcggv\u00e9ny\u00e9ben)<br \/>\nT\u00e9mavezet\u0151: Dr. Zsiros Vikt\u00f3ria egyetemi adjunktus<br \/>\nRektori p\u00e1ly\u00e1zat c\u00edme: Az MPOA oxytocinreceptor-pozit\u00edv sejtjeinek vizsg\u00e1lata h\u00edm patk\u00e1nyokban<br \/>\nT\u00e9mavezet\u0151: Prof. Dr. Dobolyi \u00c1rp\u00e1d<\/p>\n","protected":false},"author":101596,"featured_media":0,"parent":9092,"menu_order":0,"comment_status":"closed","ping_status":"closed","template":"","meta":{"_acf_changed":false,"footnotes":""},"categories":[],"tags":[99],"class_list":["post-9414","page","type-page","status-publish","hentry","tag-aok-rektori-palyazat"],"acf":[],"publishpress_future_action":{"enabled":false,"date":"1970-01-01 01:00:00","action":"","terms":[],"taxonomy":"","browser_timezone_offset":0},"_links":{"self":[{"href":"https:\/\/semmelweis.hu\/tdk\/wp-json\/wp\/v2\/pages\/9414","targetHints":{"allow":["GET"]}}],"collection":[{"href":"https:\/\/semmelweis.hu\/tdk\/wp-json\/wp\/v2\/pages"}],"about":[{"href":"https:\/\/semmelweis.hu\/tdk\/wp-json\/wp\/v2\/types\/page"}],"author":[{"embeddable":true,"href":"https:\/\/semmelweis.hu\/tdk\/wp-json\/wp\/v2\/users\/101596"}],"replies":[{"embeddable":true,"href":"https:\/\/semmelweis.hu\/tdk\/wp-json\/wp\/v2\/comments?post=9414"}],"version-history":[{"count":6,"href":"https:\/\/semmelweis.hu\/tdk\/wp-json\/wp\/v2\/pages\/9414\/revisions"}],"predecessor-version":[{"id":11633,"href":"https:\/\/semmelweis.hu\/tdk\/wp-json\/wp\/v2\/pages\/9414\/revisions\/11633"}],"up":[{"embeddable":true,"href":"https:\/\/semmelweis.hu\/tdk\/wp-json\/wp\/v2\/pages\/9092"}],"wp:attachment":[{"href":"https:\/\/semmelweis.hu\/tdk\/wp-json\/wp\/v2\/media?parent=9414"}],"wp:term":[{"taxonomy":"category","embeddable":true,"href":"https:\/\/semmelweis.hu\/tdk\/wp-json\/wp\/v2\/categories?post=9414"},{"taxonomy":"post_tag","embeddable":true,"href":"https:\/\/semmelweis.hu\/tdk\/wp-json\/wp\/v2\/tags?post=9414"}],"curies":[{"name":"wp","href":"https:\/\/api.w.org\/{rel}","templated":true}]}}

Anatómiai, Szövet- és Fejlődéstani Intézet &#8211; Rektori pályázat

<h4><strong>Rektori pályamunka 2025/2026 TANÉV</strong></h4>
<p><strong>Rektori pályázat címe: </strong>Nőstény patkányok mesothel sejteinek vizsgálata EMT-MET során, a gyulladást követő regeneráció nyomonkövetése az ösztrogén szint függvényében)<br />
<strong>Témavezető: </strong>Dr. Zsiros Viktória egyetemi adjunktus</p>
<p><strong>Rektori pályázat címe: </strong>Az MPOA oxytocinreceptor-pozitív sejtjeinek vizsgálata hím patkányokban<br />
<strong>Témavezető: </strong>Prof. Dr. Dobolyi Árpád</p>

<p>Rektori pályamunka 2025/2026 TANÉV<br />
Rektori pályázat címe: Nőstény patkányok mesothel sejteinek vizsgálata EMT-MET során, a gyulladást követő regeneráció nyomonkövetése az ösztrogén szint függvényében)<br />
Témavezető: Dr. Zsiros Viktória egyetemi adjunktus<br />
Rektori pályázat címe: Az MPOA oxytocinreceptor-pozitív sejtjeinek vizsgálata hím patkányokban<br />
Témavezető: Prof. Dr. Dobolyi Árpád</p>
