{"id":941,"date":"2016-07-29T00:00:00","date_gmt":"2016-07-28T22:00:00","guid":{"rendered":"http:\/\/semmelweis.hu\/tdk\/a-semmelweis-egyetem-kivalo-diakkorose\/"},"modified":"2025-10-20T13:19:34","modified_gmt":"2025-10-20T11:19:34","slug":"a-semmelweis-egyetem-kivalo-diakkorose","status":"publish","type":"page","link":"https:\/\/semmelweis.hu\/tdk\/palyazatok\/a-semmelweis-egyetem-kivalo-diakkorose\/","title":{"rendered":"A Semmelweis Egyetem Kiv\u00e1l\u00f3 Di\u00e1kk\u00f6r\u00f6se"},"content":{"rendered":"<p>A Tudom\u00e1nyos Di\u00e1kk\u00f6ri Tan\u00e1cs minden \u00e9vben p\u00e1ly\u00e1zatot hirdet a Semmelweis Egyetem Kiv\u00e1l\u00f3 Di\u00e1kk\u00f6r\u00f6se c\u00edm elnyer\u00e9s\u00e9re.<\/p>\n<p><strong><a href=\"https:\/\/semmelweis.hu\/tdk\/files\/2025\/09\/A-SEMMELWEIS-EGYETEM-KIVALO-DIAKKOROSE-PALYAZAT-2025.pdf\">P\u00c1LY\u00c1ZATI FELH\u00cdV\u00c1S<\/a><\/strong><\/p>\n<p><span style=\"color: #ff0000\"><strong>Bek\u00fcld\u00e9si hat\u00e1rid\u0151 meghosszabb\u00edtva 2025. okt\u00f3ber 27. 24:00-ig!<\/strong><\/span><\/p>\n<p>Itt olvashat\u00f3 a kit\u00fcntet\u00e9s elnyer\u00e9s\u00e9hez sz\u00fcks\u00e9ges pontrendszer, illetve a kor\u00e1bbi \u00e9vek nyerteseinek a list\u00e1ja.<\/p>\n<h5>A p\u00e1ly\u00e1zatok elb\u00edr\u00e1l\u00e1sa az al\u00e1bbi pontrendszer alapj\u00e1n t\u00f6rt\u00e9nik:<\/h5>\n<div>\n<ul>\n<li>egyetemi TDK konferencia I, II, III hely: 3,2,1 pont<\/li>\n<li>orsz\u00e1gos TDK konferencia I, II, III hely (ill. k\u00fcl\u00f6nd\u00edj): 6 pont<\/li>\n<li>rektori p\u00e1ly\u00e1zat I, II hely, dics\u00e9ret: 3,2,1 pont<\/li>\n<li>demonstr\u00e1tori tev\u00e9kenys\u00e9g: 2 pont<\/li>\n<li>els\u0151szerz\u0151s hazai tudom\u00e1nyos cikk: 2 pont; t\u00e1rsszerz\u0151s 1 pont<\/li>\n<li>els\u0151szerz\u0151s nemzetk\u00f6zi tudom\u00e1nyos cikk: 6 pont; t\u00e1rsszerz\u0151s 3 pont<\/li>\n<li>els\u0151szerz\u0151s id\u00e9zhet\u0151 absztrakt: 1 pont<\/li>\n<li>els\u0151szerz\u0151s el\u0151ad\u00e1s\/poszter hazai tudom\u00e1nyos (nem di\u00e1kk\u00f6ri) konferenci\u00e1n: 2 pont<\/li>\n<li>els\u0151szerz\u0151s el\u0151ad\u00e1s\/poszter nemzetk\u00f6zi tudom\u00e1nyos (nem di\u00e1kk\u00f6ri) konferenci\u00e1n: 4 pont<\/li>\n<li>d\u00edjak (pl. Hajnal Imre, Bezn\u00e1k Alad\u00e1r \u00e9rem): \u00e9rdem szerint, de \u00e1ltal\u00e1ban: 4 pont<\/li>\n<\/ul>\n<\/div>\n<h5 align=\"center\">\u00a0<\/h5>\n<hr \/>\n<h5 align=\"center\">\u00a0<\/h5>\n<p align=\"center\"><strong><span style=\"color: #000000\">A &#8222;Semmelweis Egyetem Kiv\u00e1l\u00f3 Di\u00e1kk\u00f6r\u00f6se&#8221; egyetemi kit\u00fcntet\u00e9s tulajdonosai 2001-2024<\/span><\/strong><\/p>\n<p align=\"center\"><strong>2024 kit\u00fcntetettjei:<\/strong><\/p>\n<p align=\"center\">Dr. Angyal Dorottya, Dr. Boga M\u00e1rton, Decker Szonja, Hainzl T\u00f3bi\u00e1s, Dr. Juh\u00e1sz D\u00e9nes, Dr. Kegyes-Brassai Anna, Dr. L\u00f3ska D\u00f3ra, Dr. N\u00e1z\u00e1r Vivien, Dr. Szabolcs Botond, Thaly Anna, Dr. Tomcs\u00e1nyi Kinga, Dr. T\u00f3th Bogl\u00e1rka<\/p>\n<p align=\"center\"><strong>2023 kit\u00fcntetettjei:<\/strong><\/p>\n<p align=\"center\">Dr. Bogn\u00e1r Judit, Dr. Bottlik Ol\u00edvia, Dr. F\u00e9s\u00fc Dorottya, Horny\u00e1k Tam\u00e1s, Kiss Laura, Kiss Stella T\u00edmea, Dr. Kreuter Patrik, Dr. L\u00e1ng Tam\u00e1s, Dr. Nagy Bettina, Dr. Orb\u00e1n G\u00e1bor, Dr. Szentiv\u00e1nyi Andr\u00e1s Imre, Dr. Tolvaj M\u00e1t\u00e9<\/p>\n<p align=\"center\"><strong>2022<\/strong>\u00a0<span style=\"color: #000000\"><strong>kit\u00fcntetettjei:<\/strong><\/span><\/p>\n<p align=\"center\">Dr. Amirreza Alijanpourotaghsara, Dr. Berente Dalida Borb\u00e1la, Horv\u00e1th Zolt\u00e1nn\u00e9, Dr. Lad\u00e1nyi Zsuzsanna, Dr. Kalabay M\u00e1rton, Dr. Kotmayer Lili, Dr. Major \u00c1bel, Dr. Nagy D\u00e1vid, Dr. Schulc Kl\u00e1ra, Dr. Sz\u00e1raz Lili, Dr. Sz\u00e1sz Adrienn Zs\u00f3fia, Dr. Veress Fanni<\/p>\n<p align=\"center\"><strong>2021<\/strong> <span style=\"color: #000000\"><strong>kit\u00fcntetettjei:<\/strong><\/span><\/p>\n<p style=\"text-align: center\">Dr. B\u00e1tai Bence, Dr. Farkas Ferenc Bal\u00e1zs, Gyenes G\u00e1bor, Dr. K\u00e1lm\u00e1n Marcell, Dr. Kisp\u00e1l Erika, Dr. L\u00e9vay Kl\u00e1ra, Dr. Nyir\u00f5 Judit, Dr. Stark Kl\u00e1ra Aliz, Dr. V\u00e1rallyay Anett Anna, Varga Loretta, Dr. Vir\u00e1g-Tulassay Eszter, Dr. Zsarn\u00f3czay Emese<\/p>\n<p align=\"center\"><span style=\"color: #000000\"><strong>2020 kit\u00fcntetettjei:<\/strong><\/span><\/p>\n<p style=\"text-align: center\">Dr. Babity M\u00e1t\u00e9, Dr. Barta B\u00e1lint Andr\u00e1s, Dr. Budai Bettina Katalin, Dr. B\u00e1nyai B\u00e1lint P\u00e9ter, Dr. Daradics No\u00e9mi, Dr. Egyed B\u00e1lint, Dr. Gergely Tam\u00e1s, Dr. Hajd\u00fa Rozina Ida, Dr. Kar\u00e1di D\u00e1vid \u00c1rp\u00e1d, Dr. Stengl Roland, Dr. V\u00e9n Krisztina, Dr. Zich\u00f3 Kriszti\u00e1n<\/p>\n<p align=\"center\"><span style=\"color: #000000\"><strong>2019 kit\u00fcntetettjei:<\/strong><\/span><\/p>\n<p style=\"text-align: center\">Dr. Anker P\u00e1lma, Dr. B\u00e9rczi \u00c1kos, Dr. Gecse Kinga, Dr. Kerkovits N\u00f3ra Melinda, Dr. L\u00e9vai Eszter, Dr. Major Enik\u00f5, Dr. Moln\u00e1r Andr\u00e1s, Dr. Piros \u00c9va Anna, Dr. Sayour Alex Ali, Dr. Vattay Borb\u00e1la, Dr. Vecsey-Nagy Mil\u00e1n, Dr. Wafa Dina<\/p>\n<p style=\"text-align: center\"><span style=\"color: #000000\"><span style=\"color: #000000\"><strong>2018 kit\u00fcntetettjei:<br \/>\n<\/strong><span style=\"color: #000000\"><span style=\"color: #000000\"><span style=\"color: #000000\"><span style=\"color: #000000\"><span style=\"color: #000000\"><span style=\"color: #000000\">dr. Acz\u00e9l D\u00f3ra T\u00edmea, dr. B\u00e1rczi Enik\u0151, dr. Beliczai-Marosi Gabriella, Bodor Zsanett, dr. F\u00e9s\u00fcs Vikt\u00f3ria, dr. Iv\u00e1nyi D\u00f3ra, dr. Keller D\u00e1vid, Kubik Anna Zs\u00f3fia, dr. Panta Cec\u00edlia Rita, dr. Simon Judit, dr. Szanyi Szil\u00e1rd, dr. Vajk D\u00f3ra<\/span><\/span><\/span><\/span><strong><span style=\"color: #000000\"><span style=\"color: #000000\"><strong><span style=\"color: #000000\"><span style=\"color: #000000\"><strong><br \/>\n<\/strong><\/span><\/span><\/strong><\/span><\/span><\/strong><\/span><\/span><\/span><\/span><\/p>\n<p align=\"center\"><span style=\"color: #000000\"><span style=\"color: #000000\"><span style=\"color: #000000\"><strong><span style=\"color: #000000\"><span style=\"color: #000000\"><strong><span style=\"color: #000000\"><span style=\"color: #000000\"><span style=\"color: #000000\"><strong><span style=\"color: #000000\"><span style=\"color: #000000\"><strong>2017 kit\u00fcntetettjei:<br \/>\n<\/strong><\/span><\/span><\/strong><\/span><\/span><\/span><\/strong><\/span><\/span><\/strong><span style=\"color: #000000\"><span style=\"color: #000000\"><span style=\"color: #000000\">dr. Czumbel L\u00e1szl\u00f3 M\u00e1rk, dr. Drobni Zs\u00f3fia D\u00f3ra, dr. Guly\u00e1s-On\u00f3di Zs\u00f3fia, dr. Kocsm\u00e1r \u00c9va, dr. Kocsm\u00e1r Ildik\u00f3, dr. Kugler Szivia, dr. P\u00f3sfai Bal\u00e1zs, dr. Sv\u00e1b Gergely, dr. Szab\u00f3 Lilla, dr. Szilvay Andr\u00e1s, dr. Tak\u00e1cs Ang\u00e9la, dr. Tokodi M\u00e1rton<\/span><\/span><\/span><\/span><\/span><\/span><\/p>\n<p align=\"center\"><span style=\"color: #000000\"><span style=\"color: #000000\"><strong>2016 kit\u00fcntetettjei:<br \/>\n<\/strong><\/span><\/span><span style=\"color: #000000\"><span style=\"color: #000000\">Dr. B\u00e1rczi Adrienn, Dr. Boros Kriszta Katinka, Dr. Fodor Zsuzsanna, Dr. Husz\u00e1r N. Istv\u00e1n,\u00a0\u00a0Kar\u00f3czi Csilla, Dr.\u00a0Kellermayer Dalma Lucia,\u00a0Dr.\u00a0Kolossv\u00e1ry M\u00e1rton J\u00f3zsef, Dr. K\u0151hidai Zs\u00f3fia, Dr.\u00a0Prokop Susanne, Dr. Ruppert Mih\u00e1ly, Dr. T\u00f6r\u00f6k Marianna, Dr.\u00a0Trojn\u00e1r Eszter <\/span><\/span><\/p>\n<p align=\"center\"><strong><span style=\"color: #000000\">2015 kit\u00fcntetettjei:<br \/>\n<\/span><\/strong>Dr. Bajnok Anna, Dr. Budai Andr\u00e1s, Dr. Cs\u00e9cs Ibolya, Dr. Czimbalmos Csilla, Dr. Dancs P\u00e9ter, Dr. Hricz\u00f3-Koperd\u00e1k Gergely, Dr. Kov\u00e1cs Kata, Farkas Cec\u00edlia, Dr. Kar\u00e1dy J\u00falia, Dr. Kosik Anna, Dr. Kov\u00e1cs Tibor, Dr. Merkely Gerg\u0151, Dr. Somlyai M\u00e1t\u00e9<\/p>\n<p align=\"center\"><strong>2014 kit\u00fcntetettjei:<br \/>\n<\/strong>Dr. \u00c1cs Bal\u00e1zs, Dr. Benke K\u00e1lm\u00e1n, Dr. Birtalan Ede, Feller T\u00edmea, Dr. Mervai Zsolt, Dr. Odler Bal\u00e1zs,Dr. Szab\u00f3 B\u00e1lint, Szemes Zs\u00f3fia, Dr. Szilveszter B\u00e1lint, Dr. Sz\u0151nyi Andr\u00e1s<\/p>\n<p style=\"text-align: center\"><span style=\"color: #000000\"><strong>2013 kit\u00fcntetettjei:<\/strong><br \/>\nDr. \u00c1gg Bence K\u00e1roly, Dr. Balogh R\u00e9ka, Dr. Czig\u00e1ny Zolt\u00e1n, Dr. G\u00e1ti Endre, Dr. Haraszti R\u00e9ka \u00c1gnes, Dr. Herczeg Kata, Dr. N\u00e9meth Bal\u00e1zs Tam\u00e1s, Dr. Orosz \u00c1d\u00e1m P\u00e9ter, Dr. Syd\u00f3 N\u00f3ra, Dr. Trimmel B\u00e1lint<\/span><\/p>\n<p style=\"text-align: center\"><strong>2012 kit\u00fcntetettjei:<\/strong><br \/>\nDr. Brauswetter Di\u00e1na, Dr. Csete D\u00e1niel, Dr. Domokos Andor, Dr. Gara Edit, Dr. Grolmusz Vince Korn\u00e9l, Heim Attila, Dr. K\u00e1lm\u00e1n Fanni S\u00e1ra, Dr. Kov\u00e1cs Attila, Dr. Mih\u00e1lyi Zsuzsanna, Schuth G\u00e1bor, Dr. Tur\u00f3czi Zsolt<\/p>\n<p style=\"text-align: center\"><strong>2011 kit\u00fcntetettjei:<\/strong><br \/>\nDr. B\u0151cskei-Antal Barnab\u00e1s, Dr. Egerv\u00e1ri G\u00e1bor, Dr. Kolumb\u00e1n Zsuzsa, Lasztovicza D\u00f3ra, Dr. Marosi Attila, N\u00e9gyesi J\u00e1nos, Protzner Anna, Dr. Rosero Oliv\u00e9r, Dr. Toldi Gergely, Dr. T\u00f3th J\u00f3zsef<\/p>\n<p style=\"text-align: center\"><span style=\"color: #000000\"><strong>2010 kit\u00fcntetettjei:<br \/>\n<\/strong>Dr. \u00c1cs Tam\u00e1s Bence, Dr. Bikov Andr\u00e1s, Dr. Cser\u00e9p Csaba, G\u00f6r\u00f6gh D\u00f3ra, Dr. Gullai N\u00f3ra, Dr. Kerti Andrea, Dr. Kiss Gergely, Marton Orsolya, Orb\u00e1n Judit, Dr. Stiedl P\u00e9ter<\/span><\/p>\n<p style=\"text-align: center\"><span style=\"color: #000000\"><strong>2009 kit\u00fcntetettjei:<br \/>\n<\/strong>Dr. Barnucz Enik\u0151, Dr. Gy\u00f6rgy Bence, Dr. Heged\u00fcs Viktor Zsolt, Kiss J\u00falia, Dr. Konta Laura, Dr. Legeza Bal\u00e1zs, Dr. Pesti Szabolcs J\u00f3zsef, Dr. R\u00e9v\u00e9sz Katalin, Dr. Szili Bal\u00e1zs, Vrauk\u00f3 Katalin<\/span><\/p>\n<p style=\"text-align: center\"><span style=\"color: #000000\"><strong>2008 kit\u00fcntetettjei:<br \/>\n<\/strong>B\u00e9k\u00e1si S\u00e1ndor, Kiszela Kinga, Kov\u00e1cs Enik\u0151, Krepuska Mikl\u00f3s, Mikl\u00f3s Melinda, Moln\u00e1r D\u00e1vid, Pint\u00e9r Alexandra, Rajnai Hajnalka, Szabadits Eszter, Ureczky D\u00f3ra<\/span><\/p>\n<p style=\"text-align: center\"><span style=\"color: #000000\"><strong>2007 kit\u00fcntetettjei:<br \/>\n<\/strong>Arat\u00f3 Zsuzsanna, Czira M\u00e1ria Eszter, Duhaj Szilvia, Jermendy \u00c1gnes, Kiss M\u00e1ty\u00e1s, Luk\u00e1cs Viktor, N\u00e9meth Tam\u00e1s, P\u00f3cza P\u00e9ter, S\u00e1f\u00e1r S\u00e1ndor<\/span><\/p>\n<p style=\"text-align: center\"><span style=\"color: #000000\"><strong>2006 kit\u00fcntetettjei:<br \/>\n<\/strong>Enyedi Bal\u00e1zs, Hangya Bal\u00e1zs, Juh\u00e1szn\u00e9 Lenkey N\u00f3ra, Husz\u00e1r Erika, Kardos Ervinn\u00e9, Kov\u00e1cs \u00c1gnes Zs\u00f3fia, Maurovich Horv\u00e1t P\u00e1l, Moln\u00e1r Viktor, Szanda Gerg\u0151, Szeifert Lilla<\/span><\/p>\n<p style=\"text-align: center\"><span style=\"color: #000000\"><strong>2005 kit\u00fcntetettjei:<br \/>\n<\/strong>Bal\u00e1zsn\u00e9 Kal\u00f3 Be\u00e1ta, Laki M\u00f3nika, Margittai \u00c9va, Marton Adrienn, \u0150rsy Petra, Sipter Emese, Sz\u00e9plaki G\u00e1bor, Szmola Rich\u00e1rd, T\u00f6r\u00f6k Enik\u0151<\/span><\/p>\n<p style=\"text-align: center\"><span style=\"color: #000000\"><strong>2004 kit\u00fcntetettjei:<br \/>\n<\/strong>Demeter Irma, Egresits J\u00f3zsef, Gerencs\u00e9r Andrea, Kiss Levente,\u00a0 Komsa Ildik\u00f3, Moln\u00e1r B\u00e1lint, Mur\u00e1nyi Eleon\u00f3ra, Sipos Arnold, Sz\u0171cs Orsolya, Tak\u00e1cs Tam\u00e1s<\/span><\/p>\n<p style=\"text-align: center\"><span style=\"color: #000000\"><strong>2003 kit\u00fcntetettjei:<br \/>\n<\/strong>Istenes Ildik\u00f3, Keller Anik\u00f3, Nagy Kriszti\u00e1n, R\u00e1cz Attila, Sz\u0171cs G\u00e1bor, V\u00e1mos Eszter, Zavaczky Erika<\/span><\/p>\n<p style=\"text-align: center\"><span style=\"color: #000000\"><strong>2002 kit\u00fcntetettjei:<br \/>\n<\/strong>Hajdu Melinda, Majnik Judit, Moldrich Gabriella, Nemoda Zs\u00f3fia, Studinger P\u00e9ter, Tihanyi Bal\u00e1zs<\/span><\/p>\n<p style=\"text-align: center\"><span style=\"color: #000000\"><strong>2001 kit\u00fcntetettjei:<br \/>\n<\/strong>Andics Bernadett, Balogh Katalin, Bics\u00e9rdi Gabriella, Borgulya G\u00e1bor, Budai \u00c1gnes, Budai Marianna, Erlaky Hajna, Leibinger \u00c9va, Moln\u00e1r Mikl\u00f3s, T\u00f3th Korn\u00e9lia<\/span><\/p>\n","protected":false},"excerpt":{"rendered":"<p>A Tudom\u00e1nyos Di\u00e1kk\u00f6ri Tan\u00e1cs minden \u00e9vben p\u00e1ly\u00e1zatot hirdet a Semmelweis Egyetem Kiv\u00e1l\u00f3 Di\u00e1kk\u00f6r\u00f6se c\u00edm elnyer\u00e9s\u00e9re. <a href=\"https:\/\/semmelweis.hu\/tdk\/files\/2025\/09\/A-SEMMELWEIS-EGYETEM-KIVALO-DIAKKOROSE-PALYAZAT-2025.pdf\">P\u00c1LY\u00c1ZATI FELH\u00cdV\u00c1S<\/a> Bek\u00fcld\u00e9si hat\u00e1rid\u0151 meghosszabb\u00edtva 2025. okt\u00f3ber 27. 24:00-ig! Itt olvashat\u00f3 a kit\u00fcntet\u00e9s elnyer\u00e9s\u00e9hez sz\u00fcks\u00e9ges pontrendszer, illetve a kor\u00e1bbi \u00e9vek nyerteseinek a list\u00e1ja. A p\u00e1ly\u00e1zatok elb\u00edr\u00e1l\u00e1sa az al\u00e1bbi pontrendszer alapj\u00e1n t\u00f6rt\u00e9nik: egyetemi TDK konferencia I, II, III hely: 3,2,1 pont orsz\u00e1gos TDK &hellip;<\/p>\n","protected":false},"author":158,"featured_media":0,"parent":1146,"menu_order":6,"comment_status":"closed","ping_status":"closed","template":"","meta":{"_acf_changed":false,"footnotes":""},"categories":[],"tags":[],"class_list":["post-941","page","type-page","status-publish","hentry"],"acf":[],"publishpress_future_action":{"enabled":false,"date":"1970-01-01 01:00:00","action":"","terms":[],"taxonomy":"","browser_timezone_offset":0},"_links":{"self":[{"href":"https:\/\/semmelweis.hu\/tdk\/wp-json\/wp\/v2\/pages\/941","targetHints":{"allow":["GET"]}}],"collection":[{"href":"https:\/\/semmelweis.hu\/tdk\/wp-json\/wp\/v2\/pages"}],"about":[{"href":"https:\/\/semmelweis.hu\/tdk\/wp-json\/wp\/v2\/types\/page"}],"author":[{"embeddable":true,"href":"https:\/\/semmelweis.hu\/tdk\/wp-json\/wp\/v2\/users\/158"}],"replies":[{"embeddable":true,"href":"https:\/\/semmelweis.hu\/tdk\/wp-json\/wp\/v2\/comments?post=941"}],"version-history":[{"count":13,"href":"https:\/\/semmelweis.hu\/tdk\/wp-json\/wp\/v2\/pages\/941\/revisions"}],"predecessor-version":[{"id":11848,"href":"https:\/\/semmelweis.hu\/tdk\/wp-json\/wp\/v2\/pages\/941\/revisions\/11848"}],"up":[{"embeddable":true,"href":"https:\/\/semmelweis.hu\/tdk\/wp-json\/wp\/v2\/pages\/1146"}],"wp:attachment":[{"href":"https:\/\/semmelweis.hu\/tdk\/wp-json\/wp\/v2\/media?parent=941"}],"wp:term":[{"taxonomy":"category","embeddable":true,"href":"https:\/\/semmelweis.hu\/tdk\/wp-json\/wp\/v2\/categories?post=941"},{"taxonomy":"post_tag","embeddable":true,"href":"https:\/\/semmelweis.hu\/tdk\/wp-json\/wp\/v2\/tags?post=941"}],"curies":[{"name":"wp","href":"https:\/\/api.w.org\/{rel}","templated":true}]}}