{"id":9310,"date":"2023-06-16T12:45:33","date_gmt":"2023-06-16T10:45:33","guid":{"rendered":"https:\/\/semmelweis.hu\/tdk\/?page_id=9310"},"modified":"2025-07-16T11:16:15","modified_gmt":"2025-07-16T09:16:15","slug":"rektori-palyazat-farmakologiai-es-farmakoterapias-intezet","status":"publish","type":"page","link":"https:\/\/semmelweis.hu\/tdk\/rektori-palyazat\/rektori-palyazat-meghirdetett-temak\/rektori-palyazat-farmakologiai-es-farmakoterapias-intezet\/","title":{"rendered":"Farmakol\u00f3giai \u00e9s Farmakoter\u00e1pi\u00e1s Int\u00e9zet -Rektori p\u00e1ly\u00e1zat"},"content":{"rendered":"<h3>Rektori p\u00e1ly\u00e1zat Farmakol\u00f3giai \u00e9s Farmakoter\u00e1pi\u00e1s Int\u00e9zet 2025\/2026<\/h3>\n<table style=\"border-collapse: collapse;width: 100%;height: 314px\">\n<tbody>\n<tr style=\"height: 33px\">\n<td style=\"width: 50%;height: 33px\"><strong>Rektori p\u00e1lyamunka c\u00edme<\/strong><\/td>\n<td style=\"width: 50%;height: 33px\"><strong>T\u00e9mavezet\u0151<\/strong><\/td>\n<\/tr>\n<tr>\n<td style=\"width: 50%\" width=\"740\">Inflammation in heart failure: distinct pattern of inflammasome activity in rodent models for cardiomyopathies<\/td>\n<td style=\"width: 50%\" width=\"351\">Dr. Guly\u00e1s- On\u00f3di Zs\u00f3fia (adjunktus)<\/td>\n<\/tr>\n<tr>\n<td style=\"width: 50%\">Immunellen\u0151rz\u0151pont-g\u00e1tl\u00f3k okozta kardiotoxicit\u00e1s \u00e9s a csecsem\u0151mirigy aktivit\u00e1s\u00e1nak \u00f6sszef\u00fcgg\u00e9se<\/td>\n<td style=\"width: 50%\">Kocsis M\u00e1rton (PhD hallgat\u00f3) \u00e9s Dr. Varga Zolt\u00e1n (egyetemi docens)<\/td>\n<\/tr>\n<tr>\n<td style=\"width: 50%\" width=\"740\">Effect of matrix transformation preprocessing methods and parameter optimization on the performance of a generative machine learning-based protein-protein prediction software<\/td>\n<td style=\"width: 50%\" width=\"351\">Balogh Oliv\u00e9r M\u00e1rton (PhD hallgat\u00f3), Dr. \u00c1gg Bence K\u00e1roly (egyetemi adjunktus)<\/td>\n<\/tr>\n<\/tbody>\n<\/table>\n","protected":false},"excerpt":{"rendered":"<p>Rektori p\u00e1ly\u00e1zat Farmakol\u00f3giai \u00e9s Farmakoter\u00e1pi\u00e1s Int\u00e9zet 2025\/2026 Rektori p\u00e1lyamunka c\u00edme T\u00e9mavezet\u0151 Inflammation in heart failure: distinct pattern of inflammasome activity in rodent models for cardiomyopathies Dr. Guly\u00e1s- On\u00f3di Zs\u00f3fia (adjunktus) Immunellen\u0151rz\u0151pont-g\u00e1tl\u00f3k okozta kardiotoxicit\u00e1s \u00e9s a csecsem\u0151mirigy aktivit\u00e1s\u00e1nak \u00f6sszef\u00fcgg\u00e9se Kocsis M\u00e1rton (PhD hallgat\u00f3) \u00e9s Dr. Varga Zolt\u00e1n (egyetemi docens) Effect of matrix transformation preprocessing methods and &hellip;<\/p>\n","protected":false},"author":101596,"featured_media":0,"parent":9092,"menu_order":0,"comment_status":"closed","ping_status":"closed","template":"","meta":{"_acf_changed":false,"footnotes":""},"categories":[],"tags":[99],"class_list":["post-9310","page","type-page","status-publish","hentry","tag-aok-rektori-palyazat"],"acf":[],"publishpress_future_action":{"enabled":false,"date":"1970-01-01 01:00:00","action":"","terms":[],"taxonomy":"","browser_timezone_offset":0},"_links":{"self":[{"href":"https:\/\/semmelweis.hu\/tdk\/wp-json\/wp\/v2\/pages\/9310","targetHints":{"allow":["GET"]}}],"collection":[{"href":"https:\/\/semmelweis.hu\/tdk\/wp-json\/wp\/v2\/pages"}],"about":[{"href":"https:\/\/semmelweis.hu\/tdk\/wp-json\/wp\/v2\/types\/page"}],"author":[{"embeddable":true,"href":"https:\/\/semmelweis.hu\/tdk\/wp-json\/wp\/v2\/users\/101596"}],"replies":[{"embeddable":true,"href":"https:\/\/semmelweis.hu\/tdk\/wp-json\/wp\/v2\/comments?post=9310"}],"version-history":[{"count":6,"href":"https:\/\/semmelweis.hu\/tdk\/wp-json\/wp\/v2\/pages\/9310\/revisions"}],"predecessor-version":[{"id":11489,"href":"https:\/\/semmelweis.hu\/tdk\/wp-json\/wp\/v2\/pages\/9310\/revisions\/11489"}],"up":[{"embeddable":true,"href":"https:\/\/semmelweis.hu\/tdk\/wp-json\/wp\/v2\/pages\/9092"}],"wp:attachment":[{"href":"https:\/\/semmelweis.hu\/tdk\/wp-json\/wp\/v2\/media?parent=9310"}],"wp:term":[{"taxonomy":"category","embeddable":true,"href":"https:\/\/semmelweis.hu\/tdk\/wp-json\/wp\/v2\/categories?post=9310"},{"taxonomy":"post_tag","embeddable":true,"href":"https:\/\/semmelweis.hu\/tdk\/wp-json\/wp\/v2\/tags?post=9310"}],"curies":[{"name":"wp","href":"https:\/\/api.w.org\/{rel}","templated":true}]}}