{"id":9256,"date":"2023-06-14T12:17:03","date_gmt":"2023-06-14T10:17:03","guid":{"rendered":"https:\/\/semmelweis.hu\/tdk\/?page_id=9256"},"modified":"2025-09-23T14:09:20","modified_gmt":"2025-09-23T12:09:20","slug":"rektori-palyazat-biofizikai-es-sugarbiologiai-intezet","status":"publish","type":"page","link":"https:\/\/semmelweis.hu\/tdk\/rektori-palyazat\/rektori-palyazat-meghirdetett-temak\/rektori-palyazat-biofizikai-es-sugarbiologiai-intezet\/","title":{"rendered":"Biofizikai \u00e9s Sug\u00e1rbiol\u00f3giai Int\u00e9zet &#8211; Rektori p\u00e1ly\u00e1zat"},"content":{"rendered":"<h3>Rektori p\u00e1ly\u00e1zat Biofizikai \u00e9s Sug\u00e1rbiol\u00f3giai Int\u00e9zet 2025\/2026<\/h3>\n<table style=\"border-collapse: collapse;width: 100%;height: 208px\">\n<tbody>\n<tr style=\"height: 33px\">\n<td style=\"width: 50%;height: 33px\"><strong>Rektori p\u00e1ly\u00e1zat c\u00edme<\/strong><\/td>\n<td style=\"width: 50%;height: 33px\"><strong>T\u00e9mavezet\u0151<\/strong><\/td>\n<\/tr>\n<tr style=\"height: 33px\">\n<td style=\"width: 50%;height: 33px\" width=\"365\">Vir\u00e1lis fert\u0151z\u00e9si folyamatok vizsg\u00e1lata egyedi partikulum szinten<\/td>\n<td style=\"width: 50%;height: 33px\" width=\"351\">Dr. Kiss B\u00e1lint, PhD<\/td>\n<\/tr>\n<tr style=\"height: 33px\">\n<td style=\"width: 50%;height: 33px\">Megfigyel\u00e9ses vizsg\u00e1latok elemz\u00e9se statisztikai m\u00f3dszerekkel.<\/td>\n<td style=\"width: 50%;height: 33px\">Dr. Ag\u00f3cs Gergely, PhD<\/td>\n<\/tr>\n<tr style=\"height: 33px\">\n<td style=\"width: 50%;height: 33px\">Statistical analysis of observational studies.<\/td>\n<td style=\"width: 50%;height: 33px\">Dr. Ag\u00f3cs Gergely, PhD<\/td>\n<\/tr>\n<tr style=\"height: 33px\">\n<td style=\"width: 50%;height: 33px\">Statistische Analyse von Beobachtungsuntersuchungen.<\/td>\n<td style=\"width: 50%;height: 33px\">Dr. Ag\u00f3cs Gergely, PhD<\/td>\n<\/tr>\n<tr style=\"height: 33px\">\n<td style=\"width: 50%;height: 33px\">Membr\u00e1nnal k\u00f6lcs\u00f6nhat\u00f3 feh\u00e9rje r\u00e9gi\u00f3k predikci\u00f3ja feh\u00e9rje nyelvi modellek alkalmaz\u00e1s\u00e1val.<\/td>\n<td style=\"width: 50%;height: 33px\">Dr. Heged\u0171s Tam\u00e1s<\/td>\n<\/tr>\n<tr style=\"height: 10px\">\n<td style=\"width: 50%;height: 10px\">\n<p><span lang=\"en-GB\" data-olk-copy-source=\"MessageBody\">Investigation of PH-dependent swelling of submicron hydrogel fibrous membranes<\/span><\/p>\n<\/td>\n<td style=\"width: 50%;height: 10px\">Dr. <span data-olk-copy-source=\"MessageBody\">Moln\u00e1r Krist\u00f3f, PhD<\/span><\/td>\n<\/tr>\n<tr>\n<td style=\"width: 50%\" width=\"323\">Kitoz\u00e1n oligoszacharidok szerkezet\u00e9nek \u00e9s k\u00f6lcs\u00f6nhat\u00e1sainak vizsg\u00e1lata<\/td>\n<td style=\"width: 50%\" width=\"143\">Dr. B\u00e9ni Szabolcs egyetemi docens<\/td>\n<\/tr>\n<tr>\n<td style=\"width: 50%\">Kohle\u00e1t hat\u00f3anyag-hordoz\u00f3k szerkezetoptimaliz\u00e1l\u00e1sa<\/td>\n<td style=\"width: 50%\">Dr. Boz\u00f3 Tam\u00e1s, PhD<\/td>\n<\/tr>\n<tr>\n<td style=\"width: 50%\">\n<p>Magnetit nanor\u00e9szecsk\u00e9kkel t\u00f6lt\u00f6tt polimer sz\u00e1las rendszerek el\u0151\u00e1ll\u00edt\u00e1sa \u00e9s vizsg\u00e1latai orvosi c\u00e9lokra<\/p>\n<\/td>\n<td style=\"width: 50%\">Dr Jedlovszky-Hajd\u00fa Ang\u00e9la, egyetemi docens<\/td>\n<\/tr>\n<\/tbody>\n<\/table>\n<p>&nbsp;<\/p>\n","protected":false},"excerpt":{"rendered":"<p>Rektori p\u00e1ly\u00e1zat Biofizikai \u00e9s Sug\u00e1rbiol\u00f3giai Int\u00e9zet 2025\/2026 Rektori p\u00e1ly\u00e1zat c\u00edme T\u00e9mavezet\u0151 Vir\u00e1lis fert\u0151z\u00e9si folyamatok vizsg\u00e1lata egyedi partikulum szinten Dr. Kiss B\u00e1lint, PhD Megfigyel\u00e9ses vizsg\u00e1latok elemz\u00e9se statisztikai m\u00f3dszerekkel. Dr. Ag\u00f3cs Gergely, PhD Statistical analysis of observational studies. Dr. Ag\u00f3cs Gergely, PhD Statistische Analyse von Beobachtungsuntersuchungen. Dr. Ag\u00f3cs Gergely, PhD Membr\u00e1nnal k\u00f6lcs\u00f6nhat\u00f3 feh\u00e9rje r\u00e9gi\u00f3k predikci\u00f3ja feh\u00e9rje nyelvi &hellip;<\/p>\n","protected":false},"author":101596,"featured_media":0,"parent":9092,"menu_order":0,"comment_status":"closed","ping_status":"closed","template":"","meta":{"_acf_changed":false,"footnotes":""},"categories":[],"tags":[99],"class_list":["post-9256","page","type-page","status-publish","hentry","tag-aok-rektori-palyazat"],"acf":[],"publishpress_future_action":{"enabled":false,"date":"1970-01-01 01:00:00","action":"","terms":[],"taxonomy":"","browser_timezone_offset":0},"_links":{"self":[{"href":"https:\/\/semmelweis.hu\/tdk\/wp-json\/wp\/v2\/pages\/9256","targetHints":{"allow":["GET"]}}],"collection":[{"href":"https:\/\/semmelweis.hu\/tdk\/wp-json\/wp\/v2\/pages"}],"about":[{"href":"https:\/\/semmelweis.hu\/tdk\/wp-json\/wp\/v2\/types\/page"}],"author":[{"embeddable":true,"href":"https:\/\/semmelweis.hu\/tdk\/wp-json\/wp\/v2\/users\/101596"}],"replies":[{"embeddable":true,"href":"https:\/\/semmelweis.hu\/tdk\/wp-json\/wp\/v2\/comments?post=9256"}],"version-history":[{"count":10,"href":"https:\/\/semmelweis.hu\/tdk\/wp-json\/wp\/v2\/pages\/9256\/revisions"}],"predecessor-version":[{"id":11679,"href":"https:\/\/semmelweis.hu\/tdk\/wp-json\/wp\/v2\/pages\/9256\/revisions\/11679"}],"up":[{"embeddable":true,"href":"https:\/\/semmelweis.hu\/tdk\/wp-json\/wp\/v2\/pages\/9092"}],"wp:attachment":[{"href":"https:\/\/semmelweis.hu\/tdk\/wp-json\/wp\/v2\/media?parent=9256"}],"wp:term":[{"taxonomy":"category","embeddable":true,"href":"https:\/\/semmelweis.hu\/tdk\/wp-json\/wp\/v2\/categories?post=9256"},{"taxonomy":"post_tag","embeddable":true,"href":"https:\/\/semmelweis.hu\/tdk\/wp-json\/wp\/v2\/tags?post=9256"}],"curies":[{"name":"wp","href":"https:\/\/api.w.org\/{rel}","templated":true}]}}