{"id":9244,"date":"2023-06-13T11:01:34","date_gmt":"2023-06-13T09:01:34","guid":{"rendered":"https:\/\/semmelweis.hu\/tdk\/?page_id=9244"},"modified":"2025-09-04T08:27:35","modified_gmt":"2025-09-04T06:27:35","slug":"rektori-palyazat-szuleszeti-es-nogyogyaszati-klinika","status":"publish","type":"page","link":"https:\/\/semmelweis.hu\/tdk\/rektori-palyazat\/rektori-palyazat-meghirdetett-temak\/rektori-palyazat-szuleszeti-es-nogyogyaszati-klinika\/","title":{"rendered":"Sz\u00fcl\u00e9szeti \u00e9s N\u0151gy\u00f3gy\u00e1szati Klinika &#8211; Rektori p\u00e1ly\u00e1zat"},"content":{"rendered":"<h3>Rektori p\u00e1ly\u00e1zat Sz\u00fcl\u00e9szeti \u00e9s N\u0151gy\u00f3gy\u00e1szati Klinika 2025\/2026<\/h3>\n<table style=\"border-collapse: collapse;width: 100%\">\n<tbody>\n<tr>\n<td style=\"width: 50%\"><strong>Rektori p\u00e1ly\u00e1zat c\u00edme<\/strong><\/td>\n<td style=\"width: 50%\"><strong>T\u00e9mavezet\u0151<\/strong><\/td>\n<\/tr>\n<tr>\n<td style=\"width: 50%\" width=\"365\">A kering\u00e9sben tal\u00e1lhat\u00f3 citokinek vizsg\u00e1lata praeeclampsi\u00e1ban<\/td>\n<td style=\"width: 50%\" width=\"351\">Prof. Dr. Molvarec Attila, az MTA doktora<\/td>\n<\/tr>\n<tr>\n<td style=\"width: 50%\" width=\"365\">A kering\u00e9sben tal\u00e1lhat\u00f3 h\u0151sokkfeh\u00e9rj\u00e9k vizsg\u00e1lata praeeclampsi\u00e1ban<\/td>\n<td style=\"width: 50%\">Prof. Dr. Molvarec Attila, az MTA doktora<\/td>\n<\/tr>\n<tr>\n<td style=\"width: 50%\" width=\"365\">A kering\u00e9sben tal\u00e1lhat\u00f3 adipokinek vizsg\u00e1lata praeeclampsi\u00e1ban<\/td>\n<td style=\"width: 50%\">Prof. Dr. Molvarec Attila, az MTA doktora<\/td>\n<\/tr>\n<tr>\n<td style=\"width: 50%\">A szervezeten k\u00edv\u00fcli megterm\u00e9keny\u00edt\u00e9s kezel\u00e9s eredm\u00e9nyess\u00e9ge a s\u00e1rgatest m\u0171k\u00f6d\u00e9s gy\u00f3gyszeres t\u00e1mogat\u00e1s\u00e1nak t\u00fckr\u00e9ben.<\/td>\n<td style=\"width: 50%\">Prof. Dr. Urbancsek J\u00e1nos, az MTA doktora<\/td>\n<\/tr>\n<tr>\n<td style=\"width: 50%\">A szervezeten k\u00edv\u00fcli megterm\u00e9keny\u00edt\u00e9s sor\u00e1n alkalmazott\u00a0 stimul\u00e1ci\u00f3s kezel\u00e9sek hat\u00e1sa a fagyaszt\u00e1sra ker\u00fclt embryok min\u0151s\u00e9g\u00e9re illetve azok t\u00fal\u00e9l\u00e9s\u00e9re.<\/td>\n<td style=\"width: 50%\">Prof. Dr. Urbancsek J\u00e1nos, az MTA doktora<\/td>\n<\/tr>\n<tr>\n<td style=\"width: 50%\">A fagyasztott embri\u00f3kkal v\u00e9gzett embri\u00f3be\u00fcltet\u00e9sek eredm\u00e9nyess\u00e9ge a \u201efriss\u201d ciklusban alkalmazott stimul\u00e1ci\u00f3s kezel\u00e9sek f\u00fcggv\u00e9ny\u00e9ben.<\/td>\n<td style=\"width: 50%\">Prof. Dr. Urbancsek J\u00e1nos, az MTA doktora<\/td>\n<\/tr>\n<tr>\n<td style=\"width: 50%\" width=\"365\">Fejl\u0151d\u00e9si rendelleness\u00e9get okoz\u00f3 intrauterin infekci\u00f3 hat\u00e1sa a magzatra<\/td>\n<td style=\"width: 50%\" width=\"351\">Dr. habil. Beke Art\u00far Ph.D. , egyetemi docens<\/td>\n<\/tr>\n<tr>\n<td style=\"width: 50%\" width=\"365\">Magzati fejl\u0151d\u00e9si rendelleness\u00e9gek genetikai \u00e9s ultrahang vizsg\u00e1lata<\/td>\n<td style=\"width: 50%\" width=\"351\">Dr. habil. Beke Art\u00far Ph.D. , egyetemi docens<\/td>\n<\/tr>\n<tr>\n<td style=\"width: 50%\">N\u0151gy\u00f3gy\u00e1szati betegs\u00e9gek genetikai vizsg\u00e1lata<\/td>\n<td style=\"width: 50%\">Dr. habil. Beke Art\u00far Ph.D. , egyetemi docens<\/td>\n<\/tr>\n<tr>\n<td style=\"width: 50%\" width=\"365\">\u00c9tkez\u00e9si szok\u00e1sok onkol\u00f3giai betegek eset\u00e9ben<\/td>\n<td style=\"width: 50%\" width=\"351\">Dr. Melczer Zsolt Ph. D., egyetemi docens<\/td>\n<\/tr>\n<tr>\n<td style=\"width: 50%\" width=\"365\">A hum\u00e1n papilloma v\u00edrus diagnosztik\u00e1ja \u00e9s kezel\u00e9si lehet\u0151s\u00e9gei<\/td>\n<td style=\"width: 50%\" width=\"351\">Dr. Melczer Zsolt Ph. D., egyetemi docens<\/td>\n<\/tr>\n<tr>\n<td style=\"width: 50%\" width=\"365\">STD-k korszer\u0171 diagnosztik\u00e1ja \u00e9s ter\u00e1pi\u00e1ja<\/td>\n<td style=\"width: 50%\" width=\"351\">Dr. Melczer Zsolt Ph. D., egyetemi docens<\/td>\n<\/tr>\n<tr>\n<td style=\"width: 50%\">Centralis kan\u00fcl haszn\u00e1lata a korasz\u00fcl\u00f6tt intenz\u00edv oszt\u00e1lyon<\/td>\n<td style=\"width: 50%\">Dr. Harmath \u00c1gnes PhD egyetemi adjunktus<\/td>\n<\/tr>\n<tr>\n<td style=\"width: 50%\" width=\"365\">A rectum m\u00e9lyen ifiltr\u00e1l\u00f3 endometri\u00f3zis\u00e1nak\u00a0 ultrahang diagnosztik\u00e1ja \u00e9s differenci\u00e1ldiagnosztik\u00e1ja<\/td>\n<td style=\"width: 50%\">Dr. Szab\u00f3 G\u00e1bor\u00a0 PhD egyetemi adjunktus<\/td>\n<\/tr>\n<tr>\n<td style=\"width: 50%\" width=\"365\">A plexus sacralist infiltr\u00e1l\u00f3 m\u00e9ly endometri\u00f3zis ultrahangdiagnosztik\u00e1ja<\/td>\n<td style=\"width: 50%\">Dr. Szab\u00f3 G\u00e1bor\u00a0 PhD egyetemi adjunktus<\/td>\n<\/tr>\n<tr>\n<td style=\"width: 50%\" width=\"365\">A terhess\u00e9g sor\u00e1n fenn\u00e1ll\u00f3 m\u00e9hf\u00fcggel\u00e9k- elv\u00e1ltoz\u00e1sok ultrahang -diagnosztik\u00e1ja<\/td>\n<td style=\"width: 50%\" width=\"351\">Dr. Szab\u00f3 G\u00e1bor Ph.D., egyetemi adjunktus<\/td>\n<\/tr>\n<tr>\n<td style=\"width: 50%\" width=\"383\">Kismedencei m\u00e9lyen infiltr\u00e1l\u00f3 endometri\u00f3zis ultrahang \u00e9s MR diagnosztikai ht\u00e9konys\u00e1g\u00e1nak \u00f6sszehasonl\u00edt\u00e1sa<\/td>\n<td style=\"width: 50%\">Dr. Szab\u00f3 G\u00e1bor Ph.D., egytemi adjunktus<\/td>\n<\/tr>\n<tr>\n<td style=\"width: 50%\">A mesters\u00e9ges intelligencia szerepe az endometri\u00f3zis n\u0151gy\u00f3gy\u00e1szati ultrahangdiagnosztik\u00e1j\u00e1ban<\/td>\n<td style=\"width: 50%\">Dr. Szab\u00f3 G\u00e1bor Ph. D., egyetemi adjunktus<\/td>\n<\/tr>\n<tr>\n<td style=\"width: 100%;text-align: center\" colspan=\"2\"><strong>Sz\u00fcl\u00e9szeti \u00e9s N\u0151gy\u00f3gy\u00e1szati Klinika \u00dcll\u0151i \u00fati r\u00e9szleg\u00a0<\/strong><\/td>\n<\/tr>\n<tr>\n<td style=\"width: 50%\">Az eml\u0151r\u00e1k kezel\u00e9se k\u00f6vetkezt\u00e9ben kialakult vulvovaginalis atrophia kezel\u00e9se\u00a0<\/td>\n<td style=\"width: 50%\">Dr. Keszthelyi M\u00e1rton PhD<\/td>\n<\/tr>\n<tr>\n<td style=\"width: 50%\">Az FSHR g\u00e9n Ser680Asn polimorfizmus farmakogenomikai jelent\u0151s\u00e9ge az in vitro fertiliz\u00e1ci\u00f3 sor\u00e1n<\/td>\n<td style=\"width: 50%\">Dr. Sipos Mikl\u00f3s PhD<\/td>\n<\/tr>\n<\/tbody>\n<\/table>\n<table style=\"border-collapse: collapse;width: 100%\">\n<tbody>\n<tr>\n<td style=\"width: 50%\">Sport \u00e9s testmozg\u00e1s szerepe a terhess\u00e9gi toxaemia megel\u0151z\u00e9s\u00e9ben<\/td>\n<td style=\"width: 50%\">Dr. Sobel G\u00e1bor egyetemi docens<\/td>\n<\/tr>\n<tr>\n<td style=\"width: 50%\">Az \u00e9letm\u00f3d \u00e9s a t\u00e1pl\u00e1lkoz\u00e1s szerepe a n\u0151gy\u00f3gy\u00e1szati k\u00f3rk\u00e9pekben &#8211; The role of lifestyle and nutrition in gynaecological pathologies<\/td>\n<td style=\"width: 50%\">Dr. Sobel G\u00e1bor egyetemi docens<\/td>\n<\/tr>\n<tr>\n<td style=\"width: 50%\">PARP inhibitorok az el\u0151rehaladott petef\u00e9szekr\u00e1k kezel\u00e9s\u00e9ben<\/td>\n<td style=\"width: 50%\">Dr. Lintner Bal\u00e1zs \u00e9s Dr. Barad\u00e1cs Istv\u00e1n<\/td>\n<\/tr>\n<\/tbody>\n<\/table>\n<table style=\"border-collapse: collapse;width: 100%\">\n<tbody>\n<tr>\n<td style=\"width: 50%\">C\u00e9lzott kombin\u00e1ci\u00f3s ter\u00e1pia az el\u0151rehaladott petef\u00e9szekr\u00e1k kezel\u00e9s\u00e9ben<\/td>\n<td style=\"width: 50%\">Dr. Lintner Bal\u00e1zs \u00e9s Dr. Barad\u00e1cs Istv\u00e1n<\/td>\n<\/tr>\n<tr>\n<td style=\"width: 50%\">Az anyai \u00e9letkor hat\u00e1sa a nem-kromoszomalis fejl\u0151d\u00e9si rendelleness\u00e9gek el\u0151fordul\u00e1s\u00e1ra Magyarorsz\u00e1gon 1980-2009 k\u00f6z\u00f6tt \u00a0<\/td>\n<td style=\"width: 50%\">Dr. Peth\u0151 Bogl\u00e1rka, sz\u00fcl\u00e9sz-n\u0151gy\u00f3gy\u00e1sz szakorvos, egyetemi tan\u00e1rseg\u00e9d<\/td>\n<\/tr>\n<\/tbody>\n<\/table>\n<table style=\"border-collapse: collapse;width: 100%;height: 66px\">\n<tbody>\n<tr style=\"height: 33px\">\n<td style=\"width: 50%;height: 33px\">A fogamz\u00e1sg\u00e1tl\u00f3k epidemiol\u00f3giai vonatkoz\u00e1sai \u00e9s gyakorlati felhaszn\u00e1l\u00e1suk<\/td>\n<td style=\"width: 50%;height: 33px\">Prof. Dr. V\u00e1rb\u00edr\u00f3 Szabolcs\u00a0MTA doktora<\/td>\n<\/tr>\n<tr style=\"height: 33px\">\n<td style=\"width: 50%;height: 33px\">A statinok lehets\u00e9ges szerepe a preeclampsia medik\u00e1ci\u00f3j\u00e1ban<\/td>\n<td style=\"width: 50%;height: 33px\">Dr. Valent S\u00e1ndor egyetemi docens<\/td>\n<\/tr>\n<\/tbody>\n<\/table>\n<table style=\"border-collapse: collapse;width: 100%;height: 66px\">\n<tbody>\n<tr style=\"height: 33px\">\n<td style=\"width: 50%;height: 33px\">Az els\u0151 trimeszteri NLR laborat\u00f3riumi \u00e9rt\u00e9kek predikci\u00f3s szerep\u00e9nek vizsg\u00e1lata<\/td>\n<td style=\"width: 50%;height: 33px\">Dr. Valent S\u00e1ndor PhD, Med. Habil., egyetemi docens<\/td>\n<\/tr>\n<tr style=\"height: 33px\">\n<td style=\"width: 50%;height: 33px\">D-vitamin szerepe a sz\u00edv-\u00e9rrendszer adapt\u00e1ci\u00f3s mechanizmusaira<\/td>\n<td style=\"width: 50%;height: 33px\">Dr. T\u00f6r\u00f6k Marianna PhD egyetemi tan\u00e1rseg\u00e9d \u00e9s Prof. Dr. V\u00e1rb\u00edr\u00f3 Szabolcs MTA doktora<\/td>\n<\/tr>\n<\/tbody>\n<\/table>\n<table style=\"border-collapse: collapse;width: 100%;height: 66px\">\n<tbody>\n<tr style=\"height: 33px\">\n<td style=\"width: 50%;height: 33px\">Endokrin elt\u00e9r\u00e9sek kezel\u00e9se prekoncepcion\u00e1lis gondoz\u00e1sban \u00e9s terhess\u00e9g sor\u00e1n: Autoimmun pajzsmirigy betegs\u00e9gek<\/td>\n<td style=\"width: 50%;height: 33px\">Dr. T\u00f6r\u00f6k Marianna PhD egyetemi tan\u00e1rseg\u00e9d<\/td>\n<\/tr>\n<tr style=\"height: 33px\">\n<td style=\"width: 50%;height: 33px\">Endokrin elt\u00e9r\u00e9sek kezel\u00e9se prekoncepcion\u00e1lis gondoz\u00e1sban \u00e9s terhess\u00e9g sor\u00e1n: PCOS<\/td>\n<td style=\"width: 50%;height: 33px\">Dr. T\u00f6r\u00f6k Marianna PhD egyetemi tan\u00e1rseg\u00e9d \u00e9s Prof. Dr. V\u00e1rb\u00edr\u00f3 Szabolcs MTA doktora<\/td>\n<\/tr>\n<tr>\n<td style=\"width: 50%\" width=\"365\">A postpartum depresszi\u00f3 ter\u00e1pi\u00e1s lehet\u0151s\u00e9gei\u00a0<\/td>\n<td style=\"width: 50%\" width=\"351\">Dr. Keszthelyi M\u00e1rton PhD, egyetemi adjunktus<\/td>\n<\/tr>\n<tr>\n<td style=\"width: 50%\" width=\"365\">A terhess\u00e9gi h\u00e1nyinger ter\u00e1pi\u00e1s lehet\u0151s\u00e9gei\u00a0<\/td>\n<td style=\"width: 50%\">Dr. Keszthelyi M\u00e1rton PhD, egyetemi adjunktus<\/td>\n<\/tr>\n<tr>\n<td style=\"width: 50%\" width=\"365\">Terhess\u00e9gmegszak\u00edt\u00e1ssal kapcsolatos ismeretek<\/td>\n<td style=\"width: 50%\">Dr. Keszthelyi M\u00e1rton PhD, egyetemi adjunktus<\/td>\n<\/tr>\n<tr>\n<td style=\"width: 50%\">Palliat\u00edv kezel\u00e9sek a n\u0151gy\u00f3gy\u00e1szati onkol\u00f3gi\u00e1ban\u00a0<\/td>\n<td style=\"width: 50%\">Dr. T\u00f3th Rich\u00e1rd szakorvos<\/td>\n<\/tr>\n<tr>\n<td style=\"width: 50%\">HPV tudatoss\u00e1g felm\u00e9r\u00e9se\u00a0<\/td>\n<td style=\"width: 50%\">Dr. Lintner Bal\u00e1zs PhD, egyetemi adjunktus<\/td>\n<\/tr>\n<tr>\n<td style=\"width: 50%\" width=\"365\">Endokrin betegs\u00e9gek hat\u00e1sa a terhess\u00e9gi sz\u00f6v\u0151dm\u00e9nyekre<\/td>\n<td style=\"width: 50%\">Dr. T\u00f6r\u00f6k Marianna PhD, egyetemi tan\u00e1rseg\u00e9d<\/td>\n<\/tr>\n<tr>\n<td style=\"width: 50%\">N\u0151gy\u00f3gy\u00e1szati \u00e9letmin\u0151s\u00e9g jav\u00edt\u00f3 kezel\u00e9sek: hormon\u00e1lis \u00e9s nem hormon\u00e1lis ter\u00e1pi\u00e1s lehet\u0151s\u00e9gek<\/td>\n<td style=\"width: 50%\">Dr. Keszthelyi M\u00e1rton PhD<\/td>\n<\/tr>\n<tr>\n<td style=\"width: 50%\">Tan\u00e1csad\u00e1s intauterin exit ut\u00e1n \/ Counselling after intrauterin death<\/td>\n<td style=\"width: 50%\">Szab\u00f3 Andrea dr.<\/td>\n<\/tr>\n<\/tbody>\n<\/table>\n<p>&nbsp;<\/p>\n","protected":false},"excerpt":{"rendered":"<p>Rektori p\u00e1ly\u00e1zat Sz\u00fcl\u00e9szeti \u00e9s N\u0151gy\u00f3gy\u00e1szati Klinika 2025\/2026 Rektori p\u00e1ly\u00e1zat c\u00edme T\u00e9mavezet\u0151 A kering\u00e9sben tal\u00e1lhat\u00f3 citokinek vizsg\u00e1lata praeeclampsi\u00e1ban Prof. Dr. Molvarec Attila, az MTA doktora A kering\u00e9sben tal\u00e1lhat\u00f3 h\u0151sokkfeh\u00e9rj\u00e9k vizsg\u00e1lata praeeclampsi\u00e1ban Prof. Dr. Molvarec Attila, az MTA doktora A kering\u00e9sben tal\u00e1lhat\u00f3 adipokinek vizsg\u00e1lata praeeclampsi\u00e1ban Prof. Dr. Molvarec Attila, az MTA doktora A szervezeten k\u00edv\u00fcli megterm\u00e9keny\u00edt\u00e9s kezel\u00e9s &hellip;<\/p>\n","protected":false},"author":101596,"featured_media":0,"parent":9092,"menu_order":0,"comment_status":"closed","ping_status":"closed","template":"","meta":{"_acf_changed":false,"footnotes":""},"categories":[],"tags":[99],"class_list":["post-9244","page","type-page","status-publish","hentry","tag-aok-rektori-palyazat"],"acf":[],"publishpress_future_action":{"enabled":false,"date":"1970-01-01 01:00:00","action":"","terms":[],"taxonomy":"","browser_timezone_offset":0},"_links":{"self":[{"href":"https:\/\/semmelweis.hu\/tdk\/wp-json\/wp\/v2\/pages\/9244","targetHints":{"allow":["GET"]}}],"collection":[{"href":"https:\/\/semmelweis.hu\/tdk\/wp-json\/wp\/v2\/pages"}],"about":[{"href":"https:\/\/semmelweis.hu\/tdk\/wp-json\/wp\/v2\/types\/page"}],"author":[{"embeddable":true,"href":"https:\/\/semmelweis.hu\/tdk\/wp-json\/wp\/v2\/users\/101596"}],"replies":[{"embeddable":true,"href":"https:\/\/semmelweis.hu\/tdk\/wp-json\/wp\/v2\/comments?post=9244"}],"version-history":[{"count":11,"href":"https:\/\/semmelweis.hu\/tdk\/wp-json\/wp\/v2\/pages\/9244\/revisions"}],"predecessor-version":[{"id":11648,"href":"https:\/\/semmelweis.hu\/tdk\/wp-json\/wp\/v2\/pages\/9244\/revisions\/11648"}],"up":[{"embeddable":true,"href":"https:\/\/semmelweis.hu\/tdk\/wp-json\/wp\/v2\/pages\/9092"}],"wp:attachment":[{"href":"https:\/\/semmelweis.hu\/tdk\/wp-json\/wp\/v2\/media?parent=9244"}],"wp:term":[{"taxonomy":"category","embeddable":true,"href":"https:\/\/semmelweis.hu\/tdk\/wp-json\/wp\/v2\/categories?post=9244"},{"taxonomy":"post_tag","embeddable":true,"href":"https:\/\/semmelweis.hu\/tdk\/wp-json\/wp\/v2\/tags?post=9244"}],"curies":[{"name":"wp","href":"https:\/\/api.w.org\/{rel}","templated":true}]}}